000
CDUS43 KICT 050741
CLISLN


CLIMATE REPORT
NATIONAL WEATHER SERVICE WICHITA KS
240 AM CDT SAT NOV 5 2016


...................................

...THE SALINA KS CLIMATE SUMMARY FOR NOVEMBER 4 2016...

CLIMATE NORMAL PERIOD 1981 TO 2010
CLIMATE RECORD PERIOD 1894 TO 2016


WEATHER ITEM   OBSERVED TIME   RECORD YEAR NORMAL DEPARTURE LAST
                VALUE   (LST)  VALUE       VALUE  FROM      YEAR
                                                  NORMAL
..................................................................
TEMPERATURE (F)
 YESTERDAY
  MAXIMUM         75    244 PM  81    1978  61     14       73
  MINIMUM         44    612 AM  10    1991  39      5       60
  AVERAGE         60                        50     10       67

PRECIPITATION (IN)
  YESTERDAY        0.00          0.28 1956   0.05  -0.05     0.00
  MONTH TO DATE    T                         0.20  -0.20     0.00
  SINCE SEP 1      3.48                      5.17  -1.69     2.32
  SINCE JAN 1     25.92                     29.51  -3.59    26.17

DEGREE DAYS
 HEATING
  YESTERDAY        5                        15    -10        0
  MONTH TO DATE   10                        58    -48        7
  SINCE SEP 1    141                       375   -234      165
  SINCE JUL 1    141                       376   -235      165

 COOLING
  YESTERDAY        0                         0      0        2
  MONTH TO DATE    4                         0      4        4
  SINCE SEP 1    339                       239    100      415
  SINCE JAN 1   2009                      1646    363     1869
..................................................................


WIND (MPH)
  HIGHEST WIND SPEED    10   HIGHEST WIND DIRECTION     S (160)
  HIGHEST GUST SPEED    13   HIGHEST GUST DIRECTION    SE (150)
  AVERAGE WIND SPEED     3.4


SKY COVER
  POSSIBLE SUNSHINE  MM
  AVERAGE SKY COVER 0.0


WEATHER CONDITIONS
 THE FOLLOWING WEATHER WAS RECORDED YESTERDAY.
  NO SIGNIFICANT WEATHER WAS OBSERVED.


RELATIVE HUMIDITY (PERCENT)
 HIGHEST    86           500 AM
 LOWEST     33           100 PM
 AVERAGE    60

..........................................................


THE SALINA KS CLIMATE NORMALS FOR TODAY
                         NORMAL    RECORD    YEAR
 MAXIMUM TEMPERATURE (F)   61        84      1924
 MINIMUM TEMPERATURE (F)   38        15      1982


SUNRISE AND SUNSET
NOVEMBER  5 2016......SUNRISE   803 AM CDT   SUNSET   625 PM CDT
NOVEMBER  6 2016......SUNRISE   704 AM CST   SUNSET   524 PM CST


-  INDICATES NEGATIVE NUMBERS.
R  INDICATES RECORD WAS SET OR TIED.
MM INDICATES DATA IS MISSING.
T  INDICATES TRACE AMOUNT.




$$
