000
CDUS43 KICT 020642
CLISLN


CLIMATE REPORT
NATIONAL WEATHER SERVICE WICHITA KS
141 AM CDT WED NOV 2 2016


...................................

...THE SALINA KS CLIMATE SUMMARY FOR NOVEMBER 1 2016...

CLIMATE NORMAL PERIOD 1981 TO 2010
CLIMATE RECORD PERIOD 1894 TO 2016


WEATHER ITEM   OBSERVED TIME   RECORD YEAR NORMAL DEPARTURE LAST
                VALUE   (LST)  VALUE       VALUE  FROM      YEAR
                                                  NORMAL
..................................................................
TEMPERATURE (F)
 YESTERDAY
  MAXIMUM         80    307 PM  84    1988  63     17       81
  MINIMUM         57    628 AM  18    1991  40     17       41
  AVERAGE         69                        51     18       61

PRECIPITATION (IN)
  YESTERDAY        0.00          1.51 1981   0.05  -0.05     0.00
  MONTH TO DATE    0.00                      0.05  -0.05     0.00
  SINCE SEP 1      3.48                      5.02  -1.54     2.32
  SINCE JAN 1     25.92                     29.36  -3.44    26.17

DEGREE DAYS
 HEATING
  YESTERDAY        0                        14    -14        4
  MONTH TO DATE    0                        14    -14        4
  SINCE SEP 1    131                       331   -200      162
  SINCE JUL 1    131                       332   -201      162

 COOLING
  YESTERDAY        4                         0      4        0
  MONTH TO DATE    4                         0      4        0
  SINCE SEP 1    339                       239    100      411
  SINCE JAN 1   2009                      1646    363     1865
..................................................................


WIND (MPH)
  HIGHEST WIND SPEED    13   HIGHEST WIND DIRECTION    SE (150)
  HIGHEST GUST SPEED    15   HIGHEST GUST DIRECTION    SE (130)
  AVERAGE WIND SPEED     5.2


SKY COVER
  POSSIBLE SUNSHINE  MM
  AVERAGE SKY COVER 0.0


WEATHER CONDITIONS
 THE FOLLOWING WEATHER WAS RECORDED YESTERDAY.
  NO SIGNIFICANT WEATHER WAS OBSERVED.


RELATIVE HUMIDITY (PERCENT)
 HIGHEST    87           600 AM
 LOWEST     45           200 PM
 AVERAGE    66

..........................................................


THE SALINA KS CLIMATE NORMALS FOR TODAY
                         NORMAL    RECORD    YEAR
 MAXIMUM TEMPERATURE (F)   62        82      1914
 MINIMUM TEMPERATURE (F)   40        11      1991


SUNRISE AND SUNSET
NOVEMBER  2 2016......SUNRISE   759 AM CDT   SUNSET   629 PM CDT
NOVEMBER  3 2016......SUNRISE   800 AM CDT   SUNSET   627 PM CDT


-  INDICATES NEGATIVE NUMBERS.
R  INDICATES RECORD WAS SET OR TIED.
MM INDICATES DATA IS MISSING.
T  INDICATES TRACE AMOUNT.




$$
