000
CDUS43 KICT 070633
CLISLN


CLIMATE REPORT
NATIONAL WEATHER SERVICE WICHITA KS
132 AM CDT TUE OCT 7 2014


...................................

...THE SALINA KS CLIMATE SUMMARY FOR OCTOBER 6 2014...

CLIMATE NORMAL PERIOD 1981 TO 2010
CLIMATE RECORD PERIOD 1894 TO 2014


WEATHER ITEM   OBSERVED TIME   RECORD YEAR NORMAL DEPARTURE LAST
                VALUE   (LST)  VALUE       VALUE  FROM      YEAR
                                                  NORMAL
..................................................................
TEMPERATURE (F)
 YESTERDAY
  MAXIMUM         80    334 PM  94    1963  73      7       70
  MINIMUM         52    552 AM  26    1952  50      2       44
  AVERAGE         66                        61      5       57

PRECIPITATION (IN)
  YESTERDAY        T             1.38 1967   0.08  -0.08     0.00
  MONTH TO DATE    0.08                      0.52  -0.44     0.03
  SINCE SEP 1      4.22                      3.22   0.00     1.66
  SINCE JAN 1     25.50                     27.56  -2.06    27.90

DEGREE DAYS
 HEATING
  YESTERDAY        0                         6     -6        8
  MONTH TO DATE   35                        32      3       18
  SINCE SEP 1     75                        83     -8       27
  SINCE JUL 1     75                        84     -9       30

 COOLING
  YESTERDAY        1                         2     -1        0
  MONTH TO DATE    9                        14     -5       35
  SINCE SEP 1    209                       219    -10      336
  SINCE JAN 1   1767                      1626    141     1730
..................................................................


WIND (MPH)
  HIGHEST WIND SPEED    17   HIGHEST WIND DIRECTION     W (290)
  HIGHEST GUST SPEED    23   HIGHEST GUST DIRECTION     W (270)
  AVERAGE WIND SPEED     6.2


SKY COVER
  POSSIBLE SUNSHINE  MM
  AVERAGE SKY COVER 0.1


WEATHER CONDITIONS
 THE FOLLOWING WEATHER WAS RECORDED YESTERDAY.
  HAZE


RELATIVE HUMIDITY (PERCENT)
 HIGHEST    77          1200 AM
 LOWEST     30           200 PM
 AVERAGE    54

..........................................................


THE SALINA KS CLIMATE NORMALS FOR TODAY
                         NORMAL    RECORD    YEAR
 MAXIMUM TEMPERATURE (F)   72        94      1949
 MINIMUM TEMPERATURE (F)   49        21      1952


SUNRISE AND SUNSET
OCTOBER  7 2014.......SUNRISE   732 AM CDT   SUNSET   704 PM CDT
OCTOBER  8 2014.......SUNRISE   733 AM CDT   SUNSET   702 PM CDT


-  INDICATES NEGATIVE NUMBERS.
R  INDICATES RECORD WAS SET OR TIED.
MM INDICATES DATA IS MISSING.
T  INDICATES TRACE AMOUNT.




$$
