000
CDUS43 KICT 090637
CLISLN


CLIMATE REPORT
NATIONAL WEATHER SERVICE WICHITA KS
137 AM CDT FRI JUN 9 2017


...................................

...THE SALINA KS CLIMATE SUMMARY FOR JUNE 8 2017...

CLIMATE NORMAL PERIOD 1981 TO 2010
CLIMATE RECORD PERIOD 1894 TO 2017


WEATHER ITEM   OBSERVED TIME   RECORD YEAR NORMAL DEPARTURE LAST
                VALUE   (LST)  VALUE       VALUE  FROM      YEAR
                                                  NORMAL
..................................................................
TEMPERATURE (F)
 YESTERDAY
  MAXIMUM         88    145 PM 100    1981  85      3       96
  MINIMUM         58    527 AM  50    2007  62     -4       66
                                      1983
                                      1978
  AVERAGE         73                        73      0       81

PRECIPITATION (IN)
  YESTERDAY        0.00          1.68 1958   0.14  -0.14     0.00
  MONTH TO DATE    0.75                      1.17  -0.42      T
  SINCE JUN 1      0.75                      1.17  -0.42      T
  SINCE JAN 1     13.99                     13.16   0.83    11.82

DEGREE DAYS
 HEATING
  YESTERDAY        0                         0      0        0
  MONTH TO DATE    0                         5     -5        0
  SINCE JUN 1      0                         5     -5        0
  SINCE JUL 1   3453                      4869  -1416     3718

 COOLING
  YESTERDAY        8                         9     -1       16
  MONTH TO DATE   92                        61     31       68
  SINCE JUN 1     92                        61     31       68
  SINCE JAN 1    252                       189     63      193
..................................................................


WIND (MPH)
  HIGHEST WIND SPEED    17   HIGHEST WIND DIRECTION    SW (220)
  HIGHEST GUST SPEED    23   HIGHEST GUST DIRECTION    SW (220)
  AVERAGE WIND SPEED     7.3


SKY COVER
  POSSIBLE SUNSHINE  MM
  AVERAGE SKY COVER 0.1


WEATHER CONDITIONS
 THE FOLLOWING WEATHER WAS RECORDED YESTERDAY.
  HAZE


RELATIVE HUMIDITY (PERCENT)
 HIGHEST    80           600 AM
 LOWEST     29           400 PM
 AVERAGE    55

..........................................................


THE SALINA KS CLIMATE NORMALS FOR TODAY
                         NORMAL    RECORD    YEAR
 MAXIMUM TEMPERATURE (F)   85       102      1981
 MINIMUM TEMPERATURE (F)   62        48      1955


SUNRISE AND SUNSET
JUNE  9 2017..........SUNRISE   605 AM CDT   SUNSET   855 PM CDT
JUNE 10 2017..........SUNRISE   605 AM CDT   SUNSET   855 PM CDT


-  INDICATES NEGATIVE NUMBERS.
R  INDICATES RECORD WAS SET OR TIED.
MM INDICATES DATA IS MISSING.
T  INDICATES TRACE AMOUNT.




$$
