000
CDUS43 KICT 090631
CLISLN


CLIMATE REPORT
NATIONAL WEATHER SERVICE WICHITA KS
1230 AM CST THU NOV 9 2017


...................................

...THE SALINA KS CLIMATE SUMMARY FOR NOVEMBER 8 2017...

CLIMATE NORMAL PERIOD 1981 TO 2010
CLIMATE RECORD PERIOD 1894 TO 2017


WEATHER ITEM   OBSERVED TIME   RECORD YEAR NORMAL DEPARTURE LAST
                VALUE   (LST)  VALUE       VALUE  FROM      YEAR
                                                  NORMAL
..................................................................
TEMPERATURE (F)
 YESTERDAY
  MAXIMUM         54    350 PM  89    2006  59     -5       64
  MINIMUM         23    719 AM  13    1991  37    -14       42
  AVERAGE         39                        48     -9       53

PRECIPITATION (IN)
  YESTERDAY        0.00          1.28 1977   0.05  -0.05     0.00
  MONTH TO DATE    0.01                      0.40  -0.39     0.46
  SINCE SEP 1      7.62                      5.37   2.25     3.94
  SINCE JAN 1     25.33                     29.71  -4.38    26.38

DEGREE DAYS
 HEATING
  YESTERDAY       26                        17      9       12
  MONTH TO DATE  168                       124     44       34
  SINCE SEP 1    402                       441    -39      165
  SINCE JUL 1    402                       442    -40      165

 COOLING
  YESTERDAY        0                         0      0        0
  MONTH TO DATE    0                         0      0        4
  SINCE SEP 1    382                       239    143      339
  SINCE JAN 1   1963                      1646    317     2009
..................................................................


WIND (MPH)
  HIGHEST WIND SPEED    13   HIGHEST WIND DIRECTION    SW (210)
  HIGHEST GUST SPEED    15   HIGHEST GUST DIRECTION     S (160)
  AVERAGE WIND SPEED     5.4


SKY COVER
  POSSIBLE SUNSHINE  MM
  AVERAGE SKY COVER 0.0


WEATHER CONDITIONS
 THE FOLLOWING WEATHER WAS RECORDED YESTERDAY.
  NO SIGNIFICANT WEATHER WAS OBSERVED.


RELATIVE HUMIDITY (PERCENT)
 HIGHEST    81           400 AM
 LOWEST     29           400 PM
 AVERAGE    55

..........................................................


THE SALINA KS CLIMATE NORMALS FOR TODAY
                         NORMAL    RECORD    YEAR
 MAXIMUM TEMPERATURE (F)   59        80      2012
                                             1999
 MINIMUM TEMPERATURE (F)   36        17      1960


SUNRISE AND SUNSET
NOVEMBER  9 2017......SUNRISE   707 AM CST   SUNSET   522 PM CST
NOVEMBER 10 2017......SUNRISE   708 AM CST   SUNSET   521 PM CST


-  INDICATES NEGATIVE NUMBERS.
R  INDICATES RECORD WAS SET OR TIED.
MM INDICATES DATA IS MISSING.
T  INDICATES TRACE AMOUNT.




$$
