000
CDUS43 KICT 090633
CLISLN


CLIMATE REPORT
NATIONAL WEATHER SERVICE WICHITA KS
1233 AM CST FRI JAN 9 2015


...................................

...THE SALINA KS CLIMATE SUMMARY FOR JANUARY 8 2015...

CLIMATE NORMAL PERIOD 1981 TO 2010
CLIMATE RECORD PERIOD 1894 TO 2015


WEATHER ITEM   OBSERVED TIME   RECORD YEAR NORMAL DEPARTURE LAST
                VALUE   (LST)  VALUE       VALUE  FROM      YEAR
                                                  NORMAL
..................................................................
TEMPERATURE (F)
 YESTERDAY
  MAXIMUM         37    654 PM  75    2003  41     -4       31
  MINIMUM         -3   1213 AM -28    1913  20    -23       19
  AVERAGE         17                        31    -14       25

PRECIPITATION (IN)
  YESTERDAY        0.00          0.22 2008   0.01  -0.01     0.00
  MONTH TO DATE    T                         0.12  -0.12     0.35
  SINCE DEC 1      1.90                      1.06   0.84     1.57
  SINCE JAN 1      T                         0.12  -0.12     0.35

DEGREE DAYS
 HEATING
  YESTERDAY       48                        34     14       40
  MONTH TO DATE  372                       272    100      366
  SINCE DEC 1   1265                      1284    -19     1518
  SINCE JUL 1   2262                      2236     26     2506

 COOLING
  YESTERDAY        0                         0      0        0
  MONTH TO DATE    0                         0      0        0
  SINCE DEC 1      0                         0      0        0
  SINCE JAN 1      0                         0      0        0
..................................................................


WIND (MPH)
  HIGHEST WIND SPEED    33   HIGHEST WIND DIRECTION     N (360)
  HIGHEST GUST SPEED    39   HIGHEST GUST DIRECTION     N (360)
  AVERAGE WIND SPEED    16.8


SKY COVER
  POSSIBLE SUNSHINE  MM
  AVERAGE SKY COVER 0.2


WEATHER CONDITIONS
 THE FOLLOWING WEATHER WAS RECORDED YESTERDAY.
  NO SIGNIFICANT WEATHER WAS OBSERVED.


RELATIVE HUMIDITY (PERCENT)
 HIGHEST    75           100 AM
 LOWEST     54           200 PM
 AVERAGE    65

..........................................................


THE SALINA KS CLIMATE NORMALS FOR TODAY
                         NORMAL    RECORD    YEAR
 MAXIMUM TEMPERATURE (F)   41        66      1920
 MINIMUM TEMPERATURE (F)   20       -10      1973


SUNRISE AND SUNSET
JANUARY  9 2015.......SUNRISE   749 AM CST   SUNSET   527 PM CST
JANUARY 10 2015.......SUNRISE   749 AM CST   SUNSET   528 PM CST


-  INDICATES NEGATIVE NUMBERS.
R  INDICATES RECORD WAS SET OR TIED.
MM INDICATES DATA IS MISSING.
T  INDICATES TRACE AMOUNT.




$$
