645
CDUS43 KICT 040652
CLISLN


CLIMATE REPORT
NATIONAL WEATHER SERVICE WICHITA KS
1251 AM CST SAT FEB 4 2017


...................................

...THE SALINA KS CLIMATE SUMMARY FOR FEBRUARY 3 2017...

CLIMATE NORMAL PERIOD 1981 TO 2010
CLIMATE RECORD PERIOD 1894 TO 2017


WEATHER ITEM   OBSERVED TIME   RECORD YEAR NORMAL DEPARTURE LAST
                VALUE   (LST)  VALUE       VALUE  FROM      YEAR
                                                  NORMAL
..................................................................
TEMPERATURE (F)
 YESTERDAY
  MAXIMUM         35    419 PM  74    1962  43     -8       38
  MINIMUM         24   1021 PM -11    1905  22      2       20
  AVERAGE         30                        32     -2       29

PRECIPITATION (IN)
  YESTERDAY        0.00          1.51 2012   0.04  -0.04      T
  MONTH TO DATE    0.00                      0.11  -0.11     0.48
  SINCE DEC 1      2.87                      1.68   1.19     4.86
  SINCE JAN 1      2.02                      0.74   1.28     1.20

DEGREE DAYS
 HEATING
  YESTERDAY       35                        32      3       36
  MONTH TO DATE  106                        98      8       84
  SINCE DEC 1   1669                      2162   -493     1791
  SINCE JUL 1   2212                      3114   -902     2423

 COOLING
  YESTERDAY        0                         0      0        0
  MONTH TO DATE    0                         0      0        0
  SINCE DEC 1      0                         0      0        0
  SINCE JAN 1      0                         0      0        0
..................................................................


WIND (MPH)
  HIGHEST WIND SPEED    14   HIGHEST WIND DIRECTION    NE (30)
  HIGHEST GUST SPEED    16   HIGHEST GUST DIRECTION    NE (40)
  AVERAGE WIND SPEED     6.4


SKY COVER
  POSSIBLE SUNSHINE  MM
  AVERAGE SKY COVER 0.5


WEATHER CONDITIONS
 THE FOLLOWING WEATHER WAS RECORDED YESTERDAY.
  NO SIGNIFICANT WEATHER WAS OBSERVED.


RELATIVE HUMIDITY (PERCENT)
 HIGHEST    63           900 AM
 LOWEST     44           400 PM
 AVERAGE    54

..........................................................


THE SALINA KS CLIMATE NORMALS FOR TODAY
                         NORMAL    RECORD    YEAR
 MAXIMUM TEMPERATURE (F)   44        75      1953
 MINIMUM TEMPERATURE (F)   22       -11      1899


SUNRISE AND SUNSET
FEBRUARY  4 2017......SUNRISE   733 AM CST   SUNSET   556 PM CST
FEBRUARY  5 2017......SUNRISE   732 AM CST   SUNSET   557 PM CST


-  INDICATES NEGATIVE NUMBERS.
R  INDICATES RECORD WAS SET OR TIED.
MM INDICATES DATA IS MISSING.
T  INDICATES TRACE AMOUNT.




$$
