188
CDUS43 KICT 030630
CLISLN


CLIMATE REPORT
NATIONAL WEATHER SERVICE WICHITA KS
1230 AM CST WED JAN 3 2018


...................................

...THE SALINA KS CLIMATE SUMMARY FOR JANUARY 2 2018...

CLIMATE NORMAL PERIOD 1981 TO 2010
CLIMATE RECORD PERIOD 1894 TO 2018


WEATHER ITEM   OBSERVED TIME   RECORD YEAR NORMAL DEPARTURE LAST
                VALUE   (LST)  VALUE       VALUE  FROM      YEAR
                                                  NORMAL
..................................................................
TEMPERATURE (F)
 YESTERDAY
  MAXIMUM         29    434 PM  72    1939  41    -12       64
  MINIMUM          1    742 AM -20    1919  21    -20       38
  AVERAGE         15                        31    -16       51

PRECIPITATION (IN)
  YESTERDAY        0.00          0.55 1947   0.01  -0.01     0.00
  MONTH TO DATE    0.00                      0.03  -0.03     0.00
  SINCE DEC 1      0.05                      0.97  -0.92     0.85
  SINCE JAN 1      0.00                      0.03  -0.03     0.00

DEGREE DAYS
 HEATING
  YESTERDAY       50                        34     16       14
  MONTH TO DATE  110                        68     42       42
  SINCE DEC 1   1043                      1080    -37     1068
  SINCE JUL 1   1799                      2032   -233     1611

 COOLING
  YESTERDAY        0                         0      0        0
  MONTH TO DATE    0                         0      0        0
  SINCE DEC 1      0                         0      0        0
  SINCE JAN 1      0                         0      0        0
..................................................................


WIND (MPH)
  HIGHEST WIND SPEED    16   HIGHEST WIND DIRECTION    SW (230)
  HIGHEST GUST SPEED    20   HIGHEST GUST DIRECTION    SW (230)
  AVERAGE WIND SPEED     7.2


SKY COVER
  POSSIBLE SUNSHINE  MM
  AVERAGE SKY COVER 0.1


WEATHER CONDITIONS
 THE FOLLOWING WEATHER WAS RECORDED YESTERDAY.
  NO SIGNIFICANT WEATHER WAS OBSERVED.


RELATIVE HUMIDITY (PERCENT)
 HIGHEST    76           900 AM
 LOWEST     29           400 PM
 AVERAGE    53

..........................................................


THE SALINA KS CLIMATE NORMALS FOR TODAY
                         NORMAL    RECORD    YEAR
 MAXIMUM TEMPERATURE (F)   41        67      2006
 MINIMUM TEMPERATURE (F)   21       -25      1919


SUNRISE AND SUNSET
JANUARY  3 2018.......SUNRISE   749 AM CST   SUNSET   521 PM CST
JANUARY  4 2018.......SUNRISE   749 AM CST   SUNSET   522 PM CST


-  INDICATES NEGATIVE NUMBERS.
R  INDICATES RECORD WAS SET OR TIED.
MM INDICATES DATA IS MISSING.
T  INDICATES TRACE AMOUNT.




$$
