000
CDUS43 KICT 180622
CLISLN


CLIMATE REPORT
NATIONAL WEATHER SERVICE WICHITA KS
1222 AM CST TUE NOV 18 2014


...................................

...THE SALINA KS CLIMATE SUMMARY FOR NOVEMBER 17 2014...

CLIMATE NORMAL PERIOD 1981 TO 2010
CLIMATE RECORD PERIOD 1894 TO 2014


WEATHER ITEM   OBSERVED TIME   RECORD YEAR NORMAL DEPARTURE LAST
                VALUE   (LST)  VALUE       VALUE  FROM      YEAR
                                                  NORMAL
..................................................................
TEMPERATURE (F)
 YESTERDAY
  MAXIMUM         30    331 PM  80    1999  54    -24       64
  MINIMUM         10   1125 PM   3    1959  32    -22       33
  AVERAGE         20                        43    -23       49

PRECIPITATION (IN)
  YESTERDAY        0.00          0.90 1957   0.04  -0.04     0.00
  MONTH TO DATE    T                         0.78  -0.78     0.35
  SINCE SEP 1      5.70                      5.75  -0.05     3.17
  SINCE JAN 1     26.98                     30.09  -3.11    29.41

DEGREE DAYS
 HEATING
  YESTERDAY       45                        22     23       16
  MONTH TO DATE  424                       302    122      296
  SINCE SEP 1    658                       619     39      598
  SINCE JUL 1    658                       620     38      601

 COOLING
  YESTERDAY        0                         0      0        0
  MONTH TO DATE    0                         0      0        0
  SINCE SEP 1    243                       239      4      356
  SINCE JAN 1   1801                      1646    155     1750
..................................................................


WIND (MPH)
  HIGHEST WIND SPEED    28   HIGHEST WIND DIRECTION     N (340)
  HIGHEST GUST SPEED    40   HIGHEST GUST DIRECTION    NW (300)
  AVERAGE WIND SPEED    12.5


SKY COVER
  POSSIBLE SUNSHINE  MM
  AVERAGE SKY COVER 0.2


WEATHER CONDITIONS
 THE FOLLOWING WEATHER WAS RECORDED YESTERDAY.
  NO SIGNIFICANT WEATHER WAS OBSERVED.


RELATIVE HUMIDITY (PERCENT)
 HIGHEST    73           500 AM
 LOWEST     35           100 PM
 AVERAGE    54

..........................................................


THE SALINA KS CLIMATE NORMALS FOR TODAY
                         NORMAL    RECORD    YEAR
 MAXIMUM TEMPERATURE (F)   54        80      1908
 MINIMUM TEMPERATURE (F)   32        10      1903


SUNRISE AND SUNSET
NOVEMBER 18 2014......SUNRISE   716 AM CST   SUNSET   515 PM CST
NOVEMBER 19 2014......SUNRISE   717 AM CST   SUNSET   514 PM CST


-  INDICATES NEGATIVE NUMBERS.
R  INDICATES RECORD WAS SET OR TIED.
MM INDICATES DATA IS MISSING.
T  INDICATES TRACE AMOUNT.




$$
