000
CDUS43 KICT 240624
CLISLN

CLIMATE REPORT
NATIONAL WEATHER SERVICE WICHITA KS
124 AM CDT SAT JUN 24 2017


...................................

...THE SALINA KS CLIMATE SUMMARY FOR JUNE 23 2017...

CLIMATE NORMAL PERIOD 1981 TO 2010
CLIMATE RECORD PERIOD 1894 TO 2017


WEATHER ITEM   OBSERVED TIME   RECORD YEAR NORMAL DEPARTURE LAST
                VALUE   (LST)  VALUE       VALUE  FROM      YEAR
                                                  NORMAL
..................................................................
TEMPERATURE (F)
 YESTERDAY
  MAXIMUM         84    459 PM 102    1998  90     -6       91
                                      1988
  MINIMUM         66   1157 PM  49    1958  66      0       71
  AVERAGE         75                        78     -3       81

PRECIPITATION (IN)
  YESTERDAY        0.01          3.57 1993   0.14  -0.13     0.00
  MONTH TO DATE    0.90                      3.21  -2.31     0.12
  SINCE JUN 1      0.90                      3.21  -2.31     0.12
  SINCE JAN 1     14.14                     15.20  -1.06    11.94

DEGREE DAYS
 HEATING
  YESTERDAY        0                         0      0        0
  MONTH TO DATE    0                         5     -5        0
  SINCE JUN 1      0                         5     -5        0
  SINCE JUL 1   3453                      4869  -1416     3718

 COOLING
  YESTERDAY       10                        13     -3       16
  MONTH TO DATE  355                       227    128      373
  SINCE JUN 1    355                       227    128      373
  SINCE JAN 1    515                       355    160      498
..................................................................


WIND (MPH)
  HIGHEST WIND SPEED    35   HIGHEST WIND DIRECTION    NW (310)
  HIGHEST GUST SPEED    40   HIGHEST GUST DIRECTION     N (10)
  AVERAGE WIND SPEED    14.6


SKY COVER
  POSSIBLE SUNSHINE  MM
  AVERAGE SKY COVER 0.2


WEATHER CONDITIONS
 THE FOLLOWING WEATHER WAS RECORDED YESTERDAY.
  LIGHT RAIN


RELATIVE HUMIDITY (PERCENT)
 HIGHEST    69           300 AM
 LOWEST     26           400 PM
 AVERAGE    48

..........................................................


THE SALINA KS CLIMATE NORMALS FOR TODAY
                         NORMAL    RECORD    YEAR
 MAXIMUM TEMPERATURE (F)   90       106      1973
 MINIMUM TEMPERATURE (F)   67        54      1957


SUNRISE AND SUNSET
JUNE 24 2017..........SUNRISE   607 AM CDT   SUNSET   900 PM CDT
JUNE 25 2017..........SUNRISE   607 AM CDT   SUNSET   900 PM CDT


-  INDICATES NEGATIVE NUMBERS.
R  INDICATES RECORD WAS SET OR TIED.
MM INDICATES DATA IS MISSING.
T  INDICATES TRACE AMOUNT.




$$
