000
CDUS43 KICT 220635
CLISLN


CLIMATE REPORT
NATIONAL WEATHER SERVICE WICHITA KS
135 AM CDT SAT APR 22 2017


...................................

...THE SALINA KS CLIMATE SUMMARY FOR APRIL 21 2017...

CLIMATE NORMAL PERIOD 1981 TO 2010
CLIMATE RECORD PERIOD 1894 TO 2017


WEATHER ITEM   OBSERVED TIME   RECORD YEAR NORMAL DEPARTURE LAST
                VALUE   (LST)  VALUE       VALUE  FROM      YEAR
                                                  NORMAL
..................................................................
TEMPERATURE (F)
 YESTERDAY
  MAXIMUM         60   1214 AM  94    1989  69     -9       74
  MINIMUM         48   1159 PM  21    1966  45      3       49
  AVERAGE         54                        57     -3       62

PRECIPITATION (IN)
  YESTERDAY        0.21          1.01 1973   0.10   0.11     0.00
  MONTH TO DATE    2.39                      2.03   0.36     2.23
  SINCE MAR 1      6.01                      4.42   1.59     2.93
  SINCE JAN 1      8.11                      6.22   1.89     4.17

DEGREE DAYS
 HEATING
  YESTERDAY       11                         9      2        3
  MONTH TO DATE  136                       250   -114      161
  SINCE MAR 1    596                       859   -263      579
  SINCE JUL 1   3264                      4700  -1436     3565

 COOLING
  YESTERDAY        0                         1     -1        0
  MONTH TO DATE   40                        13     27       11
  SINCE MAR 1     51                        15     36       17
  SINCE JAN 1     51                        15     36       17
..................................................................


WIND (MPH)
  HIGHEST WIND SPEED    21   HIGHEST WIND DIRECTION    NE (50)
  HIGHEST GUST SPEED    29   HIGHEST GUST DIRECTION     E (70)
  AVERAGE WIND SPEED    11.3


SKY COVER
  POSSIBLE SUNSHINE  MM
  AVERAGE SKY COVER 0.8


WEATHER CONDITIONS
 THE FOLLOWING WEATHER WAS RECORDED YESTERDAY.
  LIGHT RAIN


RELATIVE HUMIDITY (PERCENT)
 HIGHEST    80           700 PM
 LOWEST     55          1200 AM
 AVERAGE    68

..........................................................


THE SALINA KS CLIMATE NORMALS FOR TODAY
                         NORMAL    RECORD    YEAR
 MAXIMUM TEMPERATURE (F)   69        95      1989
 MINIMUM TEMPERATURE (F)   45        28      1959


SUNRISE AND SUNSET
APRIL 22 2017.........SUNRISE   644 AM CDT   SUNSET   815 PM CDT
APRIL 23 2017.........SUNRISE   643 AM CDT   SUNSET   816 PM CDT


-  INDICATES NEGATIVE NUMBERS.
R  INDICATES RECORD WAS SET OR TIED.
MM INDICATES DATA IS MISSING.
T  INDICATES TRACE AMOUNT.




$$
