000
CDUS43 KICT 180640
CLISLN


CLIMATE REPORT
NATIONAL WEATHER SERVICE WICHITA KS
1240 AM CST SAT FEB 18 2017


...................................

...THE SALINA KS CLIMATE SUMMARY FOR FEBRUARY 17 2017...

CLIMATE NORMAL PERIOD 1981 TO 2010
CLIMATE RECORD PERIOD 1894 TO 2017


WEATHER ITEM   OBSERVED TIME   RECORD YEAR NORMAL DEPARTURE LAST
                VALUE   (LST)  VALUE       VALUE  FROM      YEAR
                                                  NORMAL
..................................................................
TEMPERATURE (F)
 YESTERDAY
  MAXIMUM         76R   256 PM  76    1913  47     29       68
  MINIMUM         39    753 AM -17    1903  25     14       31
  AVERAGE         58                        36     22       50

PRECIPITATION (IN)
  YESTERDAY        0.00          1.59 1911   0.04  -0.04     0.00
  MONTH TO DATE    0.02                      0.65  -0.63     0.52
  SINCE DEC 1      2.89                      2.22   0.67     4.90
  SINCE JAN 1      2.04                      1.28   0.76     1.24

DEGREE DAYS
 HEATING
  YESTERDAY        7                        29    -22       15
  MONTH TO DATE  396                       528   -132      447
  SINCE DEC 1   1959                      2592   -633     2154
  SINCE JUL 1   2502                      3544  -1042     2786

 COOLING
  YESTERDAY        0                         0      0        0
  MONTH TO DATE    0                         0      0        0
  SINCE DEC 1      0                         0      0        0
  SINCE JAN 1      0                         0      0        0
..................................................................


WIND (MPH)
  HIGHEST WIND SPEED    21   HIGHEST WIND DIRECTION     S (200)
  HIGHEST GUST SPEED    25   HIGHEST GUST DIRECTION     S (200)
  AVERAGE WIND SPEED    12.1


SKY COVER
  POSSIBLE SUNSHINE  MM
  AVERAGE SKY COVER 0.0


WEATHER CONDITIONS
 THE FOLLOWING WEATHER WAS RECORDED YESTERDAY.
  NO SIGNIFICANT WEATHER WAS OBSERVED.


RELATIVE HUMIDITY (PERCENT)
 HIGHEST    79           800 AM
 LOWEST     21           300 PM
 AVERAGE    50

..........................................................


THE SALINA KS CLIMATE NORMALS FOR TODAY
                         NORMAL    RECORD    YEAR
 MAXIMUM TEMPERATURE (F)   47        79      2016
                                             1930
 MINIMUM TEMPERATURE (F)   25       -10      1979


SUNRISE AND SUNSET
FEBRUARY 18 2017......SUNRISE   718 AM CST   SUNSET   612 PM CST
FEBRUARY 19 2017......SUNRISE   716 AM CST   SUNSET   613 PM CST


-  INDICATES NEGATIVE NUMBERS.
R  INDICATES RECORD WAS SET OR TIED.
MM INDICATES DATA IS MISSING.
T  INDICATES TRACE AMOUNT.




$$
