000
CDUS43 KICT 160636
CLISLN


CLIMATE REPORT
NATIONAL WEATHER SERVICE WICHITA KS
1236 AM CST MON JAN 16 2017


...................................

...THE SALINA KS CLIMATE SUMMARY FOR JANUARY 15 2017...

CLIMATE NORMAL PERIOD 1981 TO 2010
CLIMATE RECORD PERIOD 1894 TO 2017


WEATHER ITEM   OBSERVED TIME   RECORD YEAR NORMAL DEPARTURE LAST
                VALUE   (LST)  VALUE       VALUE  FROM      YEAR
                                                  NORMAL
..................................................................
TEMPERATURE (F)
 YESTERDAY
  MAXIMUM         MM        MM  66    1921  41     MM       40
  MINIMUM         MM        MM -15    1905  20     MM       26
  AVERAGE         MM                        31     MM       33

PRECIPITATION (IN)
  YESTERDAY        0.00          0.33 1984   0.02  -0.02     0.00
  MONTH TO DATE    T                         0.24  -0.24     0.42
  SINCE DEC 1      0.85                      1.18  -0.33     4.08
  SINCE JAN 1      T                         0.24  -0.24     0.42

DEGREE DAYS
 HEATING
  YESTERDAY       MM                        34     MM       32
  MONTH TO DATE  268                       510   -242      481
  SINCE DEC 1   1294                      1522   -228     1280
  SINCE JUL 1   1837                      2474   -637     1912

 COOLING
  YESTERDAY       MM                         0     MM        0
  MONTH TO DATE    0                         0      0        0
  SINCE DEC 1      0                         0      0        0
  SINCE JAN 1      0                         0      0        0
..................................................................


WIND (MPH)
  HIGHEST WIND SPEED    10   HIGHEST WIND DIRECTION    NE (50)
  HIGHEST GUST SPEED    MM   HIGHEST GUST DIRECTION    MM
  AVERAGE WIND SPEED     6.9


SKY COVER
  POSSIBLE SUNSHINE  MM
  AVERAGE SKY COVER 0.6


WEATHER CONDITIONS
 THE FOLLOWING WEATHER WAS RECORDED YESTERDAY.
  LT FREEZING RAIN
  FOG


RELATIVE HUMIDITY (PERCENT)
 HIGHEST   100           100 PM
 LOWEST     85           900 AM
 AVERAGE    93

..........................................................


THE SALINA KS CLIMATE NORMALS FOR TODAY
                         NORMAL    RECORD    YEAR
 MAXIMUM TEMPERATURE (F)   42        69      1951
 MINIMUM TEMPERATURE (F)   20        -9      1905


SUNRISE AND SUNSET
JANUARY 16 2017.......SUNRISE   747 AM CST   SUNSET   534 PM CST
JANUARY 17 2017.......SUNRISE   746 AM CST   SUNSET   536 PM CST


-  INDICATES NEGATIVE NUMBERS.
R  INDICATES RECORD WAS SET OR TIED.
MM INDICATES DATA IS MISSING.
T  INDICATES TRACE AMOUNT.




$$
