000
CDUS43 KICT 120632
CLISLN


CLIMATE REPORT
NATIONAL WEATHER SERVICE WICHITA KS
128 AM CDT WED MAR 12 2014


...................................

...THE SALINA KS CLIMATE SUMMARY FOR MARCH 11 2014...

CLIMATE NORMAL PERIOD 1981 TO 2010
CLIMATE RECORD PERIOD 1894 TO 2014


WEATHER ITEM   OBSERVED TIME   RECORD YEAR NORMAL DEPARTURE LAST
                VALUE   (LST)  VALUE       VALUE  FROM      YEAR
                                                  NORMAL
..................................................................
TEMPERATURE (F)
 YESTERDAY
  MAXIMUM         67   1131 AM  86    1972  55     12       44
  MINIMUM         33    907 PM -11    1948  33      0       18
  AVERAGE         50                        44      6       31

PRECIPITATION (IN)
  YESTERDAY        0.05          1.10 2007   0.07  -0.02     0.00
  MONTH TO DATE    0.05                      0.71  -0.66     0.40
  SINCE MAR 1      0.05                      0.71  -0.66     0.40
  SINCE JAN 1      1.86                      2.51  -0.65     3.67

DEGREE DAYS
 HEATING
  YESTERDAY       15                        21     -6       34
  MONTH TO DATE  355                       252    103      297
  SINCE MAR 1    355                       252    103      297
  SINCE JUL 1   4605                      4093    512     3919

 COOLING
  YESTERDAY        0                         0      0        0
  MONTH TO DATE    0                         0      0        0
  SINCE MAR 1      0                         0      0        0
  SINCE JAN 1      0                         0      0        0
..................................................................


WIND (MPH)
  HIGHEST WIND SPEED    43   HIGHEST WIND DIRECTION     N (350)
  HIGHEST GUST SPEED    50   HIGHEST GUST DIRECTION     N (350)
  AVERAGE WIND SPEED    19.7


SKY COVER
  POSSIBLE SUNSHINE  MM
  AVERAGE SKY COVER 0.3


WEATHER CONDITIONS
 THE FOLLOWING WEATHER WAS RECORDED YESTERDAY.
  LIGHT SNOW
  FOG
  HAZE


RELATIVE HUMIDITY (PERCENT)
 HIGHEST    89          1100 PM
 LOWEST     30          1200 PM
 AVERAGE    60

..........................................................


THE SALINA KS CLIMATE NORMALS FOR TODAY
                         NORMAL    RECORD    YEAR
 MAXIMUM TEMPERATURE (F)   56        86      1916
 MINIMUM TEMPERATURE (F)   33        -3      1948


SUNRISE AND SUNSET
MARCH 12 2014.........SUNRISE   746 AM CDT   SUNSET   735 PM CDT
MARCH 13 2014.........SUNRISE   745 AM CDT   SUNSET   736 PM CDT


-  INDICATES NEGATIVE NUMBERS.
R  INDICATES RECORD WAS SET OR TIED.
MM INDICATES DATA IS MISSING.
T  INDICATES TRACE AMOUNT.




$$

VP
