278
CDUS43 KICT 210711
CLISLN


CLIMATE REPORT
NATIONAL WEATHER SERVICE WICHITA KS
111 AM CST THU JAN 21 2016


...................................

...THE SALINA KS CLIMATE SUMMARY FOR JANUARY 20 2016...

CLIMATE NORMAL PERIOD 1981 TO 2010
CLIMATE RECORD PERIOD 1894 TO 2016


WEATHER ITEM   OBSERVED TIME   RECORD YEAR NORMAL DEPARTURE LAST
                VALUE   (LST)  VALUE       VALUE  FROM      YEAR
                                                  NORMAL
..................................................................
TEMPERATURE (F)
 YESTERDAY
  MAXIMUM         34    255 PM  72    1986  42     -8       57
  MINIMUM         18    800 AM -16    1962  20     -2       31
  AVERAGE         26                        31     -5       44

PRECIPITATION (IN)
  YESTERDAY        T             0.79 1959   0.02  -0.02     0.00
  MONTH TO DATE    0.42                      0.35   0.07     0.32
  SINCE DEC 1      4.08                      1.29   2.79     2.22
  SINCE JAN 1      0.42                      0.35   0.07     0.32

DEGREE DAYS
 HEATING
  YESTERDAY       39                        34      5       21
  MONTH TO DATE  681                       680      1      745
  SINCE DEC 1   1480                      1692   -212     1638
  SINCE JUL 1   2112                      2644   -532     2635

 COOLING
  YESTERDAY        0                         0      0        0
  MONTH TO DATE    0                         0      0        0
  SINCE DEC 1      0                         0      0        0
  SINCE JAN 1      0                         0      0        0
..................................................................


WIND (MPH)
  HIGHEST WIND SPEED    18   HIGHEST WIND DIRECTION    SE (130)
  HIGHEST GUST SPEED    22   HIGHEST GUST DIRECTION    SE (130)
  AVERAGE WIND SPEED     8.7


SKY COVER
  POSSIBLE SUNSHINE  MM
  AVERAGE SKY COVER 0.8


WEATHER CONDITIONS
 THE FOLLOWING WEATHER WAS RECORDED YESTERDAY.
  LIGHT SNOW
  FOG
  HAZE


RELATIVE HUMIDITY (PERCENT)
 HIGHEST    85           600 PM
 LOWEST     69          1100 AM
 AVERAGE    77

..........................................................


THE SALINA KS CLIMATE NORMALS FOR TODAY
                         NORMAL    RECORD    YEAR
 MAXIMUM TEMPERATURE (F)   42        67      1933
 MINIMUM TEMPERATURE (F)   20        -7      1935


SUNRISE AND SUNSET
JANUARY 21 2016.......SUNRISE   745 AM CST   SUNSET   539 PM CST
JANUARY 22 2016.......SUNRISE   744 AM CST   SUNSET   540 PM CST


-  INDICATES NEGATIVE NUMBERS.
R  INDICATES RECORD WAS SET OR TIED.
MM INDICATES DATA IS MISSING.
T  INDICATES TRACE AMOUNT.




$$
