000
CDUS43 KICT 110646
CLISLN


CLIMATE REPORT
NATIONAL WEATHER SERVICE WICHITA KS
145 AM CDT SAT JUL 11 2015


...................................

...THE SALINA KS CLIMATE SUMMARY FOR JULY 10 2015...

CLIMATE NORMAL PERIOD 1981 TO 2010
CLIMATE RECORD PERIOD 1894 TO 2015


WEATHER ITEM   OBSERVED TIME   RECORD YEAR NORMAL DEPARTURE LAST
                VALUE   (LST)  VALUE       VALUE  FROM      YEAR
                                                  NORMAL
..................................................................
TEMPERATURE (F)
 YESTERDAY
  MAXIMUM         85    404 PM 111    1934  93     -8       90
  MINIMUM         69    641 AM  48    1905  69      0       68
  AVERAGE         77                        81     -4       79

PRECIPITATION (IN)
  YESTERDAY        1.49R         0.84 1963   0.15   1.34     0.07
  MONTH TO DATE    1.79                      1.48   0.31     0.58
  SINCE JUN 1      6.29                      5.59   0.70     8.77
  SINCE JAN 1     17.89                     17.58   0.31    16.16

DEGREE DAYS
 HEATING
  YESTERDAY        0                         0      0        0
  MONTH TO DATE    0                         0      0        0
  SINCE JUN 1      0                         7     -7        1
  SINCE JUL 1      0                         0      0        0

 COOLING
  YESTERDAY       12                        16     -4       14
  MONTH TO DATE  132                       156    -24      139
  SINCE JUN 1    572                       481     91      496
  SINCE JAN 1    662                       609     53      728
..................................................................


WIND (MPH)
  HIGHEST WIND SPEED    23   HIGHEST WIND DIRECTION    SW (240)
  HIGHEST GUST SPEED    32   HIGHEST GUST DIRECTION     W (250)
  AVERAGE WIND SPEED    11.8


SKY COVER
  POSSIBLE SUNSHINE  MM
  AVERAGE SKY COVER 0.4


WEATHER CONDITIONS
 THE FOLLOWING WEATHER WAS RECORDED YESTERDAY.
  THUNDERSTORM
  HEAVY RAIN
  LIGHT RAIN
  FOG


RELATIVE HUMIDITY (PERCENT)
 HIGHEST    90           600 AM
 LOWEST     65           100 PM
 AVERAGE    78

..........................................................


THE SALINA KS CLIMATE NORMALS FOR TODAY
                         NORMAL    RECORD    YEAR
 MAXIMUM TEMPERATURE (F)   93       112      1995
 MINIMUM TEMPERATURE (F)   69        48      1903


SUNRISE AND SUNSET
JULY 11 2015..........SUNRISE   615 AM CDT   SUNSET   857 PM CDT
JULY 12 2015..........SUNRISE   616 AM CDT   SUNSET   857 PM CDT


-  INDICATES NEGATIVE NUMBERS.
R  INDICATES RECORD WAS SET OR TIED.
MM INDICATES DATA IS MISSING.
T  INDICATES TRACE AMOUNT.




$$
