000
CDUS43 KICT 150715 CCA
CLISLN

CLIMATE REPORT...CORRECTED
NATIONAL WEATHER SERVICE WICHITA KS
215 AM CDT SAT MAR 15 2014


...................................

...THE SALINA KS CLIMATE SUMMARY FOR MARCH 14 2014...

CLIMATE NORMAL PERIOD 1981 TO 2010
CLIMATE RECORD PERIOD 1894 TO 2014


WEATHER ITEM   OBSERVED TIME   RECORD YEAR NORMAL DEPARTURE LAST
                VALUE   (LST)  VALUE       VALUE  FROM      YEAR
                                                  NORMAL
..................................................................
TEMPERATURE (F)
 YESTERDAY
  MAXIMUM         67    409 PM  85    2012  56     11       77
                                      1935
  MINIMUM         34   1118 PM   3    1975  33      1       41
  AVERAGE         51                        45      6       59

PRECIPITATION (IN)
YESTERDAY        0.00          1.06 1982   0.07  -0.07     0.00
MONTH TO DATE    0.05                      0.93  -0.88     0.40
SINCE MAR 1      0.05                      0.93  -0.88     0.40
SINCE JAN 1      1.86                      2.73  -0.87     3.67

DEGREE DAYS
 HEATING
  YESTERDAY       14                        20     -6        6
  MONTH TO DATE  404                       313     91      354
  SINCE MAR 1    404                       313     91      354
  SINCE JUL 1   4654                      4154    500     3976

 COOLING
  YESTERDAY        0                         0      0        0
  MONTH TO DATE    0                         0      0        0
  SINCE MAR 1      0                         0      0        0
  SINCE JAN 1      0                         0      0        0
..................................................................


WIND (MPH)
  HIGHEST WIND SPEED    28   HIGHEST WIND DIRECTION    SW (210)
  HIGHEST GUST SPEED    34   HIGHEST GUST DIRECTION    SW (220)
  AVERAGE WIND SPEED    10.9


SKY COVER
  POSSIBLE SUNSHINE  MM
  AVERAGE SKY COVER 0.0


WEATHER CONDITIONS
 THE FOLLOWING WEATHER WAS RECORDED YESTERDAY.
  LIGHT RAIN


RELATIVE HUMIDITY (PERCENT)
 HIGHEST    56          1000 PM
 LOWEST     13           600 PM
 AVERAGE    35

..........................................................


THE SALINA KS CLIMATE NORMALS FOR TODAY
                         NORMAL    RECORD    YEAR
 MAXIMUM TEMPERATURE (F)   57        87      2013
 MINIMUM TEMPERATURE (F)   34         6      1912


SUNRISE AND SUNSET
MARCH 15 2014.........SUNRISE   742 AM CDT   SUNSET   738 PM CDT
MARCH 16 2014.........SUNRISE   740 AM CDT   SUNSET   739 PM CDT


-  INDICATES NEGATIVE NUMBERS.
R  INDICATES RECORD WAS SET OR TIED.
MM INDICATES DATA IS MISSING.
T  INDICATES TRACE AMOUNT.

$$

ES
