000
CDUS43 KICT 050634
CLISLN

CLIMATE REPORT
NATIONAL WEATHER SERVICE WICHITA KS
1233 AM CST THU FEB 5 2015


...................................

...THE SALINA KS CLIMATE SUMMARY FOR FEBRUARY 4 2015...

CLIMATE NORMAL PERIOD 1981 TO 2010
CLIMATE RECORD PERIOD 1894 TO 2015


WEATHER ITEM   OBSERVED TIME   RECORD YEAR NORMAL DEPARTURE LAST
                VALUE   (LST)  VALUE       VALUE  FROM      YEAR
                                                  NORMAL
..................................................................
TEMPERATURE (F)
 YESTERDAY
  MAXIMUM         37    200 AM  75    1953  44     -7       32
  MINIMUM         13   1130 PM -11    1899  22     -9       10
  AVERAGE         25                        33     -8       21

PRECIPITATION (IN)
  YESTERDAY        T             1.02 1960   0.03  -0.03     0.90
  MONTH TO DATE    0.09                      0.14  -0.05     1.14
  SINCE DEC 1      3.19                      1.71   1.48     2.85
  SINCE JAN 1      1.29                      0.77   0.52     1.63

DEGREE DAYS
 HEATING
  YESTERDAY       40                        32      8       44
  MONTH TO DATE  148                       130     18      184
  SINCE DEC 1   2043                      2194   -151     2429
  SINCE JUL 1   3040                      3146   -106     3417

 COOLING
  YESTERDAY        0                         0      0        0
  MONTH TO DATE    0                         0      0        0
  SINCE DEC 1      0                         0      0        0
  SINCE JAN 1      0                         0      0        0
..................................................................


WIND (MPH)
  HIGHEST WIND SPEED    29   HIGHEST WIND DIRECTION     N (10)
  HIGHEST GUST SPEED    35   HIGHEST GUST DIRECTION     N (10)
  AVERAGE WIND SPEED    16.1


SKY COVER
  POSSIBLE SUNSHINE  MM
  AVERAGE SKY COVER 0.5


WEATHER CONDITIONS
 THE FOLLOWING WEATHER WAS RECORDED YESTERDAY.
  LIGHT SNOW
  HAZE


RELATIVE HUMIDITY (PERCENT)
 HIGHEST    82          1200 AM
 LOWEST     56           900 PM
 AVERAGE    69

..........................................................


THE SALINA KS CLIMATE NORMALS FOR TODAY
                         NORMAL    RECORD    YEAR
 MAXIMUM TEMPERATURE (F)   44        72      1938
 MINIMUM TEMPERATURE (F)   22       -14      1979


SUNRISE AND SUNSET
FEBRUARY  5 2015......SUNRISE   733 AM CST   SUNSET   557 PM CST
FEBRUARY  6 2015......SUNRISE   732 AM CST   SUNSET   558 PM CST


-  INDICATES NEGATIVE NUMBERS.
R  INDICATES RECORD WAS SET OR TIED.
MM INDICATES DATA IS MISSING.
T  INDICATES TRACE AMOUNT.




$$
