000
CDUS43 KICT 010633
CLISLN


CLIMATE REPORT
NATIONAL WEATHER SERVICE WICHITA KS
1232 AM CST THU FEB 1 2018


...................................

...THE SALINA KS CLIMATE SUMMARY FOR JANUARY 31 2018...

CLIMATE NORMAL PERIOD 1981 TO 2010
CLIMATE RECORD PERIOD 1894 TO 2018


WEATHER ITEM   OBSERVED TIME   RECORD YEAR NORMAL DEPARTURE LAST
                VALUE   (LST)  VALUE       VALUE  FROM      YEAR
                                                  NORMAL
..................................................................
TEMPERATURE (F)
 YESTERDAY
  MAXIMUM         53    442 PM  75    1989  43     10       53
  MINIMUM         32    557 AM -18    1979  21     11       23
  AVERAGE         43                        32     11       38

PRECIPITATION (IN)
  YESTERDAY        0.00          0.74 2015   0.03  -0.03     0.00
  MONTH TO DATE    0.34                      0.63  -0.29     2.02
  SINCE DEC 1      0.39                      1.57  -1.18     2.87
  SINCE JAN 1      0.34                      0.63  -0.29     2.02

DEGREE DAYS
 HEATING
  YESTERDAY       22                        33    -11       27
  MONTH TO DATE 1028                      1049    -21      537
  SINCE DEC 1   1961                      2064   -103     1563
  SINCE JUL 1   2717                      3016   -299     2106

 COOLING
  YESTERDAY        0                         0      0        0
  MONTH TO DATE    0                         0      0        0
  SINCE DEC 1      0                         0      0        0
  SINCE JAN 1      0                         0      0        0
..................................................................


WIND (MPH)
  HIGHEST WIND SPEED    24   HIGHEST WIND DIRECTION     S (190)
  HIGHEST GUST SPEED    32   HIGHEST GUST DIRECTION     S (190)
  AVERAGE WIND SPEED     9.2


SKY COVER
  POSSIBLE SUNSHINE  MM
  AVERAGE SKY COVER 0.0


WEATHER CONDITIONS
 THE FOLLOWING WEATHER WAS RECORDED YESTERDAY.
  NO SIGNIFICANT WEATHER WAS OBSERVED.


RELATIVE HUMIDITY (PERCENT)
 HIGHEST    65           800 AM
 LOWEST     39          1200 AM
 AVERAGE    52

..........................................................


THE SALINA KS CLIMATE NORMALS FOR TODAY
                         NORMAL    RECORD    YEAR
 MAXIMUM TEMPERATURE (F)   43        73      1911
 MINIMUM TEMPERATURE (F)   21       -19      1979


SUNRISE AND SUNSET
FEBRUARY  1 2018......SUNRISE   737 AM CST   SUNSET   552 PM CST
FEBRUARY  2 2018......SUNRISE   736 AM CST   SUNSET   553 PM CST


-  INDICATES NEGATIVE NUMBERS.
R  INDICATES RECORD WAS SET OR TIED.
MM INDICATES DATA IS MISSING.
T  INDICATES TRACE AMOUNT.




$$
