000
CDUS43 KICT 290636
CLISLN


CLIMATE REPORT
NATIONAL WEATHER SERVICE WICHITA KS
135 AM CDT SAT OCT 29 2016


...................................

...THE SALINA KS CLIMATE SUMMARY FOR OCTOBER 28 2016...

CLIMATE NORMAL PERIOD 1981 TO 2010
CLIMATE RECORD PERIOD 1894 TO 2016


WEATHER ITEM   OBSERVED TIME   RECORD YEAR NORMAL DEPARTURE LAST
                VALUE   (LST)  VALUE       VALUE  FROM      YEAR
                                                  NORMAL
..................................................................
TEMPERATURE (F)
 YESTERDAY
  MAXIMUM         84    104 PM  89    1922  65     19       67
  MINIMUM         62    141 AM  19    1919  42     20       45
  AVERAGE         73                        53     20       56

PRECIPITATION (IN)
  YESTERDAY        0.00          0.39 2000   0.05  -0.05     0.00
  MONTH TO DATE    2.28                      2.12   0.16     0.09
  SINCE SEP 1      3.48                      4.82  -1.34     1.76
  SINCE JAN 1     25.92                     29.16  -3.24    25.61

DEGREE DAYS
 HEATING
  YESTERDAY        0                        12    -12        9
  MONTH TO DATE  104                       229   -125      104
  SINCE SEP 1    120                       280   -160      107
  SINCE JUL 1    120                       281   -161      107

 COOLING
  YESTERDAY        8                         0      8        0
  MONTH TO DATE   63                        32     31       48
  SINCE SEP 1    329                       237     92      411
  SINCE JAN 1   1999                      1644    355     1865
..................................................................


WIND (MPH)
  HIGHEST WIND SPEED    24   HIGHEST WIND DIRECTION     S (190)
  HIGHEST GUST SPEED    31   HIGHEST GUST DIRECTION     S (200)
  AVERAGE WIND SPEED    14.7


SKY COVER
  POSSIBLE SUNSHINE  MM
  AVERAGE SKY COVER 0.0


WEATHER CONDITIONS
 THE FOLLOWING WEATHER WAS RECORDED YESTERDAY.
  NO SIGNIFICANT WEATHER WAS OBSERVED.


RELATIVE HUMIDITY (PERCENT)
 HIGHEST    93           400 AM
 LOWEST     46           300 PM
 AVERAGE    70

..........................................................


THE SALINA KS CLIMATE NORMALS FOR TODAY
                         NORMAL    RECORD    YEAR
 MAXIMUM TEMPERATURE (F)   64        93      1937
 MINIMUM TEMPERATURE (F)   41        16      1913


SUNRISE AND SUNSET
OCTOBER 29 2016.......SUNRISE   755 AM CDT   SUNSET   633 PM CDT
OCTOBER 30 2016.......SUNRISE   756 AM CDT   SUNSET   632 PM CDT


-  INDICATES NEGATIVE NUMBERS.
R  INDICATES RECORD WAS SET OR TIED.
MM INDICATES DATA IS MISSING.
T  INDICATES TRACE AMOUNT.




$$
