000
CDUS43 KICT 130633
CLISLN


CLIMATE REPORT
NATIONAL WEATHER SERVICE WICHITA KS
133 AM CDT THU JUL 13 2017


...................................

...THE SALINA KS CLIMATE SUMMARY FOR JULY 12 2017...

CLIMATE NORMAL PERIOD 1981 TO 2010
CLIMATE RECORD PERIOD 1894 TO 2017


WEATHER ITEM   OBSERVED TIME   RECORD YEAR NORMAL DEPARTURE LAST
                VALUE   (LST)  VALUE       VALUE  FROM      YEAR
                                                  NORMAL
..................................................................
TEMPERATURE (F)
 YESTERDAY
  MAXIMUM        106    305 PM 111    1995  93     13       88
                                      1954
  MINIMUM         81    638 AM  57    1984  69     12       68
                                      1953
  AVERAGE         94                        81     13       78

PRECIPITATION (IN)
  YESTERDAY        0.00          4.05 1951   0.15  -0.15     0.25
  MONTH TO DATE    0.02                      1.78  -1.76     1.48
  SINCE JUN 1      1.71                      5.89  -4.18     1.93
  SINCE JAN 1     14.95                     17.88  -2.93    13.75

DEGREE DAYS
 HEATING
  YESTERDAY        0                         0      0        0
  MONTH TO DATE    0                         0      0        0
  SINCE JUN 1      0                         7     -7        0
  SINCE JUL 1      0                         0      0        0

 COOLING
  YESTERDAY       29                        16     13       13
  MONTH TO DATE  229                       188     41      207
  SINCE JUN 1    663                       513    150      699
  SINCE JAN 1    823                       641    182      824
..................................................................


WIND (MPH)
  HIGHEST WIND SPEED    24   HIGHEST WIND DIRECTION     S (200)
  HIGHEST GUST SPEED    31   HIGHEST GUST DIRECTION     S (200)
  AVERAGE WIND SPEED    16.3


SKY COVER
  POSSIBLE SUNSHINE  MM
  AVERAGE SKY COVER 0.0


WEATHER CONDITIONS
 THE FOLLOWING WEATHER WAS RECORDED YESTERDAY.
  NO SIGNIFICANT WEATHER WAS OBSERVED.


RELATIVE HUMIDITY (PERCENT)
 HIGHEST    58           500 AM
 LOWEST     18           400 PM
 AVERAGE    38

..........................................................


THE SALINA KS CLIMATE NORMALS FOR TODAY
                         NORMAL    RECORD    YEAR
 MAXIMUM TEMPERATURE (F)   93       113      1954
 MINIMUM TEMPERATURE (F)   69        51      1975


SUNRISE AND SUNSET
JULY 13 2017..........SUNRISE   617 AM CDT   SUNSET   856 PM CDT
JULY 14 2017..........SUNRISE   617 AM CDT   SUNSET   855 PM CDT


-  INDICATES NEGATIVE NUMBERS.
R  INDICATES RECORD WAS SET OR TIED.
MM INDICATES DATA IS MISSING.
T  INDICATES TRACE AMOUNT.




$$
