000
CDUS43 KICT 200742
CLISLN


CLIMATE REPORT
NATIONAL WEATHER SERVICE WICHITA KS
241 AM CDT SAT AUG 20 2016


...................................

...THE SALINA KS CLIMATE SUMMARY FOR AUGUST 19 2016...

CLIMATE NORMAL PERIOD 1981 TO 2010
CLIMATE RECORD PERIOD 1894 TO 2016


WEATHER ITEM   OBSERVED TIME   RECORD YEAR NORMAL DEPARTURE LAST
                VALUE   (LST)  VALUE       VALUE  FROM      YEAR
                                                  NORMAL
..................................................................
TEMPERATURE (F)
 YESTERDAY
  MAXIMUM         95    223 PM 111    1936  91      4       79
  MINIMUM         69   1150 PM  53    1953  68      1       56
  AVERAGE         82                        80      2       68

PRECIPITATION (IN)
  YESTERDAY        0.62          1.55 2006   0.12   0.50     0.00
  MONTH TO DATE    1.63                      2.50  -0.87     2.45
  SINCE JUN 1      4.41                     10.90  -6.49    10.81
  SINCE JAN 1     16.23                     22.89  -6.66    22.41

DEGREE DAYS
 HEATING
  YESTERDAY        0                         0      0        0
  MONTH TO DATE    0                         0      0        0
  SINCE JUN 1      0                         7     -7        0
  SINCE JUL 1      0                         0      0        0

 COOLING
  YESTERDAY       17                        15      2        3
  MONTH TO DATE  331                       296     35      273
  SINCE JUN 1   1411                      1122    289     1263
  SINCE JAN 1   1536                      1250    286     1353
..................................................................


WIND (MPH)
  HIGHEST WIND SPEED    43   HIGHEST WIND DIRECTION    NW (330)
  HIGHEST GUST SPEED    53   HIGHEST GUST DIRECTION     N (340)
  AVERAGE WIND SPEED     9.2


SKY COVER
  POSSIBLE SUNSHINE  MM
  AVERAGE SKY COVER 0.2


WEATHER CONDITIONS
 THE FOLLOWING WEATHER WAS RECORDED YESTERDAY.
  THUNDERSTORM
  HEAVY RAIN
  LIGHT RAIN
  FOG


RELATIVE HUMIDITY (PERCENT)
 HIGHEST    93           600 AM
 LOWEST     44           200 PM
 AVERAGE    69

..........................................................


THE SALINA KS CLIMATE NORMALS FOR TODAY
                         NORMAL    RECORD    YEAR
 MAXIMUM TEMPERATURE (F)   91       106      2003
 MINIMUM TEMPERATURE (F)   68        46      1950


SUNRISE AND SUNSET
AUGUST 20 2016........SUNRISE   649 AM CDT   SUNSET   818 PM CDT
AUGUST 21 2016........SUNRISE   650 AM CDT   SUNSET   816 PM CDT


-  INDICATES NEGATIVE NUMBERS.
R  INDICATES RECORD WAS SET OR TIED.
MM INDICATES DATA IS MISSING.
T  INDICATES TRACE AMOUNT.




$$
