000
CDUS43 KICT 100627
CLISLN


CLIMATE REPORT
NATIONAL WEATHER SERVICE WICHITA KS
126 AM CDT MON MAR 10 2014


...................................

...THE SALINA KS CLIMATE SUMMARY FOR MARCH 9 2014...

CLIMATE NORMAL PERIOD 1981 TO 2010
CLIMATE RECORD PERIOD 1894 TO 2014


WEATHER ITEM   OBSERVED TIME   RECORD YEAR NORMAL DEPARTURE LAST
                VALUE   (LST)  VALUE       VALUE  FROM      YEAR
                                                  NORMAL
..................................................................
TEMPERATURE (F)
 YESTERDAY
  MAXIMUM         69    412 PM  80    1986  55     14       64
  MINIMUM         22    446 AM  -3    1912  32    -10       40
  AVERAGE         46                        43      3       52

PRECIPITATION (IN)
  YESTERDAY        0.00          0.75 1974   0.08  -0.08     0.34
  MONTH TO DATE    T                         0.57  -0.57     0.37
  SINCE MAR 1      T                         0.57  -0.57     0.37
  SINCE JAN 1      1.96                      2.37  -0.41     3.64

DEGREE DAYS
 HEATING
  YESTERDAY       19                        22     -3       13
  MONTH TO DATE  334                       210    124      232
  SINCE MAR 1    334                       210    124      232
  SINCE JUL 1   4584                      4051    533     3854

 COOLING
  YESTERDAY        0                         0      0        0
  MONTH TO DATE    0                         0      0        0
  SINCE MAR 1      0                         0      0        0
  SINCE JAN 1      0                         0      0        0
..................................................................


WIND (MPH)
  HIGHEST WIND SPEED    29   HIGHEST WIND DIRECTION    SW (210)
  HIGHEST GUST SPEED    35   HIGHEST GUST DIRECTION    SW (220)
  AVERAGE WIND SPEED    14.0


SKY COVER
  POSSIBLE SUNSHINE  MM
  AVERAGE SKY COVER 0.0


WEATHER CONDITIONS
 THE FOLLOWING WEATHER WAS RECORDED YESTERDAY.
  NO SIGNIFICANT WEATHER WAS OBSERVED.


RELATIVE HUMIDITY (PERCENT)
 HIGHEST    77           100 AM
 LOWEST     20           300 PM
 AVERAGE    49

..........................................................


THE SALINA KS CLIMATE NORMALS FOR TODAY
                         NORMAL    RECORD    YEAR
 MAXIMUM TEMPERATURE (F)   55        86      1989
 MINIMUM TEMPERATURE (F)   32         2      1932


SUNRISE AND SUNSET
MARCH 10 2014.........SUNRISE   750 AM CDT   SUNSET   733 PM CDT
MARCH 11 2014.........SUNRISE   748 AM CDT   SUNSET   734 PM CDT


-  INDICATES NEGATIVE NUMBERS.
R  INDICATES RECORD WAS SET OR TIED.
MM INDICATES DATA IS MISSING.
T  INDICATES TRACE AMOUNT.




$$

JMBW
