136
CDUS43 KICT 190635
CLISLN


CLIMATE REPORT
NATIONAL WEATHER SERVICE WICHITA KS
1235 AM CST SAT NOV 19 2016


...................................

...THE SALINA KS CLIMATE SUMMARY FOR NOVEMBER 18 2016...

CLIMATE NORMAL PERIOD 1981 TO 2010
CLIMATE RECORD PERIOD 1894 TO 2016


WEATHER ITEM   OBSERVED TIME   RECORD YEAR NORMAL DEPARTURE LAST
                VALUE   (LST)  VALUE       VALUE  FROM      YEAR
                                                  NORMAL
..................................................................
TEMPERATURE (F)
 YESTERDAY
  MAXIMUM         49    110 AM  80    1908  54     -5       63
  MINIMUM         30   1107 PM   6    2014  32     -2       38
  AVERAGE         40                        42     -2       51

PRECIPITATION (IN)
  YESTERDAY        0.00          0.36 1992   0.03  -0.03     0.05
  MONTH TO DATE    0.46                      0.81  -0.35     1.00
  SINCE SEP 1      3.94                      5.78  -1.84     3.32
  SINCE JAN 1     26.38                     30.12  -3.74    27.17

DEGREE DAYS
 HEATING
  YESTERDAY       25                        22      3       14
  MONTH TO DATE  166                       324   -158      181
  SINCE SEP 1    297                       641   -344      339
  SINCE JUL 1    297                       642   -345      339

 COOLING
  YESTERDAY        0                         0      0        0
  MONTH TO DATE    4                         0      4        4
  SINCE SEP 1    339                       239    100      415
  SINCE JAN 1   2009                      1646    363     1869
..................................................................


WIND (MPH)
  HIGHEST WIND SPEED    37   HIGHEST WIND DIRECTION    NW (330)
  HIGHEST GUST SPEED    44   HIGHEST GUST DIRECTION    NW (330)
  AVERAGE WIND SPEED    21.6


SKY COVER
  POSSIBLE SUNSHINE  MM
  AVERAGE SKY COVER 0.6


WEATHER CONDITIONS
 THE FOLLOWING WEATHER WAS RECORDED YESTERDAY.
  NO SIGNIFICANT WEATHER WAS OBSERVED.


RELATIVE HUMIDITY (PERCENT)
 HIGHEST    76           200 AM
 LOWEST     45           200 PM
 AVERAGE    61

..........................................................


THE SALINA KS CLIMATE NORMALS FOR TODAY
                         NORMAL    RECORD    YEAR
 MAXIMUM TEMPERATURE (F)   53        81      2007
 MINIMUM TEMPERATURE (F)   31        10      1921


SUNRISE AND SUNSET
NOVEMBER 19 2016......SUNRISE   718 AM CST   SUNSET   514 PM CST
NOVEMBER 20 2016......SUNRISE   719 AM CST   SUNSET   513 PM CST


-  INDICATES NEGATIVE NUMBERS.
R  INDICATES RECORD WAS SET OR TIED.
MM INDICATES DATA IS MISSING.
T  INDICATES TRACE AMOUNT.




$$
