000
CDUS43 KICT 030628
CLISLN


CLIMATE REPORT
NATIONAL WEATHER SERVICE WICHITA KS
128 AM CDT SUN MAY 3 2015


...................................

...THE SALINA KS CLIMATE SUMMARY FOR MAY 2 2015...

CLIMATE NORMAL PERIOD 1981 TO 2010
CLIMATE RECORD PERIOD 1894 TO 2015


WEATHER ITEM   OBSERVED TIME   RECORD YEAR NORMAL DEPARTURE LAST
                VALUE   (LST)  VALUE       VALUE  FROM      YEAR
                                                  NORMAL
..................................................................
TEMPERATURE (F)
 YESTERDAY
  MAXIMUM         85    415 PM  94    1902  72     13       76
  MINIMUM         60    624 AM  24    1905  49     11       32
  AVERAGE         73                        61     12       54

PRECIPITATION (IN)
  YESTERDAY        0.02          0.82 1979   0.12  -0.10     0.00
  MONTH TO DATE    0.02                      0.24  -0.22     0.00
  SINCE MAR 1      1.90                      5.68  -3.78     1.63
  SINCE JAN 1      3.34                      7.48  -4.14     3.44

DEGREE DAYS
 HEATING
  YESTERDAY        0                         6     -6       11
  MONTH TO DATE    2                        12    -10       24
  SINCE MAR 1    734                       939   -205     1072
  SINCE JUL 1   4563                      4780   -217     5322

 COOLING
  YESTERDAY        8                         1      7        0
  MONTH TO DATE    8                         2      6        0
  SINCE MAR 1     20                        27     -7       36
  SINCE JAN 1     20                        27     -7       36
..................................................................


WIND (MPH)
  HIGHEST WIND SPEED    28   HIGHEST WIND DIRECTION     S (200)
  HIGHEST GUST SPEED    32   HIGHEST GUST DIRECTION     S (200)
  AVERAGE WIND SPEED    15.4


SKY COVER
  POSSIBLE SUNSHINE  MM
  AVERAGE SKY COVER 0.3


WEATHER CONDITIONS
 THE FOLLOWING WEATHER WAS RECORDED YESTERDAY.
  LIGHT RAIN


RELATIVE HUMIDITY (PERCENT)
 HIGHEST    68          1000 AM
 LOWEST     34           200 PM
 AVERAGE    51

..........................................................


THE SALINA KS CLIMATE NORMALS FOR TODAY
                         NORMAL    RECORD    YEAR
 MAXIMUM TEMPERATURE (F)   73        91      1959
 MINIMUM TEMPERATURE (F)   49        29      1976


SUNRISE AND SUNSET
MAY  3 2015...........SUNRISE   631 AM CDT   SUNSET   825 PM CDT
MAY  4 2015...........SUNRISE   630 AM CDT   SUNSET   826 PM CDT


-  INDICATES NEGATIVE NUMBERS.
R  INDICATES RECORD WAS SET OR TIED.
MM INDICATES DATA IS MISSING.
T  INDICATES TRACE AMOUNT.




$$
