000
CDUS43 KICT 060623
CLISLN


CLIMATE REPORT
NATIONAL WEATHER SERVICE WICHITA KS
123 AM CDT TUE SEP 6 2016


...................................

...THE SALINA KS CLIMATE SUMMARY FOR SEPTEMBER 5 2016...

CLIMATE NORMAL PERIOD 1981 TO 2010
CLIMATE RECORD PERIOD 1894 TO 2016


WEATHER ITEM   OBSERVED TIME   RECORD YEAR NORMAL DEPARTURE LAST
                VALUE   (LST)  VALUE       VALUE  FROM      YEAR
                                                  NORMAL
..................................................................
TEMPERATURE (F)
 YESTERDAY
  MAXIMUM         93    447 PM 106    1922  87      6       97
  MINIMUM         75    652 AM  45    1974  63     12       76
  AVERAGE         84                        75      9       87

PRECIPITATION (IN)
  YESTERDAY        0.00          2.00 1989   0.09  -0.09     0.00
  MONTH TO DATE    T                         0.49  -0.49     0.00
  SINCE SEP 1      T                         0.49  -0.49     0.00
  SINCE JAN 1     22.44                     24.83  -2.39    23.85

DEGREE DAYS
 HEATING
  YESTERDAY        0                         0      0        0
  MONTH TO DATE    0                         0      0        0
  SINCE SEP 1      0                         0      0        0
  SINCE JUL 1      0                         1     -1        0

 COOLING
  YESTERDAY       19                        10      9       22
  MONTH TO DATE   53                        53      0      104
  SINCE SEP 1     53                        53      0      104
  SINCE JAN 1   1723                      1460    263     1558
..................................................................


WIND (MPH)
  HIGHEST WIND SPEED    33   HIGHEST WIND DIRECTION     S (190)
  HIGHEST GUST SPEED    41   HIGHEST GUST DIRECTION     S (190)
  AVERAGE WIND SPEED    17.1


SKY COVER
  POSSIBLE SUNSHINE  MM
  AVERAGE SKY COVER 0.0


WEATHER CONDITIONS
 THE FOLLOWING WEATHER WAS RECORDED YESTERDAY.
  NO SIGNIFICANT WEATHER WAS OBSERVED.


RELATIVE HUMIDITY (PERCENT)
 HIGHEST    82           500 AM
 LOWEST     44           500 PM
 AVERAGE    63

..........................................................


THE SALINA KS CLIMATE NORMALS FOR TODAY
                         NORMAL    RECORD    YEAR
 MAXIMUM TEMPERATURE (F)   86       104      1922
 MINIMUM TEMPERATURE (F)   63        42      1896


SUNRISE AND SUNSET
SEPTEMBER  6 2016.....SUNRISE   705 AM CDT   SUNSET   752 PM CDT
SEPTEMBER  7 2016.....SUNRISE   705 AM CDT   SUNSET   751 PM CDT


-  INDICATES NEGATIVE NUMBERS.
R  INDICATES RECORD WAS SET OR TIED.
MM INDICATES DATA IS MISSING.
T  INDICATES TRACE AMOUNT.




$$
