000
CDUS43 KICT 050712
CLISLN

CLIMATE REPORT
NATIONAL WEATHER SERVICE WICHITA KS
110 AM CST FRI DEC 5 2014

...................................

...THE SALINA KS CLIMATE SUMMARY FOR DECEMBER 4 2014...

CLIMATE NORMAL PERIOD 1981 TO 2010
CLIMATE RECORD PERIOD 1894 TO 2014


WEATHER ITEM   OBSERVED TIME   RECORD YEAR NORMAL DEPARTURE LAST
                VALUE   (LST)  VALUE       VALUE  FROM      YEAR
                                                  NORMAL
..................................................................
TEMPERATURE (F)
 YESTERDAY
  MAXIMUM         50    333 PM  75    1916  45      5       38
  MINIMUM         35    117 AM  -2    1921  25     10       20
  AVERAGE         43                        35      8       29

PRECIPITATION (IN)
  YESTERDAY        0.06          1.49 1944   0.04   0.02      T
  MONTH TO DATE    0.06                      0.15  -0.09      T
  SINCE DEC 1      0.06                      0.15  -0.09      T
  SINCE JAN 1     27.17                     30.71  -3.54    29.41

DEGREE DAYS
 HEATING
  YESTERDAY       22                        30     -8       36
  MONTH TO DATE  130                       118     12       91
  SINCE DEC 1    130                       118     12       91
  SINCE JUL 1   1127                      1070     57     1079

 COOLING
  YESTERDAY        0                         0      0        0
  MONTH TO DATE    0                         0      0        0
  SINCE DEC 1      0                         0      0        0
  SINCE JAN 1   1801                      1647    154     1750
..................................................................


WIND (MPH)
  HIGHEST WIND SPEED    13   HIGHEST WIND DIRECTION     S (190)
  HIGHEST GUST SPEED    14   HIGHEST GUST DIRECTION    SE (140)
  AVERAGE WIND SPEED     6.1


SKY COVER
  POSSIBLE SUNSHINE  MM
  AVERAGE SKY COVER 0.8


WEATHER CONDITIONS
 THE FOLLOWING WEATHER WAS RECORDED YESTERDAY.
  RAIN
  FOG


RELATIVE HUMIDITY (PERCENT)
 HIGHEST    76          1000 PM
 LOWEST     40          1200 AM
 AVERAGE    58

..........................................................


THE SALINA KS CLIMATE NORMALS FOR TODAY
                         NORMAL    RECORD    YEAR
 MAXIMUM TEMPERATURE (F)   45        72      1939
 MINIMUM TEMPERATURE (F)   24         0      1964


SUNRISE AND SUNSET
DECEMBER  5 2014......SUNRISE   734 AM CST   SUNSET   509 PM CST
DECEMBER  6 2014......SUNRISE   735 AM CST   SUNSET   509 PM CST


-  INDICATES NEGATIVE NUMBERS.
R  INDICATES RECORD WAS SET OR TIED.
MM INDICATES DATA IS MISSING.
T  INDICATES TRACE AMOUNT.

$$
