000
CDUS43 KICT 080713
CLISLN


CLIMATE REPORT
NATIONAL WEATHER SERVICE WICHITA KS
213 AM CDT SAT JUL 8 2017


...................................

...THE SALINA KS CLIMATE SUMMARY FOR JULY 7 2017...

CLIMATE NORMAL PERIOD 1981 TO 2010
CLIMATE RECORD PERIOD 1894 TO 2017


WEATHER ITEM   OBSERVED TIME   RECORD YEAR NORMAL DEPARTURE LAST
                VALUE   (LST)  VALUE       VALUE  FROM      YEAR
                                                  NORMAL
..................................................................
TEMPERATURE (F)
 YESTERDAY
  MAXIMUM         95    343 PM 108    1991  93      2       96
  MINIMUM         74    428 AM  55    1952  69      5       73
  AVERAGE         85                        81      4       85

PRECIPITATION (IN)
  YESTERDAY        T             0.93 1994   0.15  -0.15     0.00
  MONTH TO DATE    0.02                      1.04  -1.02     1.23
  SINCE JUN 1      1.71                      5.15  -3.44     1.68
  SINCE JAN 1     14.95                     17.14  -2.19    13.50

DEGREE DAYS
 HEATING
  YESTERDAY        0                         0      0        0
  MONTH TO DATE    0                         0      0        0
  SINCE JUN 1      0                         7     -7        0
  SINCE JUL 1      0                         0      0        0

 COOLING
  YESTERDAY       20                        16      4       20
  MONTH TO DATE  112                       108      4      106
  SINCE JUN 1    546                       433    113      598
  SINCE JAN 1    706                       561    145      723
..................................................................


WIND (MPH)
  HIGHEST WIND SPEED    20   HIGHEST WIND DIRECTION    NE (30)
  HIGHEST GUST SPEED    24   HIGHEST GUST DIRECTION    NE (30)
  AVERAGE WIND SPEED    10.0


SKY COVER
  POSSIBLE SUNSHINE  MM
  AVERAGE SKY COVER 0.0


WEATHER CONDITIONS
 THE FOLLOWING WEATHER WAS RECORDED YESTERDAY.
  NO SIGNIFICANT WEATHER WAS OBSERVED.


RELATIVE HUMIDITY (PERCENT)
 HIGHEST    73           200 AM
 LOWEST     26           600 PM
 AVERAGE    50

..........................................................


THE SALINA KS CLIMATE NORMALS FOR TODAY
                         NORMAL    RECORD    YEAR
 MAXIMUM TEMPERATURE (F)   93       105      1980
                                             1955
 MINIMUM TEMPERATURE (F)   69        51      1952


SUNRISE AND SUNSET
JULY  8 2017..........SUNRISE   613 AM CDT   SUNSET   858 PM CDT
JULY  9 2017..........SUNRISE   614 AM CDT   SUNSET   858 PM CDT


-  INDICATES NEGATIVE NUMBERS.
R  INDICATES RECORD WAS SET OR TIED.
MM INDICATES DATA IS MISSING.
T  INDICATES TRACE AMOUNT.




$$
