000
CDUS43 KICT 020741
CLISLN


CLIMATE REPORT
NATIONAL WEATHER SERVICE WICHITA KS
241 AM CDT THU NOV 2 2017


...................................

...THE SALINA KS CLIMATE SUMMARY FOR NOVEMBER 1 2017...

CLIMATE NORMAL PERIOD 1981 TO 2010
CLIMATE RECORD PERIOD 1894 TO 2017


WEATHER ITEM   OBSERVED TIME   RECORD YEAR NORMAL DEPARTURE LAST
                VALUE   (LST)  VALUE       VALUE  FROM      YEAR
                                                  NORMAL
..................................................................
TEMPERATURE (F)
 YESTERDAY
  MAXIMUM         61    416 PM  84    1988  63     -2       80
  MINIMUM         34   1222 AM  18    1991  40     -6       57
  AVERAGE         48                        51     -3       69

PRECIPITATION (IN)
  YESTERDAY        0.00          2.68 1998   0.05  -0.05     0.00
  MONTH TO DATE    0.00                      0.05  -0.05     0.00
  SINCE SEP 1      7.61                      5.02   2.59     3.48
  SINCE JAN 1     25.32                     29.36  -4.04    25.92

DEGREE DAYS
 HEATING
  YESTERDAY       17                        14      3        0
  MONTH TO DATE   17                        14      3        0
  SINCE SEP 1    251                       331    -80      131
  SINCE JUL 1    251                       332    -81      131

 COOLING
  YESTERDAY        0                         0      0        4
  MONTH TO DATE    0                         0      0        4
  SINCE SEP 1    382                       239    143      339
  SINCE JAN 1   1963                      1646    317     2009
..................................................................


WIND (MPH)
  HIGHEST WIND SPEED    21   HIGHEST WIND DIRECTION     S (190)
  HIGHEST GUST SPEED    26   HIGHEST GUST DIRECTION     S (190)
  AVERAGE WIND SPEED     9.1


SKY COVER
  POSSIBLE SUNSHINE  MM
  AVERAGE SKY COVER 0.0


WEATHER CONDITIONS
 THE FOLLOWING WEATHER WAS RECORDED YESTERDAY.
  NO SIGNIFICANT WEATHER WAS OBSERVED.


RELATIVE HUMIDITY (PERCENT)
 HIGHEST    79           600 AM
 LOWEST     51           300 PM
 AVERAGE    65

..........................................................


THE SALINA KS CLIMATE NORMALS FOR TODAY
                         NORMAL    RECORD    YEAR
 MAXIMUM TEMPERATURE (F)   62        81      1978
 MINIMUM TEMPERATURE (F)   40        11      1991


SUNRISE AND SUNSET
NOVEMBER  2 2017......SUNRISE   759 AM CDT   SUNSET   629 PM CDT
NOVEMBER  3 2017......SUNRISE   800 AM CDT   SUNSET   628 PM CDT


-  INDICATES NEGATIVE NUMBERS.
R  INDICATES RECORD WAS SET OR TIED.
MM INDICATES DATA IS MISSING.
T  INDICATES TRACE AMOUNT.




$$
