000
CDUS43 KICT 100700
CLISLN


CLIMATE REPORT
NATIONAL WEATHER SERVICE WICHITA KS
100 AM CST FRI FEB 10 2017


...................................

...THE SALINA KS CLIMATE SUMMARY FOR FEBRUARY 9 2017...

CLIMATE NORMAL PERIOD 1981 TO 2010
CLIMATE RECORD PERIOD 1894 TO 2017


WEATHER ITEM   OBSERVED TIME   RECORD YEAR NORMAL DEPARTURE LAST
                VALUE   (LST)  VALUE       VALUE  FROM      YEAR
                                                  NORMAL
..................................................................
TEMPERATURE (F)
 YESTERDAY
  MAXIMUM         45    319 PM  82    1976  45      0       40
  MINIMUM         18    744 AM -13    2011  23     -5       21
  AVERAGE         32                        34     -2       31

PRECIPITATION (IN)
  YESTERDAY        0.00          0.44 1959   0.05  -0.05     0.00
  MONTH TO DATE    T                         0.33  -0.33     0.48
  SINCE DEC 1      2.87                      1.90   0.97     4.86
  SINCE JAN 1      2.02                      0.96   1.06     1.20

DEGREE DAYS
 HEATING
  YESTERDAY       33                        31      2       34
  MONTH TO DATE  275                       288    -13      253
  SINCE DEC 1   1838                      2352   -514     1960
  SINCE JUL 1   2381                      3304   -923     2592

 COOLING
  YESTERDAY        0                         0      0        0
  MONTH TO DATE    0                         0      0        0
  SINCE DEC 1      0                         0      0        0
  SINCE JAN 1      0                         0      0        0
..................................................................


WIND (MPH)
  HIGHEST WIND SPEED    22   HIGHEST WIND DIRECTION     S (170)
  HIGHEST GUST SPEED    28   HIGHEST GUST DIRECTION     S (190)
  AVERAGE WIND SPEED    10.0


SKY COVER
  POSSIBLE SUNSHINE  MM
  AVERAGE SKY COVER 0.0


WEATHER CONDITIONS
 THE FOLLOWING WEATHER WAS RECORDED YESTERDAY.
  NO SIGNIFICANT WEATHER WAS OBSERVED.


RELATIVE HUMIDITY (PERCENT)
 HIGHEST    68           900 AM
 LOWEST     30           200 PM
 AVERAGE    49

..........................................................


THE SALINA KS CLIMATE NORMALS FOR TODAY
                         NORMAL    RECORD    YEAR
 MAXIMUM TEMPERATURE (F)   45        76      1951
 MINIMUM TEMPERATURE (F)   23       -15      2011


SUNRISE AND SUNSET
FEBRUARY 10 2017......SUNRISE   727 AM CST   SUNSET   603 PM CST
FEBRUARY 11 2017......SUNRISE   726 AM CST   SUNSET   604 PM CST


-  INDICATES NEGATIVE NUMBERS.
R  INDICATES RECORD WAS SET OR TIED.
MM INDICATES DATA IS MISSING.
T  INDICATES TRACE AMOUNT.




$$
