000
CDUS43 KICT 180628
CLISLN


CLIMATE REPORT
NATIONAL WEATHER SERVICE WICHITA KS
127 AM CDT TUE AUG 18 2015


...................................

...THE SALINA KS CLIMATE SUMMARY FOR AUGUST 17 2015...

CLIMATE NORMAL PERIOD 1981 TO 2010
CLIMATE RECORD PERIOD 1894 TO 2015


WEATHER ITEM   OBSERVED TIME   RECORD YEAR NORMAL DEPARTURE LAST
                VALUE   (LST)  VALUE       VALUE  FROM      YEAR
                                                  NORMAL
..................................................................
TEMPERATURE (F)
 YESTERDAY
  MAXIMUM         88    124 PM 109    1909  91     -3       95
  MINIMUM         69    540 AM  54    2012  68      1       67
  AVERAGE         79                        80     -1       81

PRECIPITATION (IN)
  YESTERDAY        0.00          1.62 1960   0.13  -0.13     0.72
  MONTH TO DATE    2.21                      2.25  -0.04     2.04
  SINCE JUN 1     10.57                     10.65  -0.08    10.96
  SINCE JAN 1     22.17                     22.64  -0.47    18.35

DEGREE DAYS
 HEATING
  YESTERDAY        0                         0      0        0
  MONTH TO DATE    0                         0      0        0
  SINCE JUN 1      0                         7     -7        1
  SINCE JUL 1      0                         0      0        0

 COOLING
  YESTERDAY       14                        15     -1       16
  MONTH TO DATE  261                       266     -5      264
  SINCE JUN 1   1251                      1092    159     1064
  SINCE JAN 1   1341                      1220    121     1296
..................................................................


WIND (MPH)
  HIGHEST WIND SPEED    15   HIGHEST WIND DIRECTION     S (160)
  HIGHEST GUST SPEED    19   HIGHEST GUST DIRECTION    SW (220)
  AVERAGE WIND SPEED     7.9


SKY COVER
  POSSIBLE SUNSHINE  MM
  AVERAGE SKY COVER 0.2


WEATHER CONDITIONS
 THE FOLLOWING WEATHER WAS RECORDED YESTERDAY.
  NO SIGNIFICANT WEATHER WAS OBSERVED.


RELATIVE HUMIDITY (PERCENT)
 HIGHEST    73           500 AM
 LOWEST     42           500 PM
 AVERAGE    58

..........................................................


THE SALINA KS CLIMATE NORMALS FOR TODAY
                         NORMAL    RECORD    YEAR
 MAXIMUM TEMPERATURE (F)   91       110      1936
 MINIMUM TEMPERATURE (F)   68        54      1919


SUNRISE AND SUNSET
AUGUST 18 2015........SUNRISE   647 AM CDT   SUNSET   821 PM CDT
AUGUST 19 2015........SUNRISE   648 AM CDT   SUNSET   820 PM CDT


-  INDICATES NEGATIVE NUMBERS.
R  INDICATES RECORD WAS SET OR TIED.
MM INDICATES DATA IS MISSING.
T  INDICATES TRACE AMOUNT.




$$
