944
CDUS43 KICT 120640
CLISLN


CLIMATE REPORT
NATIONAL WEATHER SERVICE WICHITA KS
140 AM CDT TUE APR 12 2016


...................................

...THE SALINA KS CLIMATE SUMMARY FOR APRIL 11 2016...

CLIMATE NORMAL PERIOD 1981 TO 2010
CLIMATE RECORD PERIOD 1894 TO 2016


WEATHER ITEM   OBSERVED TIME   RECORD YEAR NORMAL DEPARTURE LAST
                VALUE   (LST)  VALUE       VALUE  FROM      YEAR
                                                  NORMAL
..................................................................
TEMPERATURE (F)
 YESTERDAY
  MAXIMUM         63    515 PM  89    1930  66     -3       74
  MINIMUM         37   1152 PM  23    1989  42     -5       40
  AVERAGE         50                        54     -4       57

PRECIPITATION (IN)
  YESTERDAY        0.00          2.17 1967   0.09  -0.09      T
  MONTH TO DATE    0.08                      1.01  -0.93     0.23
  SINCE MAR 1      0.78                      3.40  -2.62     0.28
  SINCE JAN 1      2.02                      5.20  -3.18     1.72

DEGREE DAYS
 HEATING
  YESTERDAY       15                        12      3        8
  MONTH TO DATE   97                       147    -50       97
  SINCE MAR 1    515                       756   -241      612
  SINCE JUL 1   3501                      4597  -1096     4441

 COOLING
  YESTERDAY        0                         1     -1        0
  MONTH TO DATE    6                         3      3        9
  SINCE MAR 1     12                         5      7       10
  SINCE JAN 1     12                         5      7       10
..................................................................


WIND (MPH)
  HIGHEST WIND SPEED    24   HIGHEST WIND DIRECTION    NE (30)
  HIGHEST GUST SPEED    30   HIGHEST GUST DIRECTION    NE (40)
  AVERAGE WIND SPEED    10.8


SKY COVER
  POSSIBLE SUNSHINE  MM
  AVERAGE SKY COVER 0.3


WEATHER CONDITIONS
 THE FOLLOWING WEATHER WAS RECORDED YESTERDAY.
  NO SIGNIFICANT WEATHER WAS OBSERVED.


RELATIVE HUMIDITY (PERCENT)
 HIGHEST    61           300 AM
 LOWEST     21           300 PM
 AVERAGE    41

..........................................................


THE SALINA KS CLIMATE NORMALS FOR TODAY
                         NORMAL    RECORD    YEAR
 MAXIMUM TEMPERATURE (F)   66        91      2014
                                             1996
 MINIMUM TEMPERATURE (F)   42        19      1997


SUNRISE AND SUNSET
APRIL 12 2016.........SUNRISE   658 AM CDT   SUNSET   805 PM CDT
APRIL 13 2016.........SUNRISE   656 AM CDT   SUNSET   806 PM CDT


-  INDICATES NEGATIVE NUMBERS.
R  INDICATES RECORD WAS SET OR TIED.
MM INDICATES DATA IS MISSING.
T  INDICATES TRACE AMOUNT.




$$
