000
CDUS43 KICT 280623
CLISLN


CLIMATE REPORT
NATIONAL WEATHER SERVICE WICHITA KS
123 AM CDT THU SEP 28 2017


...................................

...THE SALINA KS CLIMATE SUMMARY FOR SEPTEMBER 27 2017...

CLIMATE NORMAL PERIOD 1981 TO 2010
CLIMATE RECORD PERIOD 1894 TO 2017


WEATHER ITEM   OBSERVED TIME   RECORD YEAR NORMAL DEPARTURE LAST
                VALUE   (LST)  VALUE       VALUE  FROM      YEAR
                                                  NORMAL
..................................................................
TEMPERATURE (F)
 YESTERDAY
  MAXIMUM         73    448 PM 101    1911  77     -4       86
  MINIMUM         53   1139 PM  32    1903  53      0       51
  AVERAGE         63                        65     -2       69

PRECIPITATION (IN)
  YESTERDAY        T             1.59 1973   0.09  -0.09     0.00
  MONTH TO DATE    1.83                      2.43  -0.60     1.20
  SINCE SEP 1      1.83                      2.43  -0.60     1.20
  SINCE JAN 1     19.54                     26.77  -7.23    23.64

DEGREE DAYS
 HEATING
  YESTERDAY        2                         4     -2        0
  MONTH TO DATE    7                        37    -30        5
  SINCE SEP 1      7                        37    -30        5
  SINCE JUL 1      7                        38    -31        5

 COOLING
  YESTERDAY        0                         4     -4        4
  MONTH TO DATE  303                       195    108      266
  SINCE SEP 1    303                       195    108      266
  SINCE JAN 1   1884                      1602    282     1936
..................................................................


WIND (MPH)
  HIGHEST WIND SPEED    13   HIGHEST WIND DIRECTION    NE (50)
  HIGHEST GUST SPEED    17   HIGHEST GUST DIRECTION     E (80)
  AVERAGE WIND SPEED     6.3


SKY COVER
  POSSIBLE SUNSHINE  MM
  AVERAGE SKY COVER 0.4


WEATHER CONDITIONS
 THE FOLLOWING WEATHER WAS RECORDED YESTERDAY.
  NO SIGNIFICANT WEATHER WAS OBSERVED.


RELATIVE HUMIDITY (PERCENT)
 HIGHEST    80           300 AM
 LOWEST     35           400 PM
 AVERAGE    58

..........................................................


THE SALINA KS CLIMATE NORMALS FOR TODAY
                         NORMAL    RECORD    YEAR
 MAXIMUM TEMPERATURE (F)   76       107      1953
 MINIMUM TEMPERATURE (F)   53        32      1896


SUNRISE AND SUNSET
SEPTEMBER 28 2017.....SUNRISE   724 AM CDT   SUNSET   718 PM CDT
SEPTEMBER 29 2017.....SUNRISE   725 AM CDT   SUNSET   716 PM CDT


-  INDICATES NEGATIVE NUMBERS.
R  INDICATES RECORD WAS SET OR TIED.
MM INDICATES DATA IS MISSING.
T  INDICATES TRACE AMOUNT.




$$
