000
CDUS43 KICT 240622
CLISLN

CLIMATE REPORT
NATIONAL WEATHER SERVICE WICHITA KS
121 AM CDT MON OCT 24 2016


...................................

...THE SALINA KS CLIMATE SUMMARY FOR OCTOBER 23 2016...

CLIMATE NORMAL PERIOD 1981 TO 2010
CLIMATE RECORD PERIOD 1894 TO 2016


WEATHER ITEM   OBSERVED TIME   RECORD YEAR NORMAL DEPARTURE LAST
                VALUE   (LST)  VALUE       VALUE  FROM      YEAR
                                                  NORMAL
..................................................................
TEMPERATURE (F)
 YESTERDAY
  MAXIMUM         76    352 PM  93    1939  67      9       79
  MINIMUM         48    700 AM  20    1917  44      4       54
  AVERAGE         62                        55      7       67

PRECIPITATION (IN)
  YESTERDAY        0.00          3.20 1957   0.07  -0.07     0.02
  MONTH TO DATE    1.56                      1.84  -0.28     0.08
  SINCE SEP 1      2.76                      4.54  -1.78     1.75
  SINCE JAN 1     25.20                     28.88  -3.68    25.60

DEGREE DAYS
 HEATING
  YESTERDAY        3                        10     -7        0
  MONTH TO DATE   99                       171    -72       47
  SINCE SEP 1    115                       222   -107       50
  SINCE JUL 1    115                       223   -108       50

 COOLING
  YESTERDAY        0                         0      0        2
  MONTH TO DATE   50                        32     18       48
  SINCE SEP 1    316                       237     79      411
  SINCE JAN 1   1986                      1644    342     1865
..................................................................


WIND (MPH)
  HIGHEST WIND SPEED    18   HIGHEST WIND DIRECTION     S (190)
  HIGHEST GUST SPEED    24   HIGHEST GUST DIRECTION     S (190)
  AVERAGE WIND SPEED     6.8


SKY COVER
  POSSIBLE SUNSHINE  MM
  AVERAGE SKY COVER 0.0


WEATHER CONDITIONS
 THE FOLLOWING WEATHER WAS RECORDED YESTERDAY.
  NO SIGNIFICANT WEATHER WAS OBSERVED.


RELATIVE HUMIDITY (PERCENT)
 HIGHEST    86           700 AM
 LOWEST     27           400 PM
 AVERAGE    57

..........................................................


THE SALINA KS CLIMATE NORMALS FOR TODAY
                         NORMAL    RECORD    YEAR
 MAXIMUM TEMPERATURE (F)   66        92      1939
 MINIMUM TEMPERATURE (F)   43        26      1972


SUNRISE AND SUNSET
OCTOBER 24 2016.......SUNRISE   750 AM CDT   SUNSET   639 PM CDT
OCTOBER 25 2016.......SUNRISE   751 AM CDT   SUNSET   638 PM CDT


-  INDICATES NEGATIVE NUMBERS.
R  INDICATES RECORD WAS SET OR TIED.
MM INDICATES DATA IS MISSING.
T  INDICATES TRACE AMOUNT.




$$
