000
CDUS43 KICT 050633
CLISLN

CLIMATE REPORT
NATIONAL WEATHER SERVICE WICHITA KS
1232 AM CST MON JAN 5 2015


...................................

...THE SALINA KS CLIMATE SUMMARY FOR JANUARY 4 2015...

CLIMATE NORMAL PERIOD 1981 TO 2010
CLIMATE RECORD PERIOD 1894 TO 2015


WEATHER ITEM   OBSERVED TIME   RECORD YEAR NORMAL DEPARTURE LAST
                VALUE   (LST)  VALUE       VALUE  FROM      YEAR
                                                  NORMAL
..................................................................
TEMPERATURE (F)
 YESTERDAY
  MAXIMUM         16    349 PM  67    1916  41    -25       37
  MINIMUM          2   1135 PM -17    1959  21    -19       19
  AVERAGE          9                        31    -22       28

PRECIPITATION (IN)
  YESTERDAY        T             0.51 1963   0.01  -0.01     0.21
  MONTH TO DATE    T                         0.06  -0.06     0.31
  SINCE DEC 1      1.90                      1.00   0.90     1.53
  SINCE JAN 1      T                         0.06  -0.06     0.31

DEGREE DAYS
 HEATING
  YESTERDAY       56                        34     22       37
  MONTH TO DATE  171                       136     35      169
  SINCE DEC 1   1064                      1148    -84     1321
  SINCE JUL 1   2061                      2100    -39     2309

 COOLING
  YESTERDAY        0                         0      0        0
  MONTH TO DATE    0                         0      0        0
  SINCE DEC 1      0                         0      0        0
  SINCE JAN 1      0                         0      0        0
..................................................................


WIND (MPH)
  HIGHEST WIND SPEED    31   HIGHEST WIND DIRECTION     N (340)
  HIGHEST GUST SPEED    37   HIGHEST GUST DIRECTION    NW (330)
  AVERAGE WIND SPEED    12.0


SKY COVER
  POSSIBLE SUNSHINE  MM
  AVERAGE SKY COVER 0.2


WEATHER CONDITIONS
 THE FOLLOWING WEATHER WAS RECORDED YESTERDAY.
  LIGHT SNOW


RELATIVE HUMIDITY (PERCENT)
 HIGHEST    83           200 AM
 LOWEST     46           400 PM
 AVERAGE    65

..........................................................


THE SALINA KS CLIMATE NORMALS FOR TODAY
                         NORMAL    RECORD    YEAR
 MAXIMUM TEMPERATURE (F)   41        72      1956
 MINIMUM TEMPERATURE (F)   21       -23      1924


SUNRISE AND SUNSET
JANUARY  5 2015.......SUNRISE   749 AM CST   SUNSET   523 PM CST
JANUARY  6 2015.......SUNRISE   749 AM CST   SUNSET   524 PM CST


-  INDICATES NEGATIVE NUMBERS.
R  INDICATES RECORD WAS SET OR TIED.
MM INDICATES DATA IS MISSING.
T  INDICATES TRACE AMOUNT.




$$
