000
CDUS43 KICT 180619
CLISLN


CLIMATE REPORT
NATIONAL WEATHER SERVICE WICHITA KS
118 AM CDT WED JUN 18 2014


...................................

...THE SALINA KS CLIMATE SUMMARY FOR JUNE 17 2014...

CLIMATE NORMAL PERIOD 1981 TO 2010
CLIMATE RECORD PERIOD 1894 TO 2014


WEATHER ITEM   OBSERVED TIME   RECORD YEAR NORMAL DEPARTURE LAST
                VALUE   (LST)  VALUE       VALUE  FROM      YEAR
                                                  NORMAL
..................................................................
TEMPERATURE (F)
 YESTERDAY
  MAXIMUM         94    441 PM 104    1946  88      6       87
  MINIMUM         76    556 AM  49    1999  65     11       67
  AVERAGE         85                        76      9       77

PRECIPITATION (IN)
  YESTERDAY        0.00          2.04 1957   0.14  -0.14     0.26
  MONTH TO DATE    6.74                      2.40   4.34     2.19
  SINCE JUN 1      6.74                      2.40   4.34     2.19
  SINCE JAN 1     14.13                     14.39  -0.26    15.43

DEGREE DAYS
 HEATING
  YESTERDAY        0                         0      0        0
  MONTH TO DATE    1                         5     -4        7
  SINCE JUN 1      1                         5     -4        7
  SINCE JUL 1   5398                      4869    529     4924

 COOLING
  YESTERDAY       20                        11      9       12
  MONTH TO DATE  167                       152     15      152
  SINCE JUN 1    167                       152     15      152
  SINCE JAN 1    399                       280    119      293
..................................................................


WIND (MPH)
  HIGHEST WIND SPEED    35   HIGHEST WIND DIRECTION     S (200)
  HIGHEST GUST SPEED    43   HIGHEST GUST DIRECTION    SW (210)
  AVERAGE WIND SPEED    21.6


SKY COVER
  POSSIBLE SUNSHINE  MM
  AVERAGE SKY COVER 0.0


WEATHER CONDITIONS
 THE FOLLOWING WEATHER WAS RECORDED YESTERDAY.
  NO SIGNIFICANT WEATHER WAS OBSERVED.


RELATIVE HUMIDITY (PERCENT)
 HIGHEST    74           600 AM
 LOWEST     46           200 PM
 AVERAGE    60

..........................................................


THE SALINA KS CLIMATE NORMALS FOR TODAY
                         NORMAL    RECORD    YEAR
 MAXIMUM TEMPERATURE (F)   88       109      1936
 MINIMUM TEMPERATURE (F)   65        50      1912


SUNRISE AND SUNSET
JUNE 18 2014..........SUNRISE   605 AM CDT   SUNSET   858 PM CDT
JUNE 19 2014..........SUNRISE   605 AM CDT   SUNSET   859 PM CDT


-  INDICATES NEGATIVE NUMBERS.
R  INDICATES RECORD WAS SET OR TIED.
MM INDICATES DATA IS MISSING.
T  INDICATES TRACE AMOUNT.




$$
