000
CDUS43 KICT 140622
CLISLN


CLIMATE REPORT
NATIONAL WEATHER SERVICE WICHITA KS
122 AM CDT FRI AUG 14 2015


...................................

...THE SALINA KS CLIMATE SUMMARY FOR AUGUST 13 2015...

CLIMATE NORMAL PERIOD 1981 TO 2010
CLIMATE RECORD PERIOD 1894 TO 2015


WEATHER ITEM   OBSERVED TIME   RECORD YEAR NORMAL DEPARTURE LAST
                VALUE   (LST)  VALUE       VALUE  FROM      YEAR
                                                  NORMAL
..................................................................
TEMPERATURE (F)
 YESTERDAY
  MAXIMUM         90    315 PM 118    1936  92     -2       91
  MINIMUM         63    513 AM  52    1920  69     -6       59
  AVERAGE         77                        80     -3       75

PRECIPITATION (IN)
  YESTERDAY        0.00          2.53 1975   0.13  -0.13     0.00
  MONTH TO DATE    2.21                      1.74   0.47     0.90
  SINCE JUN 1     10.57                     10.14   0.43     9.82
  SINCE JAN 1     22.17                     22.13   0.04    17.21

DEGREE DAYS
 HEATING
  YESTERDAY        0                         0      0        0
  MONTH TO DATE    0                         0      0        0
  SINCE JUN 1      0                         7     -7        1
  SINCE JUL 1      0                         0      0        0

 COOLING
  YESTERDAY       12                        15     -3       10
  MONTH TO DATE  203                       206     -3      200
  SINCE JUN 1   1193                      1032    161     1000
  SINCE JAN 1   1283                      1160    123     1232
..................................................................


WIND (MPH)
  HIGHEST WIND SPEED    18   HIGHEST WIND DIRECTION     S (200)
  HIGHEST GUST SPEED    23   HIGHEST GUST DIRECTION     S (170)
  AVERAGE WIND SPEED     8.0


SKY COVER
  POSSIBLE SUNSHINE  MM
  AVERAGE SKY COVER 0.2


WEATHER CONDITIONS
 THE FOLLOWING WEATHER WAS RECORDED YESTERDAY.
  NO SIGNIFICANT WEATHER WAS OBSERVED.


RELATIVE HUMIDITY (PERCENT)
 HIGHEST    93           400 AM
 LOWEST     38           200 PM
 AVERAGE    66

..........................................................


THE SALINA KS CLIMATE NORMALS FOR TODAY
                         NORMAL    RECORD    YEAR
 MAXIMUM TEMPERATURE (F)   92       110      1936
 MINIMUM TEMPERATURE (F)   69        47      1920


SUNRISE AND SUNSET
AUGUST 14 2015........SUNRISE   643 AM CDT   SUNSET   827 PM CDT
AUGUST 15 2015........SUNRISE   644 AM CDT   SUNSET   825 PM CDT


-  INDICATES NEGATIVE NUMBERS.
R  INDICATES RECORD WAS SET OR TIED.
MM INDICATES DATA IS MISSING.
T  INDICATES TRACE AMOUNT.




$$

JMBW
