000
CDUS43 KICT 100633
CLISLN


CLIMATE REPORT
NATIONAL WEATHER SERVICE WICHITA KS
132 AM CDT FRI JUN 10 2016


...................................

...THE SALINA KS CLIMATE SUMMARY FOR JUNE 9 2016...

CLIMATE NORMAL PERIOD 1981 TO 2010
CLIMATE RECORD PERIOD 1894 TO 2016


WEATHER ITEM   OBSERVED TIME   RECORD YEAR NORMAL DEPARTURE LAST
                VALUE   (LST)  VALUE       VALUE  FROM      YEAR
                                                  NORMAL
..................................................................
TEMPERATURE (F)
 YESTERDAY
  MAXIMUM         95    455 PM 105    1913  85     10       97
  MINIMUM         73    409 AM  48    1955  62     11       65
  AVERAGE         84                        74     10       81

PRECIPITATION (IN)
  YESTERDAY        0.00          2.38 2014   0.15  -0.15     0.00
  MONTH TO DATE    T                         1.32  -1.32     3.30
  SINCE JUN 1      T                         1.32  -1.32     3.30
  SINCE JAN 1     11.82                     13.31  -1.49    14.90

DEGREE DAYS
 HEATING
  YESTERDAY        0                         0      0        0
  MONTH TO DATE    0                         5     -5        0
  SINCE JUN 1      0                         5     -5        0
  SINCE JUL 1   3718                      4869  -1151     4660

 COOLING
  YESTERDAY       19                         9     10       16
  MONTH TO DATE   87                        70     17      109
  SINCE JUN 1     87                        70     17      109
  SINCE JAN 1    212                       198     14      199
..................................................................


WIND (MPH)
  HIGHEST WIND SPEED    32   HIGHEST WIND DIRECTION     S (200)
  HIGHEST GUST SPEED    39   HIGHEST GUST DIRECTION     S (200)
  AVERAGE WIND SPEED    17.6


SKY COVER
  POSSIBLE SUNSHINE  MM
  AVERAGE SKY COVER 0.0


WEATHER CONDITIONS
 THE FOLLOWING WEATHER WAS RECORDED YESTERDAY.
  NO SIGNIFICANT WEATHER WAS OBSERVED.


RELATIVE HUMIDITY (PERCENT)
 HIGHEST    64           600 AM
 LOWEST     34           300 PM
 AVERAGE    49

..........................................................


THE SALINA KS CLIMATE NORMALS FOR TODAY
                         NORMAL    RECORD    YEAR
 MAXIMUM TEMPERATURE (F)   85       108      1933
 MINIMUM TEMPERATURE (F)   63        48      1982


SUNRISE AND SUNSET
JUNE 10 2016..........SUNRISE   605 AM CDT   SUNSET   855 PM CDT
JUNE 11 2016..........SUNRISE   605 AM CDT   SUNSET   856 PM CDT


-  INDICATES NEGATIVE NUMBERS.
R  INDICATES RECORD WAS SET OR TIED.
MM INDICATES DATA IS MISSING.
T  INDICATES TRACE AMOUNT.




$$
