000
CDUS43 KICT 270641
CLISLN


CLIMATE REPORT
NATIONAL WEATHER SERVICE WICHITA KS
140 AM CDT SAT SEP 27 2014


...................................

...THE SALINA KS CLIMATE SUMMARY FOR SEPTEMBER 26 2014...

CLIMATE NORMAL PERIOD 1981 TO 2010
CLIMATE RECORD PERIOD 1894 TO 2014


WEATHER ITEM   OBSERVED TIME   RECORD YEAR NORMAL DEPARTURE LAST
                VALUE   (LST)  VALUE       VALUE  FROM      YEAR
                                                  NORMAL
..................................................................
TEMPERATURE (F)
 YESTERDAY
  MAXIMUM         84    148 PM 101    1938  77      7       96
  MINIMUM         58    647 AM  34    1912  54      4       65
  AVERAGE         71                        65      6       81

PRECIPITATION (IN)
  YESTERDAY        0.00          2.36 1973   0.09  -0.09     0.00
  MONTH TO DATE    3.35                      2.34   1.01     1.21
  SINCE SEP 1      3.35                      2.34   1.01     1.21
  SINCE JAN 1     24.63                     26.68  -2.05    27.45

DEGREE DAYS
 HEATING
  YESTERDAY        0                         3     -3        0
  MONTH TO DATE   40                        33      7        3
  SINCE SEP 1     40                        33      7        3
  SINCE JUL 1     40                        34      6        6

 COOLING
  YESTERDAY        6                         4      2       16
  MONTH TO DATE  170                       191    -21      284
  SINCE SEP 1    170                       191    -21      284
  SINCE JAN 1   1728                      1598    130     1678
..................................................................


WIND (MPH)
  HIGHEST WIND SPEED    17   HIGHEST WIND DIRECTION    SE (150)
  HIGHEST GUST SPEED    21   HIGHEST GUST DIRECTION     S (160)
  AVERAGE WIND SPEED     8.8


SKY COVER
  POSSIBLE SUNSHINE  MM
  AVERAGE SKY COVER 0.0


WEATHER CONDITIONS
 THE FOLLOWING WEATHER WAS RECORDED YESTERDAY.
  NO SIGNIFICANT WEATHER WAS OBSERVED.


RELATIVE HUMIDITY (PERCENT)
 HIGHEST    86           600 AM
 LOWEST     37           400 PM
 AVERAGE    62

..........................................................


THE SALINA KS CLIMATE NORMALS FOR TODAY
                         NORMAL    RECORD    YEAR
 MAXIMUM TEMPERATURE (F)   77       101      1911
 MINIMUM TEMPERATURE (F)   53        32      1903


SUNRISE AND SUNSET
SEPTEMBER 27 2014.....SUNRISE   723 AM CDT   SUNSET   720 PM CDT
SEPTEMBER 28 2014.....SUNRISE   724 AM CDT   SUNSET   718 PM CDT


-  INDICATES NEGATIVE NUMBERS.
R  INDICATES RECORD WAS SET OR TIED.
MM INDICATES DATA IS MISSING.
T  INDICATES TRACE AMOUNT.




$$
