000
CDUS43 KICT 030835
CLISLN


CLIMATE REPORT
NATIONAL WEATHER SERVICE WICHITA KS
334 AM CDT SUN AUG 3 2014


...................................

...THE SALINA KS CLIMATE SUMMARY FOR AUGUST 2 2014...

CLIMATE NORMAL PERIOD 1981 TO 2010
CLIMATE RECORD PERIOD 1894 TO 2014


WEATHER ITEM   OBSERVED TIME   RECORD YEAR NORMAL DEPARTURE LAST
                VALUE   (LST)  VALUE       VALUE  FROM      YEAR
                                                  NORMAL
..................................................................
TEMPERATURE (F)
 YESTERDAY
  MAXIMUM         94    516 PM 109    2011  93      1       90
                                      1918
  MINIMUM         60    228 AM  53    1925  70    -10       67
  AVERAGE         77                        81     -4       79

PRECIPITATION (IN)
  YESTERDAY        0.00          1.69 1968   0.14  -0.14     0.24
  MONTH TO DATE    0.00                      0.29  -0.29     0.27
  SINCE JUN 1      8.92                      8.69   0.23     8.27
  SINCE JAN 1     16.31                     20.68  -4.37    21.51

DEGREE DAYS
 HEATING
  YESTERDAY        0                         0      0        0
  MONTH TO DATE    0                         0      0        0
  SINCE JUN 1      1                         7     -6       10
  SINCE JUL 1      0                         0      0        3

 COOLING
  YESTERDAY       12                        16     -4       14
  MONTH TO DATE   25                        32     -7       28
  SINCE JUN 1    825                       858    -33      858
  SINCE JAN 1   1057                       986     71      999
..................................................................


WIND (MPH)
  HIGHEST WIND SPEED    16   HIGHEST WIND DIRECTION     S (200)
  HIGHEST GUST SPEED    18   HIGHEST GUST DIRECTION     S (200)
  AVERAGE WIND SPEED     5.7


SKY COVER
  POSSIBLE SUNSHINE  MM
  AVERAGE SKY COVER 0.0


WEATHER CONDITIONS
 THE FOLLOWING WEATHER WAS RECORDED YESTERDAY.
  FOG


RELATIVE HUMIDITY (PERCENT)
 HIGHEST    90           600 AM
 LOWEST     28           500 PM
 AVERAGE    59

..........................................................


THE SALINA KS CLIMATE NORMALS FOR TODAY
                         NORMAL    RECORD    YEAR
 MAXIMUM TEMPERATURE (F)   93       112      1918
 MINIMUM TEMPERATURE (F)   70        50      1898


SUNRISE AND SUNSET
AUGUST  3 2014........SUNRISE   634 AM CDT   SUNSET   839 PM CDT
AUGUST  4 2014........SUNRISE   634 AM CDT   SUNSET   838 PM CDT


-  INDICATES NEGATIVE NUMBERS.
R  INDICATES RECORD WAS SET OR TIED.
MM INDICATES DATA IS MISSING.
T  INDICATES TRACE AMOUNT.




$$

JMBW
