060
CDUS43 KICT 030625
CLISLN


CLIMATE REPORT
NATIONAL WEATHER SERVICE WICHITA KS
125 AM CDT MON APR 3 2017


...................................

...THE SALINA KS CLIMATE SUMMARY FOR APRIL 2 2017...

CLIMATE NORMAL PERIOD 1981 TO 2010
CLIMATE RECORD PERIOD 1894 TO 2017


WEATHER ITEM   OBSERVED TIME   RECORD YEAR NORMAL DEPARTURE LAST
                VALUE   (LST)  VALUE       VALUE  FROM      YEAR
                                                  NORMAL
..................................................................
TEMPERATURE (F)
 YESTERDAY
  MAXIMUM         55    454 PM  93    1928  63     -8       72
  MINIMUM         46    619 AM  15    1936  39      7       27
  AVERAGE         51                        51      0       50

PRECIPITATION (IN)
  YESTERDAY        T             1.20 1957   0.09  -0.09     0.00
  MONTH TO DATE    0.67                      0.18   0.49     0.00
  SINCE MAR 1      4.29                      2.57   1.72     0.70
  SINCE JAN 1      6.39                      4.37   2.02     1.94

DEGREE DAYS
 HEATING
  YESTERDAY       14                        14      0       15
  MONTH TO DATE   28                        29     -1       38
  SINCE MAR 1    488                       638   -150      456
  SINCE JUL 1   3156                      4479  -1323     3442

 COOLING
  YESTERDAY        0                         0      0        0
  MONTH TO DATE    0                         0      0        0
  SINCE MAR 1     11                         2      9        6
  SINCE JAN 1     11                         2      9        6
..................................................................


WIND (MPH)
  HIGHEST WIND SPEED     9   HIGHEST WIND DIRECTION    NW (330)
  HIGHEST GUST SPEED    11   HIGHEST GUST DIRECTION    NW (330)
  AVERAGE WIND SPEED     5.6


SKY COVER
  POSSIBLE SUNSHINE  MM
  AVERAGE SKY COVER 1.0


WEATHER CONDITIONS
 THE FOLLOWING WEATHER WAS RECORDED YESTERDAY.
  LIGHT RAIN
  FOG
  HAZE


RELATIVE HUMIDITY (PERCENT)
 HIGHEST    93          1200 AM
 LOWEST     77           300 PM
 AVERAGE    85

..........................................................


THE SALINA KS CLIMATE NORMALS FOR TODAY
                         NORMAL    RECORD    YEAR
 MAXIMUM TEMPERATURE (F)   63        92      2011
 MINIMUM TEMPERATURE (F)   39         5      1926


SUNRISE AND SUNSET
APRIL  3 2017.........SUNRISE   712 AM CDT   SUNSET   756 PM CDT
APRIL  4 2017.........SUNRISE   710 AM CDT   SUNSET   757 PM CDT


-  INDICATES NEGATIVE NUMBERS.
R  INDICATES RECORD WAS SET OR TIED.
MM INDICATES DATA IS MISSING.
T  INDICATES TRACE AMOUNT.




$$
