000
CDUS43 KICT 060653
CLISLN


CLIMATE REPORT
NATIONAL WEATHER SERVICE WICHITA KS
153 AM CDT MON JUN 6 2016


...................................

...THE SALINA KS CLIMATE SUMMARY FOR JUNE 5 2016...

CLIMATE NORMAL PERIOD 1981 TO 2010
CLIMATE RECORD PERIOD 1894 TO 2016


WEATHER ITEM   OBSERVED TIME   RECORD YEAR NORMAL DEPARTURE LAST
                VALUE   (LST)  VALUE       VALUE  FROM      YEAR
                                                  NORMAL
..................................................................
TEMPERATURE (F)
 YESTERDAY
  MAXIMUM         86    344 PM 110    1938  83      3       84
  MINIMUM         56    520 AM  43    1897  61     -5       62
  AVERAGE         71                        72     -1       73

PRECIPITATION (IN)
  YESTERDAY        0.00          3.30 2015   0.15  -0.15     3.30
  MONTH TO DATE    T                         0.74  -0.74     3.30
  SINCE JUN 1      T                         0.74  -0.74     3.30
  SINCE JAN 1     11.82                     12.73  -0.91    14.90

DEGREE DAYS
 HEATING
  YESTERDAY        0                         1     -1        0
  MONTH TO DATE    0                         5     -5        0
  SINCE JUN 1      0                         5     -5        0
  SINCE JUL 1   3718                      4869  -1151     4660

 COOLING
  YESTERDAY        6                         8     -2        8
  MONTH TO DATE   33                        36     -3       50
  SINCE JUN 1     33                        36     -3       50
  SINCE JAN 1    158                       164     -6      140
..................................................................


WIND (MPH)
  HIGHEST WIND SPEED    17   HIGHEST WIND DIRECTION     N (340)
  HIGHEST GUST SPEED    19   HIGHEST GUST DIRECTION    NW (330)
  AVERAGE WIND SPEED     8.1


SKY COVER
  POSSIBLE SUNSHINE  MM
  AVERAGE SKY COVER 0.0


WEATHER CONDITIONS
 THE FOLLOWING WEATHER WAS RECORDED YESTERDAY.
  HAZE


RELATIVE HUMIDITY (PERCENT)
 HIGHEST    80           400 AM
 LOWEST     31           300 PM
 AVERAGE    56

..........................................................


THE SALINA KS CLIMATE NORMALS FOR TODAY
                         NORMAL    RECORD    YEAR
 MAXIMUM TEMPERATURE (F)   84       107      1933
 MINIMUM TEMPERATURE (F)   61        46      1983


SUNRISE AND SUNSET
JUNE  6 2016..........SUNRISE   606 AM CDT   SUNSET   853 PM CDT
JUNE  7 2016..........SUNRISE   606 AM CDT   SUNSET   854 PM CDT


-  INDICATES NEGATIVE NUMBERS.
R  INDICATES RECORD WAS SET OR TIED.
MM INDICATES DATA IS MISSING.
T  INDICATES TRACE AMOUNT.




$$
