000
CDUS43 KICT 190624
CLISLN

CLIMATE REPORT
NATIONAL WEATHER SERVICE WICHITA KS
123 AM CDT SAT MAR 19 2016


...................................

...THE SALINA KS CLIMATE SUMMARY FOR MARCH 18 2016...

CLIMATE NORMAL PERIOD 1981 TO 2010
CLIMATE RECORD PERIOD 1894 TO 2016


WEATHER ITEM   OBSERVED TIME   RECORD YEAR NORMAL DEPARTURE LAST
                VALUE   (LST)  VALUE       VALUE  FROM      YEAR
                                                  NORMAL
..................................................................
TEMPERATURE (F)
 YESTERDAY
  MAXIMUM         48    507 PM  90    1921  58    -10       47
  MINIMUM         30   1129 PM  -1    1923  35     -5       40
  AVERAGE         39                        46     -7       44

PRECIPITATION (IN)
  YESTERDAY        0.39          1.20 1984   0.08   0.31      T
  MONTH TO DATE    0.46                      1.25  -0.79      T
  SINCE MAR 1      0.46                      1.25  -0.79      T
  SINCE JAN 1      1.70                      3.05  -1.35     1.44

DEGREE DAYS
 HEATING
  YESTERDAY       26                        19      7       21
  MONTH TO DATE  222                       390   -168      334
  SINCE MAR 1    222                       390   -168      334
  SINCE JUL 1   3208                      4231  -1023     4163

 COOLING
  YESTERDAY        0                         0      0        0
  MONTH TO DATE    5                         0      5        1
  SINCE MAR 1      5                         0      5        1
  SINCE JAN 1      5                         0      5        1
..................................................................


WIND (MPH)
  HIGHEST WIND SPEED    23   HIGHEST WIND DIRECTION     N (360)
  HIGHEST GUST SPEED    28   HIGHEST GUST DIRECTION     N (20)
  AVERAGE WIND SPEED    12.3


SKY COVER
  POSSIBLE SUNSHINE  MM
  AVERAGE SKY COVER 0.7


WEATHER CONDITIONS
 THE FOLLOWING WEATHER WAS RECORDED YESTERDAY.
  RAIN
  LIGHT RAIN
  LIGHT SNOW
  FOG
  HAZE


RELATIVE HUMIDITY (PERCENT)
 HIGHEST    89           800 AM
 LOWEST     34           500 PM
 AVERAGE    62

..........................................................


THE SALINA KS CLIMATE NORMALS FOR TODAY
                         NORMAL    RECORD    YEAR
 MAXIMUM TEMPERATURE (F)   58        86      1907
 MINIMUM TEMPERATURE (F)   35        -7      1923


SUNRISE AND SUNSET
MARCH 19 2016.........SUNRISE   735 AM CDT   SUNSET   742 PM CDT
MARCH 20 2016.........SUNRISE   733 AM CDT   SUNSET   743 PM CDT


-  INDICATES NEGATIVE NUMBERS.
R  INDICATES RECORD WAS SET OR TIED.
MM INDICATES DATA IS MISSING.
T  INDICATES TRACE AMOUNT.




$$
