000
CDUS43 KICT 290625
CLISLN


CLIMATE REPORT
NATIONAL WEATHER SERVICE WICHITA KS
1225 AM CST SAT NOV 29 2014


...................................

...THE SALINA KS CLIMATE SUMMARY FOR NOVEMBER 28 2014...

CLIMATE NORMAL PERIOD 1981 TO 2010
CLIMATE RECORD PERIOD 1894 TO 2014


WEATHER ITEM   OBSERVED TIME   RECORD YEAR NORMAL DEPARTURE LAST
                VALUE   (LST)  VALUE       VALUE  FROM      YEAR
                                                  NORMAL
..................................................................
TEMPERATURE (F)
 YESTERDAY
  MAXIMUM         70    256 PM  71    1986  48     22       41
  MINIMUM         34    747 AM  -5    1952  27      7       21
  AVERAGE         52                        37     15       31

PRECIPITATION (IN)
  YESTERDAY        0.00          0.19 1971   0.03  -0.03     0.00
  MONTH TO DATE    0.13                      1.17  -1.04     0.35
  SINCE SEP 1      5.83                      6.14  -0.31     3.17
  SINCE JAN 1     27.11                     30.48  -3.37    29.41

DEGREE DAYS
 HEATING
  YESTERDAY       13                        28    -15       34
  MONTH TO DATE  720                       579    141      634
  SINCE SEP 1    954                       896     58      936
  SINCE JUL 1    954                       897     57      939

 COOLING
  YESTERDAY        0                         0      0        0
  MONTH TO DATE    0                         0      0        0
  SINCE SEP 1    243                       239      4      356
  SINCE JAN 1   1801                      1646    155     1750
..................................................................


WIND (MPH)
  HIGHEST WIND SPEED    20   HIGHEST WIND DIRECTION     S (200)
  HIGHEST GUST SPEED    24   HIGHEST GUST DIRECTION     S (190)
  AVERAGE WIND SPEED    11.4


SKY COVER
  POSSIBLE SUNSHINE  MM
  AVERAGE SKY COVER 0.0


WEATHER CONDITIONS
 THE FOLLOWING WEATHER WAS RECORDED YESTERDAY.
  NO SIGNIFICANT WEATHER WAS OBSERVED.


RELATIVE HUMIDITY (PERCENT)
 HIGHEST    75           600 AM
 LOWEST     26           300 PM
 AVERAGE    51

..........................................................


THE SALINA KS CLIMATE NORMALS FOR TODAY
                         NORMAL    RECORD    YEAR
 MAXIMUM TEMPERATURE (F)   47        71      1998
 MINIMUM TEMPERATURE (F)   27         1      1976


SUNRISE AND SUNSET
NOVEMBER 29 2014......SUNRISE   728 AM CST   SUNSET   510 PM CST
NOVEMBER 30 2014......SUNRISE   729 AM CST   SUNSET   509 PM CST


-  INDICATES NEGATIVE NUMBERS.
R  INDICATES RECORD WAS SET OR TIED.
MM INDICATES DATA IS MISSING.
T  INDICATES TRACE AMOUNT.




$$
