000
CDUS43 KICT 300626
CLISLN


CLIMATE REPORT
NATIONAL WEATHER SERVICE WICHITA KS
1225 AM CST TUE DEC 30 2014


...................................

...THE SALINA KS CLIMATE SUMMARY FOR DECEMBER 29 2014...

CLIMATE NORMAL PERIOD 1981 TO 2010
CLIMATE RECORD PERIOD 1894 TO 2014


WEATHER ITEM   OBSERVED TIME   RECORD YEAR NORMAL DEPARTURE LAST
                VALUE   (LST)  VALUE       VALUE  FROM      YEAR
                                                  NORMAL
..................................................................
TEMPERATURE (F)
 YESTERDAY
  MAXIMUM         41    127 PM  71    1999  41      0       30
  MINIMUM         17   1159 PM  -8    1983  21     -4        3
  AVERAGE         29                        31     -2       17

PRECIPITATION (IN)
  YESTERDAY        T             0.70 2006   0.02  -0.02      T
  MONTH TO DATE    1.65                      0.90   0.75     1.22
  SINCE DEC 1      1.65                      0.90   0.75     1.22
  SINCE JAN 1     28.76                     31.46  -2.70    30.63

DEGREE DAYS
 HEATING
  YESTERDAY       36                        34      2       48
  MONTH TO DATE  787                       942   -155     1074
  SINCE DEC 1    787                       942   -155     1074
  SINCE JUL 1   1784                      1894   -110     2062

 COOLING
  YESTERDAY        0                         0      0        0
  MONTH TO DATE    0                         0      0        0
  SINCE DEC 1      0                         0      0        0
  SINCE JAN 1   1801                      1647    154     1750
..................................................................


WIND (MPH)
  HIGHEST WIND SPEED    25   HIGHEST WIND DIRECTION     N (20)
  HIGHEST GUST SPEED    33   HIGHEST GUST DIRECTION     N (20)
  AVERAGE WIND SPEED    10.3


SKY COVER
  POSSIBLE SUNSHINE  MM
  AVERAGE SKY COVER 0.4


WEATHER CONDITIONS
 THE FOLLOWING WEATHER WAS RECORDED YESTERDAY.
  LIGHT SNOW


RELATIVE HUMIDITY (PERCENT)
 HIGHEST    81           100 AM
 LOWEST     48           100 PM
 AVERAGE    65

..........................................................


THE SALINA KS CLIMATE NORMALS FOR TODAY
                         NORMAL    RECORD    YEAR
 MAXIMUM TEMPERATURE (F)   41        73      2004
 MINIMUM TEMPERATURE (F)   21        -7      1983


SUNRISE AND SUNSET
DECEMBER 30 2014......SUNRISE   749 AM CST   SUNSET   518 PM CST
DECEMBER 31 2014......SUNRISE   749 AM CST   SUNSET   519 PM CST


-  INDICATES NEGATIVE NUMBERS.
R  INDICATES RECORD WAS SET OR TIED.
MM INDICATES DATA IS MISSING.
T  INDICATES TRACE AMOUNT.




$$
