000
CDUS43 KICT 210630
CLISLN


CLIMATE REPORT
NATIONAL WEATHER SERVICE WICHITA KS
130 AM CDT MON APR 21 2014


...................................

...THE SALINA KS CLIMATE SUMMARY FOR APRIL 20 2014...

CLIMATE NORMAL PERIOD 1981 TO 2010
CLIMATE RECORD PERIOD 1894 TO 2014


WEATHER ITEM   OBSERVED TIME   RECORD YEAR NORMAL DEPARTURE LAST
                VALUE   (LST)  VALUE       VALUE  FROM      YEAR
                                                  NORMAL
..................................................................
TEMPERATURE (F)
 YESTERDAY
  MAXIMUM         74   1148 AM  98    1902  69      5       65
  MINIMUM         61   1159 PM  21    1953  45     16       35
  AVERAGE         68                        57     11       50

PRECIPITATION (IN)
  YESTERDAY        T             3.25 1976   0.10  -0.10     0.00
  MONTH TO DATE    0.22                      1.93  -1.71     1.77
  SINCE MAR 1      0.52                      4.32  -3.80     2.39
  SINCE JAN 1      2.33                      6.12  -3.79     5.66

DEGREE DAYS
 HEATING
  YESTERDAY        0                         9     -9       15
  MONTH TO DATE  247                       241      6      338
  SINCE MAR 1    982                       850    132     1060
  SINCE JUL 1   5232                      4691    541     4682

 COOLING
  YESTERDAY        3                         1      2        0
  MONTH TO DATE   17                        12      5        2
  SINCE MAR 1     17                        14      3        2
  SINCE JAN 1     17                        14      3        2
..................................................................


WIND (MPH)
  HIGHEST WIND SPEED    23   HIGHEST WIND DIRECTION     S (160)
  HIGHEST GUST SPEED    27   HIGHEST GUST DIRECTION     S (160)
  AVERAGE WIND SPEED    12.7


SKY COVER
  POSSIBLE SUNSHINE  MM
  AVERAGE SKY COVER 0.2


WEATHER CONDITIONS
 THE FOLLOWING WEATHER WAS RECORDED YESTERDAY.
  LIGHT RAIN


RELATIVE HUMIDITY (PERCENT)
 HIGHEST    78           900 PM
 LOWEST     49          1000 AM
 AVERAGE    64

..........................................................


THE SALINA KS CLIMATE NORMALS FOR TODAY
                         NORMAL    RECORD    YEAR
 MAXIMUM TEMPERATURE (F)   69        94      1989
 MINIMUM TEMPERATURE (F)   45        21      1966


SUNRISE AND SUNSET
APRIL 21 2014.........SUNRISE   646 AM CDT   SUNSET   813 PM CDT
APRIL 22 2014.........SUNRISE   644 AM CDT   SUNSET   814 PM CDT


-  INDICATES NEGATIVE NUMBERS.
R  INDICATES RECORD WAS SET OR TIED.
MM INDICATES DATA IS MISSING.
T  INDICATES TRACE AMOUNT.




$$
