000
CDUS43 KICT 200726
CLISLN


CLIMATE REPORT
NATIONAL WEATHER SERVICE WICHITA KS
226 AM CDT TUE JUN 20 2017


...................................

...THE SALINA KS CLIMATE SUMMARY FOR JUNE 19 2017...

CLIMATE NORMAL PERIOD 1981 TO 2010
CLIMATE RECORD PERIOD 1894 TO 2017


WEATHER ITEM   OBSERVED TIME   RECORD YEAR NORMAL DEPARTURE LAST
                VALUE   (LST)  VALUE       VALUE  FROM      YEAR
                                                  NORMAL
..................................................................
TEMPERATURE (F)
 YESTERDAY
  MAXIMUM         92    402 PM 102    1988  89      3       96
                                      1956
  MINIMUM         63   1215 AM  51    1976  65     -2       69
  AVERAGE         78                        77      1       83

PRECIPITATION (IN)
  YESTERDAY        0.00          1.80 1993   0.13  -0.13     0.00
  MONTH TO DATE    0.89                      2.66  -1.77     0.12
  SINCE JUN 1      0.89                      2.66  -1.77     0.12
  SINCE JAN 1     14.13                     14.65  -0.52    11.94

DEGREE DAYS
 HEATING
  YESTERDAY        0                         0      0        0
  MONTH TO DATE    0                         5     -5        0
  SINCE JUN 1      0                         5     -5        0
  SINCE JUL 1   3453                      4869  -1416     3718

 COOLING
  YESTERDAY       13                        12      1       18
  MONTH TO DATE  286                       176    110      282
  SINCE JUN 1    286                       176    110      282
  SINCE JAN 1    446                       304    142      407
..................................................................


WIND (MPH)
  HIGHEST WIND SPEED    18   HIGHEST WIND DIRECTION    SW (240)
  HIGHEST GUST SPEED    24   HIGHEST GUST DIRECTION    SW (240)
  AVERAGE WIND SPEED     8.8


SKY COVER
  POSSIBLE SUNSHINE  MM
  AVERAGE SKY COVER 0.4


WEATHER CONDITIONS
 THE FOLLOWING WEATHER WAS RECORDED YESTERDAY.
  NO SIGNIFICANT WEATHER WAS OBSERVED.


RELATIVE HUMIDITY (PERCENT)
 HIGHEST    68           100 AM
 LOWEST     26           500 PM
 AVERAGE    47

..........................................................


THE SALINA KS CLIMATE NORMALS FOR TODAY
                         NORMAL    RECORD    YEAR
 MAXIMUM TEMPERATURE (F)   89       107      1988
 MINIMUM TEMPERATURE (F)   66        50      1973


SUNRISE AND SUNSET
JUNE 20 2017..........SUNRISE   606 AM CDT   SUNSET   859 PM CDT
JUNE 21 2017..........SUNRISE   606 AM CDT   SUNSET   859 PM CDT


-  INDICATES NEGATIVE NUMBERS.
R  INDICATES RECORD WAS SET OR TIED.
MM INDICATES DATA IS MISSING.
T  INDICATES TRACE AMOUNT.




$$
