000
CDUS43 KICT 220622
CLISLN


CLIMATE REPORT
NATIONAL WEATHER SERVICE WICHITA KS
122 AM CDT TUE JUL 22 2014


...................................

...THE SALINA KS CLIMATE SUMMARY FOR JULY 21 2014...

CLIMATE NORMAL PERIOD 1981 TO 2010
CLIMATE RECORD PERIOD 1894 TO 2014


WEATHER ITEM   OBSERVED TIME   RECORD YEAR NORMAL DEPARTURE LAST
                VALUE   (LST)  VALUE       VALUE  FROM      YEAR
                                                  NORMAL
..................................................................
TEMPERATURE (F)
 YESTERDAY
  MAXIMUM        105    302 PM 108    1934  93     12       87
  MINIMUM         75    629 AM  51    1970  70      5       71
  AVERAGE         90                        82      8       79

PRECIPITATION (IN)
  YESTERDAY        0.00          1.66 1993   0.13  -0.13     0.00
  MONTH TO DATE    0.71                      3.04  -2.33     2.29
  SINCE JUN 1      8.90                      7.15   1.75     4.53
  SINCE JAN 1     16.29                     19.14  -2.85    17.77

DEGREE DAYS
 HEATING
  YESTERDAY        0                         0      0        0
  MONTH TO DATE    0                         0      0        0
  SINCE JUN 1      1                         7     -6        7
  SINCE JUL 1      0                         0      0        0

 COOLING
  YESTERDAY       25                        17      8       14
  MONTH TO DATE  276                       335    -59      346
  SINCE JUN 1    633                       660    -27      733
  SINCE JAN 1    865                       788     77      874
..................................................................


WIND (MPH)
  HIGHEST WIND SPEED    25   HIGHEST WIND DIRECTION     S (190)
  HIGHEST GUST SPEED    31   HIGHEST GUST DIRECTION    SW (210)
  AVERAGE WIND SPEED    13.9


SKY COVER
  POSSIBLE SUNSHINE  MM
  AVERAGE SKY COVER 0.0


WEATHER CONDITIONS
 THE FOLLOWING WEATHER WAS RECORDED YESTERDAY.
  FOG
  HAZE


RELATIVE HUMIDITY (PERCENT)
 HIGHEST    87           500 AM
 LOWEST     30           300 PM
 AVERAGE    59

..........................................................


THE SALINA KS CLIMATE NORMALS FOR TODAY
                         NORMAL    RECORD    YEAR
 MAXIMUM TEMPERATURE (F)   93       110      1934
 MINIMUM TEMPERATURE (F)   70        50      1970


SUNRISE AND SUNSET
JULY 22 2014..........SUNRISE   623 AM CDT   SUNSET   850 PM CDT
JULY 23 2014..........SUNRISE   624 AM CDT   SUNSET   850 PM CDT


-  INDICATES NEGATIVE NUMBERS.
R  INDICATES RECORD WAS SET OR TIED.
MM INDICATES DATA IS MISSING.
T  INDICATES TRACE AMOUNT.




$$
