000
CDUS43 KICT 010621
CLISLN


CLIMATE REPORT
NATIONAL WEATHER SERVICE WICHITA KS
121 AM CDT SUN MAY 1 2016


...................................

...THE SALINA KS CLIMATE SUMMARY FOR APRIL 30 2016...

CLIMATE NORMAL PERIOD 1981 TO 2010
CLIMATE RECORD PERIOD 1894 TO 2016


WEATHER ITEM   OBSERVED TIME   RECORD YEAR NORMAL DEPARTURE LAST
                VALUE   (LST)  VALUE       VALUE  FROM      YEAR
                                                  NORMAL
..................................................................
TEMPERATURE (F)
 YESTERDAY
  MAXIMUM         60    218 PM  91    1938  72    -12       77
  MINIMUM         47   1159 PM  24    1907  48     -1       44
  AVERAGE         54                        60     -6       61

PRECIPITATION (IN)
  YESTERDAY        0.02          1.66 1970   0.12  -0.10     0.00
  MONTH TO DATE    4.37                      3.05   1.32     1.83
  SINCE MAR 1      5.07                      5.44  -0.37     1.88
  SINCE JAN 1      6.31                      7.24  -0.93     3.32

DEGREE DAYS
 HEATING
  YESTERDAY       11                         6      5        4
  MONTH TO DATE  214                       318   -104      217
  SINCE MAR 1    632                       927   -295      732
  SINCE JUL 1   3618                      4768  -1150     4561

 COOLING
  YESTERDAY        0                         1     -1        0
  MONTH TO DATE   28                        23      5       11
  SINCE MAR 1     34                        25      9       12
  SINCE JAN 1     34                        25      9       12
..................................................................


WIND (MPH)
  HIGHEST WIND SPEED    22   HIGHEST WIND DIRECTION     W (260)
  HIGHEST GUST SPEED    26   HIGHEST GUST DIRECTION     W (270)
  AVERAGE WIND SPEED    11.4


SKY COVER
  POSSIBLE SUNSHINE  MM
  AVERAGE SKY COVER 0.9


WEATHER CONDITIONS
 THE FOLLOWING WEATHER WAS RECORDED YESTERDAY.
  LIGHT RAIN
  FOG


RELATIVE HUMIDITY (PERCENT)
 HIGHEST    96           200 AM
 LOWEST     60           200 PM
 AVERAGE    78

..........................................................


THE SALINA KS CLIMATE NORMALS FOR TODAY
                         NORMAL    RECORD    YEAR
 MAXIMUM TEMPERATURE (F)   72        92      1955
 MINIMUM TEMPERATURE (F)   49        19      1909


SUNRISE AND SUNSET
MAY  1 2016...........SUNRISE   632 AM CDT   SUNSET   823 PM CDT
MAY  2 2016...........SUNRISE   631 AM CDT   SUNSET   824 PM CDT


-  INDICATES NEGATIVE NUMBERS.
R  INDICATES RECORD WAS SET OR TIED.
MM INDICATES DATA IS MISSING.
T  INDICATES TRACE AMOUNT.




$$
