884
CDUS43 KICT 250634
CLISLN


CLIMATE REPORT
NATIONAL WEATHER SERVICE WICHITA KS
133 AM CDT SAT MAR 25 2017


...................................

...THE SALINA KS CLIMATE SUMMARY FOR MARCH 24 2017...

CLIMATE NORMAL PERIOD 1981 TO 2010
CLIMATE RECORD PERIOD 1894 TO 2017


WEATHER ITEM   OBSERVED TIME   RECORD YEAR NORMAL DEPARTURE LAST
                VALUE   (LST)  VALUE       VALUE  FROM      YEAR
                                                  NORMAL
..................................................................
TEMPERATURE (F)
 YESTERDAY
  MAXIMUM         81    246 PM  90    1910  60     21       54
  MINIMUM         45   1159 PM  13    1965  36      9       28
  AVERAGE         63                        48     15       41

PRECIPITATION (IN)
  YESTERDAY        0.06          1.67 1969   0.08  -0.02     0.01
  MONTH TO DATE    0.10                      1.75  -1.65     0.48
  SINCE MAR 1      0.10                      1.75  -1.65     0.48
  SINCE JAN 1      2.20                      3.55  -1.35     1.72

DEGREE DAYS
 HEATING
  YESTERDAY        2                        17    -15       24
  MONTH TO DATE  346                       497   -151      323
  SINCE MAR 1    346                       497   -151      323
  SINCE JUL 1   3014                      4338  -1324     3309

 COOLING
  YESTERDAY        0                         0      0        0
  MONTH TO DATE   11                         0     11        5
  SINCE MAR 1     11                         0     11        5
  SINCE JAN 1     11                         0     11        5
..................................................................


WIND (MPH)
  HIGHEST WIND SPEED    33   HIGHEST WIND DIRECTION     N (10)
  HIGHEST GUST SPEED    43   HIGHEST GUST DIRECTION     S (190)
  AVERAGE WIND SPEED    18.5


SKY COVER
  POSSIBLE SUNSHINE  MM
  AVERAGE SKY COVER 0.4


WEATHER CONDITIONS
 THE FOLLOWING WEATHER WAS RECORDED YESTERDAY.
  THUNDERSTORM
  LIGHT RAIN
  FOG


RELATIVE HUMIDITY (PERCENT)
 HIGHEST    86           800 PM
 LOWEST     18           300 PM
 AVERAGE    52

..........................................................


THE SALINA KS CLIMATE NORMALS FOR TODAY
                         NORMAL    RECORD    YEAR
 MAXIMUM TEMPERATURE (F)   60        93      1907
 MINIMUM TEMPERATURE (F)   37         2      1955


SUNRISE AND SUNSET
MARCH 25 2017.........SUNRISE   726 AM CDT   SUNSET   748 PM CDT
MARCH 26 2017.........SUNRISE   724 AM CDT   SUNSET   749 PM CDT


-  INDICATES NEGATIVE NUMBERS.
R  INDICATES RECORD WAS SET OR TIED.
MM INDICATES DATA IS MISSING.
T  INDICATES TRACE AMOUNT.




$$
