000
CDUS43 KICT 250654
CLISLN


CLIMATE REPORT
NATIONAL WEATHER SERVICE WICHITA KS
154 AM CDT MON MAY 25 2015


...................................

...THE SALINA KS CLIMATE SUMMARY FOR MAY 24 2015...

CLIMATE NORMAL PERIOD 1981 TO 2010
CLIMATE RECORD PERIOD 1894 TO 2015


WEATHER ITEM   OBSERVED TIME   RECORD YEAR NORMAL DEPARTURE LAST
                VALUE   (LST)  VALUE       VALUE  FROM      YEAR
                                                  NORMAL
..................................................................
TEMPERATURE (F)
 YESTERDAY
  MAXIMUM         71    526 PM  99    1967  79     -8       79
  MINIMUM         57    456 AM  35    1924  57      0       65
  AVERAGE         64                        68     -4       72

PRECIPITATION (IN)
  YESTERDAY        0.00          3.36 2007   0.17  -0.17     0.14
  MONTH TO DATE    6.61                      3.55   3.06     3.91
  SINCE MAR 1      8.49                      8.99  -0.50     5.54
  SINCE JAN 1      9.93                     10.79  -0.86     7.35

DEGREE DAYS
 HEATING
  YESTERDAY        1                         2     -1        0
  MONTH TO DATE   92                        88      4       99
  SINCE MAR 1    824                      1015   -191     1147
  SINCE JUL 1   4653                      4856   -203     5397

 COOLING
  YESTERDAY        0                         5     -5        7
  MONTH TO DATE   55                        65    -10      122
  SINCE MAR 1     67                        90    -23      158
  SINCE JAN 1     67                        90    -23      158
..................................................................


WIND (MPH)
  HIGHEST WIND SPEED    16   HIGHEST WIND DIRECTION     S (170)
  HIGHEST GUST SPEED    20   HIGHEST GUST DIRECTION     S (170)
  AVERAGE WIND SPEED     7.9


SKY COVER
  POSSIBLE SUNSHINE  MM
  AVERAGE SKY COVER 0.8


WEATHER CONDITIONS
 THE FOLLOWING WEATHER WAS RECORDED YESTERDAY.
  FOG
  FOG W/VISIBILITY <= 1/4 MILE


RELATIVE HUMIDITY (PERCENT)
 HIGHEST    97          1200 AM
 LOWEST     73           400 PM
 AVERAGE    85

..........................................................


THE SALINA KS CLIMATE NORMALS FOR TODAY
                         NORMAL    RECORD    YEAR
 MAXIMUM TEMPERATURE (F)   79        98      1953
 MINIMUM TEMPERATURE (F)   57        34      1925


SUNRISE AND SUNSET
MAY 25 2015...........SUNRISE   611 AM CDT   SUNSET   844 PM CDT
MAY 26 2015...........SUNRISE   610 AM CDT   SUNSET   845 PM CDT


-  INDICATES NEGATIVE NUMBERS.
R  INDICATES RECORD WAS SET OR TIED.
MM INDICATES DATA IS MISSING.
T  INDICATES TRACE AMOUNT.




$$
