000
CDUS43 KICT 180624
CLISLN


CLIMATE REPORT
NATIONAL WEATHER SERVICE WICHITA KS
124 AM CDT SAT OCT 18 2014


...................................

...THE SALINA KS CLIMATE SUMMARY FOR OCTOBER 17 2014...

CLIMATE NORMAL PERIOD 1981 TO 2010
CLIMATE RECORD PERIOD 1894 TO 2014


WEATHER ITEM   OBSERVED TIME   RECORD YEAR NORMAL DEPARTURE LAST
                VALUE   (LST)  VALUE       VALUE  FROM      YEAR
                                                  NORMAL
..................................................................
TEMPERATURE (F)
 YESTERDAY
  MAXIMUM         70    319 PM  89    1991  69      1       68
  MINIMUM         44    619 AM  22    1976  46     -2       37
  AVERAGE         57                        57      0       53

PRECIPITATION (IN)
  YESTERDAY        0.00          1.28 1994   0.08  -0.08     0.00
  MONTH TO DATE    1.50                      1.39   0.11     0.37
  SINCE SEP 1      5.64                      4.09   1.55     2.00
  SINCE JAN 1     26.92                     28.43  -1.51    28.24

DEGREE DAYS
 HEATING
  YESTERDAY        8                         9     -1       12
  MONTH TO DATE  113                       113      0       87
  SINCE SEP 1    153                       164    -11       96
  SINCE JUL 1    153                       165    -12       99

 COOLING
  YESTERDAY        0                         1     -1        0
  MONTH TO DATE   13                        28    -15       55
  SINCE SEP 1    213                       233    -20      356
  SINCE JAN 1   1771                      1640    131     1750
..................................................................


WIND (MPH)
  HIGHEST WIND SPEED    18   HIGHEST WIND DIRECTION     N (350)
  HIGHEST GUST SPEED    24   HIGHEST GUST DIRECTION     N (360)
  AVERAGE WIND SPEED     8.3


SKY COVER
  POSSIBLE SUNSHINE  MM
  AVERAGE SKY COVER 0.0


WEATHER CONDITIONS
 THE FOLLOWING WEATHER WAS RECORDED YESTERDAY.
  HAZE


RELATIVE HUMIDITY (PERCENT)
 HIGHEST    83           600 AM
 LOWEST     40           200 PM
 AVERAGE    62

..........................................................


THE SALINA KS CLIMATE NORMALS FOR TODAY
                         NORMAL    RECORD    YEAR
 MAXIMUM TEMPERATURE (F)   68        91      2005
 MINIMUM TEMPERATURE (F)   45        26      1922


SUNRISE AND SUNSET
OCTOBER 18 2014.......SUNRISE   743 AM CDT   SUNSET   648 PM CDT
OCTOBER 19 2014.......SUNRISE   744 AM CDT   SUNSET   647 PM CDT


-  INDICATES NEGATIVE NUMBERS.
R  INDICATES RECORD WAS SET OR TIED.
MM INDICATES DATA IS MISSING.
T  INDICATES TRACE AMOUNT.




$$
