000
CDUS43 KICT 170625
CLISLN

CLIMATE REPORT
NATIONAL WEATHER SERVICE WICHITA KS
124 AM CDT SAT SEP 17 2016


...................................

...THE SALINA KS CLIMATE SUMMARY FOR SEPTEMBER 16 2016...

CLIMATE NORMAL PERIOD 1981 TO 2010
CLIMATE RECORD PERIOD 1894 TO 2016


WEATHER ITEM   OBSERVED TIME   RECORD YEAR NORMAL DEPARTURE LAST
                VALUE   (LST)  VALUE       VALUE  FROM      YEAR
                                                  NORMAL
..................................................................
TEMPERATURE (F)
 YESTERDAY
  MAXIMUM         75   1241 AM 103    1931  82     -7       96
  MINIMUM         60   1041 PM  36    1903  58      2       74
  AVERAGE         68                        70     -2       85

PRECIPITATION (IN)
  YESTERDAY        0.65          0.80 2006   0.08   0.57      T
  MONTH TO DATE    0.85                      1.47  -0.62     0.93
  SINCE SEP 1      0.85                      1.47  -0.62     0.93
  SINCE JAN 1     23.29                     25.81  -2.52    24.78

DEGREE DAYS
 HEATING
  YESTERDAY        0                         1     -1        0
  MONTH TO DATE    0                         9     -9        0
  SINCE SEP 1      0                         9     -9        0
  SINCE JUL 1      0                        10    -10        0

 COOLING
  YESTERDAY        3                         6     -3       20
  MONTH TO DATE  150                       142      8      252
  SINCE SEP 1    150                       142      8      252
  SINCE JAN 1   1820                      1549    271     1706
..................................................................


WIND (MPH)
  HIGHEST WIND SPEED    26   HIGHEST WIND DIRECTION     N (360)
  HIGHEST GUST SPEED    32   HIGHEST GUST DIRECTION     N (350)
  AVERAGE WIND SPEED     6.6


SKY COVER
  POSSIBLE SUNSHINE  MM
  AVERAGE SKY COVER 0.4


WEATHER CONDITIONS
 THE FOLLOWING WEATHER WAS RECORDED YESTERDAY.
  THUNDERSTORM
  HEAVY RAIN
  RAIN
  LIGHT RAIN
  FOG


RELATIVE HUMIDITY (PERCENT)
 HIGHEST   100           800 PM
 LOWEST     78          1000 AM
 AVERAGE    89

..........................................................


THE SALINA KS CLIMATE NORMALS FOR TODAY
                         NORMAL    RECORD    YEAR
 MAXIMUM TEMPERATURE (F)   81       103      1953
 MINIMUM TEMPERATURE (F)   58        34      1903


SUNRISE AND SUNSET
SEPTEMBER 17 2016.....SUNRISE   714 AM CDT   SUNSET   735 PM CDT
SEPTEMBER 18 2016.....SUNRISE   715 AM CDT   SUNSET   733 PM CDT


-  INDICATES NEGATIVE NUMBERS.
R  INDICATES RECORD WAS SET OR TIED.
MM INDICATES DATA IS MISSING.
T  INDICATES TRACE AMOUNT.




$$
