000
CDUS43 KICT 220633
CLISLN


CLIMATE REPORT
NATIONAL WEATHER SERVICE WICHITA KS
1232 AM CST THU JAN 22 2015


...................................

...THE SALINA KS CLIMATE SUMMARY FOR JANUARY 21 2015...

CLIMATE NORMAL PERIOD 1981 TO 2010
CLIMATE RECORD PERIOD 1894 TO 2015


WEATHER ITEM   OBSERVED TIME   RECORD YEAR NORMAL DEPARTURE LAST
                VALUE   (LST)  VALUE       VALUE  FROM      YEAR
                                                  NORMAL
..................................................................
TEMPERATURE (F)
 YESTERDAY
  MAXIMUM         49    407 PM  67    1933  42      7       31
  MINIMUM         27    814 AM  -7    1935  20      7        7
  AVERAGE         38                        31      7       19

PRECIPITATION (IN)
  YESTERDAY        0.00          0.28 2007   0.03  -0.03     0.00
  MONTH TO DATE    0.02                      0.38  -0.36     0.49
  SINCE DEC 1      1.92                      1.32   0.60     1.71
  SINCE JAN 1      0.02                      0.38  -0.36     0.49

DEGREE DAYS
 HEATING
  YESTERDAY       27                        34     -7       46
  MONTH TO DATE  772                       714     58      731
  SINCE DEC 1   1665                      1726    -61     1883
  SINCE JUL 1   2662                      2678    -16     2871

 COOLING
  YESTERDAY        0                         0      0        0
  MONTH TO DATE    0                         0      0        0
  SINCE DEC 1      0                         0      0        0
  SINCE JAN 1      0                         0      0        0
..................................................................


WIND (MPH)
  HIGHEST WIND SPEED    14   HIGHEST WIND DIRECTION     N (350)
  HIGHEST GUST SPEED    17   HIGHEST GUST DIRECTION    NW (330)
  AVERAGE WIND SPEED     7.3


SKY COVER
  POSSIBLE SUNSHINE  MM
  AVERAGE SKY COVER 0.0


WEATHER CONDITIONS
 THE FOLLOWING WEATHER WAS RECORDED YESTERDAY.
  NO SIGNIFICANT WEATHER WAS OBSERVED.


RELATIVE HUMIDITY (PERCENT)
 HIGHEST    78           400 AM
 LOWEST     31           300 PM
 AVERAGE    55

..........................................................


THE SALINA KS CLIMATE NORMALS FOR TODAY
                         NORMAL    RECORD    YEAR
 MAXIMUM TEMPERATURE (F)   42        67      1938
 MINIMUM TEMPERATURE (F)   20        -9      1929


SUNRISE AND SUNSET
JANUARY 22 2015.......SUNRISE   744 AM CST   SUNSET   541 PM CST
JANUARY 23 2015.......SUNRISE   744 AM CST   SUNSET   542 PM CST


-  INDICATES NEGATIVE NUMBERS.
R  INDICATES RECORD WAS SET OR TIED.
MM INDICATES DATA IS MISSING.
T  INDICATES TRACE AMOUNT.




$$
