000
CDUS43 KICT 210630
CLISLN


CLIMATE REPORT
NATIONAL WEATHER SERVICE WICHITA KS
130 AM CDT SAT MAY 21 2016


...................................

...THE SALINA KS CLIMATE SUMMARY FOR MAY 20 2016...

CLIMATE NORMAL PERIOD 1981 TO 2010
CLIMATE RECORD PERIOD 1894 TO 2016


WEATHER ITEM   OBSERVED TIME   RECORD YEAR NORMAL DEPARTURE LAST
                VALUE   (LST)  VALUE       VALUE  FROM      YEAR
                                                  NORMAL
..................................................................
TEMPERATURE (F)
 YESTERDAY
  MAXIMUM         69    503 PM  98    1956  78     -9       58
  MINIMUM         55    635 AM  34    1931  55      0       45
  AVERAGE         62                        66     -4       52

PRECIPITATION (IN)
  YESTERDAY        0.04          1.07 1999   0.17  -0.13     0.11
  MONTH TO DATE    1.20                      2.86  -1.66     5.72
  SINCE MAR 1      6.27                      8.30  -2.03     7.60
  SINCE JAN 1      7.51                     10.10  -2.59     9.04

DEGREE DAYS
 HEATING
  YESTERDAY        3                         2      1       13
  MONTH TO DATE  100                        80     20       65
  SINCE MAR 1    732                      1007   -275      797
  SINCE JUL 1   3718                      4848  -1130     4626

 COOLING
  YESTERDAY        0                         4     -4        0
  MONTH TO DATE   17                        48    -31       55
  SINCE MAR 1     51                        73    -22       67
  SINCE JAN 1     51                        73    -22       67
..................................................................


WIND (MPH)
  HIGHEST WIND SPEED    17   HIGHEST WIND DIRECTION     E (110)
  HIGHEST GUST SPEED    20   HIGHEST GUST DIRECTION     E (110)
  AVERAGE WIND SPEED     8.0


SKY COVER
  POSSIBLE SUNSHINE  MM
  AVERAGE SKY COVER 0.9


WEATHER CONDITIONS
 THE FOLLOWING WEATHER WAS RECORDED YESTERDAY.
  LIGHT RAIN
  FOG


RELATIVE HUMIDITY (PERCENT)
 HIGHEST    93           200 AM
 LOWEST     59           400 PM
 AVERAGE    76

..........................................................


THE SALINA KS CLIMATE NORMALS FOR TODAY
                         NORMAL    RECORD    YEAR
 MAXIMUM TEMPERATURE (F)   78        98      2005
 MINIMUM TEMPERATURE (F)   56        37      1968


SUNRISE AND SUNSET
MAY 21 2016...........SUNRISE   613 AM CDT   SUNSET   842 PM CDT
MAY 22 2016...........SUNRISE   612 AM CDT   SUNSET   843 PM CDT


-  INDICATES NEGATIVE NUMBERS.
R  INDICATES RECORD WAS SET OR TIED.
MM INDICATES DATA IS MISSING.
T  INDICATES TRACE AMOUNT.




$$
