965
CDUS43 KICT 070629
CLISLN


CLIMATE REPORT
NATIONAL WEATHER SERVICE WICHITA KS
1229 AM CST SUN FEB 7 2016


...................................

...THE SALINA KS CLIMATE SUMMARY FOR FEBRUARY 6 2016...

CLIMATE NORMAL PERIOD 1981 TO 2010
CLIMATE RECORD PERIOD 1894 TO 2016


WEATHER ITEM   OBSERVED TIME   RECORD YEAR NORMAL DEPARTURE LAST
                VALUE   (LST)  VALUE       VALUE  FROM      YEAR
                                                  NORMAL
..................................................................
TEMPERATURE (F)
 YESTERDAY
  MAXIMUM         54    437 PM  77    1904  44     10       63
  MINIMUM         22    719 AM -17    1905  22      0       30
  AVERAGE         38                        33      5       47

PRECIPITATION (IN)
  YESTERDAY        0.00          1.25 1928   0.04  -0.04     0.00
  MONTH TO DATE    0.48                      0.21   0.27     0.09
  SINCE DEC 1      4.86                      1.78   3.08     3.19
  SINCE JAN 1      1.20                      0.84   0.36     1.29

DEGREE DAYS
 HEATING
  YESTERDAY       27                        32     -5       18
  MONTH TO DATE  172                       194    -22      206
  SINCE DEC 1   1879                      2258   -379     2101
  SINCE JUL 1   2511                      3210   -699     3098

 COOLING
  YESTERDAY        0                         0      0        0
  MONTH TO DATE    0                         0      0        0
  SINCE DEC 1      0                         0      0        0
  SINCE JAN 1      0                         0      0        0
..................................................................


WIND (MPH)
  HIGHEST WIND SPEED    18   HIGHEST WIND DIRECTION    SW (230)
  HIGHEST GUST SPEED    23   HIGHEST GUST DIRECTION    SW (210)
  AVERAGE WIND SPEED     8.5


SKY COVER
  POSSIBLE SUNSHINE  MM
  AVERAGE SKY COVER 0.0


WEATHER CONDITIONS
 THE FOLLOWING WEATHER WAS RECORDED YESTERDAY.
  NO SIGNIFICANT WEATHER WAS OBSERVED.


RELATIVE HUMIDITY (PERCENT)
 HIGHEST    85           200 AM
 LOWEST     28           400 PM
 AVERAGE    57

..........................................................


THE SALINA KS CLIMATE NORMALS FOR TODAY
                         NORMAL    RECORD    YEAR
 MAXIMUM TEMPERATURE (F)   44        74      2015
 MINIMUM TEMPERATURE (F)   22       -13      1971


SUNRISE AND SUNSET
FEBRUARY  7 2016......SUNRISE   731 AM CST   SUNSET   559 PM CST
FEBRUARY  8 2016......SUNRISE   730 AM CST   SUNSET   600 PM CST


-  INDICATES NEGATIVE NUMBERS.
R  INDICATES RECORD WAS SET OR TIED.
MM INDICATES DATA IS MISSING.
T  INDICATES TRACE AMOUNT.




$$
