439
CDUS43 KICT 190631
CLISLN


CLIMATE REPORT
NATIONAL WEATHER SERVICE WICHITA KS
1231 AM CST SUN FEB 19 2017


...................................

...THE SALINA KS CLIMATE SUMMARY FOR FEBRUARY 18 2017...

CLIMATE NORMAL PERIOD 1981 TO 2010
CLIMATE RECORD PERIOD 1894 TO 2017


WEATHER ITEM   OBSERVED TIME   RECORD YEAR NORMAL DEPARTURE LAST
                VALUE   (LST)  VALUE       VALUE  FROM      YEAR
                                                  NORMAL
..................................................................
TEMPERATURE (F)
 YESTERDAY
  MAXIMUM         76    413 PM  79    2016  47     29       79
                                      1930
  MINIMUM         35    605 AM -10    1979  25     10       47
  AVERAGE         56                        36     20       63

PRECIPITATION (IN)
  YESTERDAY        0.00          0.98 1926   0.05  -0.05     0.00
  MONTH TO DATE    0.02                      0.70  -0.68     0.52
  SINCE DEC 1      2.89                      2.27   0.62     4.90
  SINCE JAN 1      2.04                      1.33   0.71     1.24

DEGREE DAYS
 HEATING
  YESTERDAY        9                        29    -20        2
  MONTH TO DATE  405                       557   -152      449
  SINCE DEC 1   1968                      2621   -653     2156
  SINCE JUL 1   2511                      3573  -1062     2788

 COOLING
  YESTERDAY        0                         0      0        0
  MONTH TO DATE    0                         0      0        0
  SINCE DEC 1      0                         0      0        0
  SINCE JAN 1      0                         0      0        0
..................................................................


WIND (MPH)
  HIGHEST WIND SPEED    15   HIGHEST WIND DIRECTION     S (170)
  HIGHEST GUST SPEED    20   HIGHEST GUST DIRECTION     S (170)
  AVERAGE WIND SPEED     6.9


SKY COVER
  POSSIBLE SUNSHINE  MM
  AVERAGE SKY COVER 0.0


WEATHER CONDITIONS
 THE FOLLOWING WEATHER WAS RECORDED YESTERDAY.
  NO SIGNIFICANT WEATHER WAS OBSERVED.


RELATIVE HUMIDITY (PERCENT)
 HIGHEST    92           600 AM
 LOWEST     29           300 PM
 AVERAGE    61

..........................................................


THE SALINA KS CLIMATE NORMALS FOR TODAY
                         NORMAL    RECORD    YEAR
 MAXIMUM TEMPERATURE (F)   48        79      1930
 MINIMUM TEMPERATURE (F)   26        -3      1978


SUNRISE AND SUNSET
FEBRUARY 19 2017......SUNRISE   716 AM CST   SUNSET   613 PM CST
FEBRUARY 20 2017......SUNRISE   715 AM CST   SUNSET   614 PM CST


-  INDICATES NEGATIVE NUMBERS.
R  INDICATES RECORD WAS SET OR TIED.
MM INDICATES DATA IS MISSING.
T  INDICATES TRACE AMOUNT.




$$
