000
CDUS43 KICT 270625
CLISLN


CLIMATE REPORT
NATIONAL WEATHER SERVICE WICHITA KS
1225 AM CST FRI FEB 27 2015


...................................

...THE SALINA KS CLIMATE SUMMARY FOR FEBRUARY 26 2015...

CLIMATE NORMAL PERIOD 1981 TO 2010
CLIMATE RECORD PERIOD 1894 TO 2015


WEATHER ITEM   OBSERVED TIME   RECORD YEAR NORMAL DEPARTURE LAST
                VALUE   (LST)  VALUE       VALUE  FROM      YEAR
                                                  NORMAL
..................................................................
TEMPERATURE (F)
 YESTERDAY
  MAXIMUM         24    409 PM  79    1896  50    -26       37
  MINIMUM          9    722 AM  -9    1934  28    -19       -6
  AVERAGE         17                        39    -22       16

PRECIPITATION (IN)
  YESTERDAY        T            99.99 2013   0.05  -0.05     0.02
  MONTH TO DATE    0.12                      1.07  -0.95     1.32
  SINCE DEC 1      3.22                      2.64   0.58     3.03
  SINCE JAN 1      1.32                      1.70  -0.38     1.81

DEGREE DAYS
 HEATING
  YESTERDAY       48                        26     22       49
  MONTH TO DATE  839                       774     65      958
  SINCE DEC 1   2734                      2838   -104     3203
  SINCE JUL 1   3731                      3790    -59     4191

 COOLING
  YESTERDAY        0                         0      0        0
  MONTH TO DATE    0                         0      0        0
  SINCE DEC 1      0                         0      0        0
  SINCE JAN 1      0                         0      0        0
..................................................................


WIND (MPH)
  HIGHEST WIND SPEED    31   HIGHEST WIND DIRECTION     N (350)
  HIGHEST GUST SPEED    35   HIGHEST GUST DIRECTION     N (350)
  AVERAGE WIND SPEED    17.2


SKY COVER
  POSSIBLE SUNSHINE  MM
  AVERAGE SKY COVER 0.2


WEATHER CONDITIONS
 THE FOLLOWING WEATHER WAS RECORDED YESTERDAY.
  NO SIGNIFICANT WEATHER WAS OBSERVED.


RELATIVE HUMIDITY (PERCENT)
 HIGHEST    67          1200 AM
 LOWEST     30           400 PM
 AVERAGE    49

..........................................................


THE SALINA KS CLIMATE NORMALS FOR TODAY
                         NORMAL    RECORD    YEAR
 MAXIMUM TEMPERATURE (F)   51        76      1932
 MINIMUM TEMPERATURE (F)   29        -1      2002


SUNRISE AND SUNSET
FEBRUARY 27 2015......SUNRISE   706 AM CST   SUNSET   621 PM CST
FEBRUARY 28 2015......SUNRISE   705 AM CST   SUNSET   622 PM CST


-  INDICATES NEGATIVE NUMBERS.
R  INDICATES RECORD WAS SET OR TIED.
MM INDICATES DATA IS MISSING.
T  INDICATES TRACE AMOUNT.




$$
