000
CDUS43 KICT 020650
CLISLN


CLIMATE REPORT
NATIONAL WEATHER SERVICE WICHITA KS
149 AM CDT WED SEP 2 2015


...................................

...THE SALINA KS CLIMATE SUMMARY FOR SEPTEMBER 1 2015...

CLIMATE NORMAL PERIOD 1981 TO 2010
CLIMATE RECORD PERIOD 1894 TO 2015


WEATHER ITEM   OBSERVED TIME   RECORD YEAR NORMAL DEPARTURE LAST
                VALUE   (LST)  VALUE       VALUE  FROM      YEAR
                                                  NORMAL
..................................................................
TEMPERATURE (F)
 YESTERDAY
  MAXIMUM         95    416 PM 109    1922  88      7       81
  MINIMUM         68    537 AM  44    1949  65      3       63
  AVERAGE         82                        76      6       72

PRECIPITATION (IN)
  YESTERDAY        0.00          1.51 1977   0.10  -0.10     0.07
  MONTH TO DATE    0.00                      0.10  -0.10     0.07
  SINCE SEP 1      0.00                      0.10  -0.10     0.07
  SINCE JAN 1     23.85                     24.44  -0.59    21.35

DEGREE DAYS
 HEATING
  YESTERDAY        0                         0      0        0
  MONTH TO DATE    0                         0      0        0
  SINCE SEP 1      0                         0      0        0
  SINCE JUL 1      0                         1     -1        0

 COOLING
  YESTERDAY       17                        11      6        7
  MONTH TO DATE   17                        11      6        7
  SINCE SEP 1     17                        11      6        7
  SINCE JAN 1   1471                      1418     53     1565
..................................................................


WIND (MPH)
  HIGHEST WIND SPEED    25   HIGHEST WIND DIRECTION     S (170)
  HIGHEST GUST SPEED    32   HIGHEST GUST DIRECTION     S (170)
  AVERAGE WIND SPEED    16.0


SKY COVER
  POSSIBLE SUNSHINE  MM
  AVERAGE SKY COVER 0.0


WEATHER CONDITIONS
 THE FOLLOWING WEATHER WAS RECORDED YESTERDAY.
  NO SIGNIFICANT WEATHER WAS OBSERVED.


RELATIVE HUMIDITY (PERCENT)
 HIGHEST    78           500 AM
 LOWEST     34           200 PM
 AVERAGE    56

..........................................................


THE SALINA KS CLIMATE NORMALS FOR TODAY
                         NORMAL    RECORD    YEAR
 MAXIMUM TEMPERATURE (F)   88       110      2000
 MINIMUM TEMPERATURE (F)   64        47      1908


SUNRISE AND SUNSET
SEPTEMBER  2 2015.....SUNRISE   700 AM CDT   SUNSET   800 PM CDT
SEPTEMBER  3 2015.....SUNRISE   701 AM CDT   SUNSET   758 PM CDT


-  INDICATES NEGATIVE NUMBERS.
R  INDICATES RECORD WAS SET OR TIED.
MM INDICATES DATA IS MISSING.
T  INDICATES TRACE AMOUNT.




$$
