000
CDUS43 KICT 310626
CLISLN


CLIMATE REPORT
NATIONAL WEATHER SERVICE WICHITA KS
125 AM CDT WED AUG 31 2016


...................................

...THE SALINA KS CLIMATE SUMMARY FOR AUGUST 30 2016...

CLIMATE NORMAL PERIOD 1981 TO 2010
CLIMATE RECORD PERIOD 1894 TO 2016


WEATHER ITEM   OBSERVED TIME   RECORD YEAR NORMAL DEPARTURE LAST
                VALUE   (LST)  VALUE       VALUE  FROM      YEAR
                                                  NORMAL
..................................................................
TEMPERATURE (F)
 YESTERDAY
  MAXIMUM         86    153 PM 106    1939  89     -3       83
  MINIMUM         71    416 AM  42    1915  65      6       58
  AVERAGE         79                        77      2       71

PRECIPITATION (IN)
  YESTERDAY        2.73R         1.38 1981   0.12   2.61     0.00
  MONTH TO DATE    6.93                      3.83   3.10     3.89
  SINCE JUN 1      9.71                     12.23  -2.52    12.25
  SINCE JAN 1     21.53                     24.22  -2.69    23.85

DEGREE DAYS
 HEATING
  YESTERDAY        0                         0      0        0
  MONTH TO DATE    0                         0      0        0
  SINCE JUN 1      0                         7     -7        0
  SINCE JUL 1      0                         0      0        0

 COOLING
  YESTERDAY       14                        12      2        6
  MONTH TO DATE  455                       442     13      360
  SINCE JUN 1   1535                      1268    267     1350
  SINCE JAN 1   1660                      1396    264     1440
..................................................................


WIND (MPH)
  HIGHEST WIND SPEED    22   HIGHEST WIND DIRECTION     E (90)
  HIGHEST GUST SPEED    26   HIGHEST GUST DIRECTION     N (20)
  AVERAGE WIND SPEED     4.6


SKY COVER
  POSSIBLE SUNSHINE  MM
  AVERAGE SKY COVER 0.8


WEATHER CONDITIONS
 THE FOLLOWING WEATHER WAS RECORDED YESTERDAY.
  THUNDERSTORM
  HEAVY RAIN
  RAIN
  LIGHT RAIN
  FOG


RELATIVE HUMIDITY (PERCENT)
 HIGHEST    93           300 AM
 LOWEST     61           100 PM
 AVERAGE    77

..........................................................


THE SALINA KS CLIMATE NORMALS FOR TODAY
                         NORMAL    RECORD    YEAR
 MAXIMUM TEMPERATURE (F)   88       108      1922
 MINIMUM TEMPERATURE (F)   65        43      1915


SUNRISE AND SUNSET
AUGUST 31 2016........SUNRISE   659 AM CDT   SUNSET   802 PM CDT
SEPTEMBER  1 2016.....SUNRISE   700 AM CDT   SUNSET   800 PM CDT


-  INDICATES NEGATIVE NUMBERS.
R  INDICATES RECORD WAS SET OR TIED.
MM INDICATES DATA IS MISSING.
T  INDICATES TRACE AMOUNT.




$$
