617
CDUS43 KICT 180623
CLISLN


CLIMATE REPORT
NATIONAL WEATHER SERVICE WICHITA KS
1223 AM CST THU JAN 18 2018


...................................

...THE SALINA KS CLIMATE SUMMARY FOR JANUARY 17 2018...

CLIMATE NORMAL PERIOD 1981 TO 2010
CLIMATE RECORD PERIOD 1894 TO 2018


WEATHER ITEM   OBSERVED TIME   RECORD YEAR NORMAL DEPARTURE LAST
                VALUE   (LST)  VALUE       VALUE  FROM      YEAR
                                                  NORMAL
..................................................................
TEMPERATURE (F)
 YESTERDAY
  MAXIMUM         31    453 PM  69    1986  42    -11       46
  MINIMUM         -1    137 AM -10    1930  20    -21       30
  AVERAGE         15                        31    -16       38

PRECIPITATION (IN)
  YESTERDAY        0.00          0.35 1960   0.03  -0.03     0.00
  MONTH TO DATE    0.13                      0.29  -0.16     2.02
  SINCE DEC 1      0.18                      1.23  -1.05     2.87
  SINCE JAN 1      0.13                      0.29  -0.16     2.02

DEGREE DAYS
 HEATING
  YESTERDAY       50                        34     16       27
  MONTH TO DATE  670                       578     92      208
  SINCE DEC 1   1603                      1590     13     1234
  SINCE JUL 1   2359                      2542   -183     1777

 COOLING
  YESTERDAY        0                         0      0        0
  MONTH TO DATE    0                         0      0        0
  SINCE DEC 1      0                         0      0        0
  SINCE JAN 1      0                         0      0        0
..................................................................


WIND (MPH)
  HIGHEST WIND SPEED    16   HIGHEST WIND DIRECTION     S (190)
  HIGHEST GUST SPEED    22   HIGHEST GUST DIRECTION     S (190)
  AVERAGE WIND SPEED     9.1


SKY COVER
  POSSIBLE SUNSHINE  MM
  AVERAGE SKY COVER 0.0


WEATHER CONDITIONS
 THE FOLLOWING WEATHER WAS RECORDED YESTERDAY.
  NO SIGNIFICANT WEATHER WAS OBSERVED.


RELATIVE HUMIDITY (PERCENT)
 HIGHEST    91           200 AM
 LOWEST     53           200 PM
 AVERAGE    72

..........................................................


THE SALINA KS CLIMATE NORMALS FOR TODAY
                         NORMAL    RECORD    YEAR
 MAXIMUM TEMPERATURE (F)   42        72      1951
 MINIMUM TEMPERATURE (F)   20       -11      1984


SUNRISE AND SUNSET
JANUARY 18 2018.......SUNRISE   746 AM CST   SUNSET   536 PM CST
JANUARY 19 2018.......SUNRISE   746 AM CST   SUNSET   537 PM CST


-  INDICATES NEGATIVE NUMBERS.
R  INDICATES RECORD WAS SET OR TIED.
MM INDICATES DATA IS MISSING.
T  INDICATES TRACE AMOUNT.




$$
