000
CDUS43 KICT 230705
CLISLN


CLIMATE REPORT
NATIONAL WEATHER SERVICE WICHITA KS
105 AM CST MON FEB 23 2015


...................................

...THE SALINA KS CLIMATE SUMMARY FOR FEBRUARY 22 2015...

CLIMATE NORMAL PERIOD 1981 TO 2010
CLIMATE RECORD PERIOD 1894 TO 2015


WEATHER ITEM   OBSERVED TIME   RECORD YEAR NORMAL DEPARTURE LAST
                VALUE   (LST)  VALUE       VALUE  FROM      YEAR
                                                  NORMAL
..................................................................
TEMPERATURE (F)
 YESTERDAY
  MAXIMUM         29   1220 AM  76    1982  49    -20       58
  MINIMUM         17   1159 PM   3    1911  27    -10       25
  AVERAGE         23                        38    -15       42

PRECIPITATION (IN)
  YESTERDAY        T             0.97 2000   0.04  -0.04     0.00
  MONTH TO DATE    0.12                      0.88  -0.76     1.27
  SINCE DEC 1      3.22                      2.45   0.77     2.98
  SINCE JAN 1      1.32                      1.51  -0.19     1.76

DEGREE DAYS
 HEATING
  YESTERDAY       42                        27     15       23
  MONTH TO DATE  690                       668     22      797
  SINCE DEC 1   2585                      2732   -147     3042
  SINCE JUL 1   3582                      3684   -102     4030

 COOLING
  YESTERDAY        0                         0      0        0
  MONTH TO DATE    0                         0      0        0
  SINCE DEC 1      0                         0      0        0
  SINCE JAN 1      0                         0      0        0
..................................................................


WIND (MPH)
  HIGHEST WIND SPEED    29   HIGHEST WIND DIRECTION     N (360)
  HIGHEST GUST SPEED    35   HIGHEST GUST DIRECTION     N (10)
  AVERAGE WIND SPEED    17.3


SKY COVER
  POSSIBLE SUNSHINE  MM
  AVERAGE SKY COVER 1.0


WEATHER CONDITIONS
 THE FOLLOWING WEATHER WAS RECORDED YESTERDAY.
  LIGHT SNOW


RELATIVE HUMIDITY (PERCENT)
 HIGHEST    80           900 AM
 LOWEST     35           500 PM
 AVERAGE    58

..........................................................


THE SALINA KS CLIMATE NORMALS FOR TODAY
                         NORMAL    RECORD    YEAR
 MAXIMUM TEMPERATURE (F)   49        84      1918
 MINIMUM TEMPERATURE (F)   27        -2      2013


SUNRISE AND SUNSET
FEBRUARY 23 2015......SUNRISE   712 AM CST   SUNSET   617 PM CST
FEBRUARY 24 2015......SUNRISE   710 AM CST   SUNSET   618 PM CST


-  INDICATES NEGATIVE NUMBERS.
R  INDICATES RECORD WAS SET OR TIED.
MM INDICATES DATA IS MISSING.
T  INDICATES TRACE AMOUNT.




$$
