000
CDUS43 KICT 180734
CLISLN


CLIMATE REPORT
NATIONAL WEATHER SERVICE WICHITA KS
234 AM CDT MON JUL 18 2016


...................................

...THE SALINA KS CLIMATE SUMMARY FOR JULY 17 2016...

CLIMATE NORMAL PERIOD 1981 TO 2010
CLIMATE RECORD PERIOD 1894 TO 2016


WEATHER ITEM   OBSERVED TIME   RECORD YEAR NORMAL DEPARTURE LAST
                VALUE   (LST)  VALUE       VALUE  FROM      YEAR
                                                  NORMAL
..................................................................
TEMPERATURE (F)
 YESTERDAY
  MAXIMUM        102    357 PM 113    1936  93      9       99
  MINIMUM         75    544 AM  54    1917  70      5       74
  AVERAGE         89                        82      7       87

PRECIPITATION (IN)
  YESTERDAY        0.00          1.42 1963   0.13  -0.13      T
  MONTH TO DATE    1.64                      2.52  -0.88     2.12
  SINCE JUN 1      2.09                      6.63  -4.54     6.62
  SINCE JAN 1     13.91                     18.62  -4.71    18.22

DEGREE DAYS
 HEATING
  YESTERDAY        0                         0      0        0
  MONTH TO DATE    0                         0      0        0
  SINCE JUN 1      0                         7     -7        0
  SINCE JUL 1      0                         0      0        0

 COOLING
  YESTERDAY       24                        16      8       22
  MONTH TO DATE  295                       268     27      281
  SINCE JUN 1    787                       593    194      721
  SINCE JAN 1    912                       721    191      811
..................................................................


WIND (MPH)
  HIGHEST WIND SPEED    25   HIGHEST WIND DIRECTION     S (190)
  HIGHEST GUST SPEED    35   HIGHEST GUST DIRECTION     S (200)
  AVERAGE WIND SPEED    13.8


SKY COVER
  POSSIBLE SUNSHINE  MM
  AVERAGE SKY COVER 0.0


WEATHER CONDITIONS
 THE FOLLOWING WEATHER WAS RECORDED YESTERDAY.
  NO SIGNIFICANT WEATHER WAS OBSERVED.


RELATIVE HUMIDITY (PERCENT)
 HIGHEST    87           600 AM
 LOWEST     29           400 PM
 AVERAGE    58

..........................................................


THE SALINA KS CLIMATE NORMALS FOR TODAY
                         NORMAL    RECORD    YEAR
 MAXIMUM TEMPERATURE (F)   93       116      1936
 MINIMUM TEMPERATURE (F)   70        56      1908


SUNRISE AND SUNSET
JULY 18 2016..........SUNRISE   621 AM CDT   SUNSET   853 PM CDT
JULY 19 2016..........SUNRISE   621 AM CDT   SUNSET   852 PM CDT


-  INDICATES NEGATIVE NUMBERS.
R  INDICATES RECORD WAS SET OR TIED.
MM INDICATES DATA IS MISSING.
T  INDICATES TRACE AMOUNT.




$$
