000
CDUS43 KICT 230628
CLISLN


CLIMATE REPORT
NATIONAL WEATHER SERVICE WICHITA KS
128 AM CDT FRI SEP 23 2016


...................................

...THE SALINA KS CLIMATE SUMMARY FOR SEPTEMBER 22 2016...

CLIMATE NORMAL PERIOD 1981 TO 2010
CLIMATE RECORD PERIOD 1894 TO 2016


WEATHER ITEM   OBSERVED TIME   RECORD YEAR NORMAL DEPARTURE LAST
                VALUE   (LST)  VALUE       VALUE  FROM      YEAR
                                                  NORMAL
..................................................................
TEMPERATURE (F)
 YESTERDAY
  MAXIMUM         95    253 PM  99    1937  79     16       94
  MINIMUM         69   1131 PM  33    1995  55     14       69
  AVERAGE         82                        67     15       82

PRECIPITATION (IN)
  YESTERDAY        0.00          0.95 1955   0.08  -0.08     0.16
  MONTH TO DATE    0.85                      1.98  -1.13     1.10
  SINCE SEP 1      0.85                      1.98  -1.13     1.10
  SINCE JAN 1     23.29                     26.32  -3.03    24.95

DEGREE DAYS
 HEATING
  YESTERDAY        0                         2     -2        0
  MONTH TO DATE    0                        21    -21        2
  SINCE SEP 1      0                        21    -21        2
  SINCE JUL 1      0                        22    -22        2

 COOLING
  YESTERDAY       17                         5     12       17
  MONTH TO DATE  238                       175     63      308
  SINCE SEP 1    238                       175     63      308
  SINCE JAN 1   1908                      1582    326     1762
..................................................................


WIND (MPH)
  HIGHEST WIND SPEED    25   HIGHEST WIND DIRECTION     S (200)
  HIGHEST GUST SPEED    31   HIGHEST GUST DIRECTION     S (170)
  AVERAGE WIND SPEED    14.4


SKY COVER
  POSSIBLE SUNSHINE  MM
  AVERAGE SKY COVER 0.0


WEATHER CONDITIONS
 THE FOLLOWING WEATHER WAS RECORDED YESTERDAY.
  NO SIGNIFICANT WEATHER WAS OBSERVED.


RELATIVE HUMIDITY (PERCENT)
 HIGHEST    87           600 AM
 LOWEST     36           300 PM
 AVERAGE    62

..........................................................


THE SALINA KS CLIMATE NORMALS FOR TODAY
                         NORMAL    RECORD    YEAR
 MAXIMUM TEMPERATURE (F)   79        97      1926
 MINIMUM TEMPERATURE (F)   55        36      1983


SUNRISE AND SUNSET
SEPTEMBER 23 2016.....SUNRISE   720 AM CDT   SUNSET   725 PM CDT
SEPTEMBER 24 2016.....SUNRISE   721 AM CDT   SUNSET   724 PM CDT


-  INDICATES NEGATIVE NUMBERS.
R  INDICATES RECORD WAS SET OR TIED.
MM INDICATES DATA IS MISSING.
T  INDICATES TRACE AMOUNT.




$$
