000
CDUS43 KICT 240630
CLISLN


CLIMATE REPORT
NATIONAL WEATHER SERVICE WICHITA KS
130 AM CDT TUE MAR 24 2015


...................................

...THE SALINA KS CLIMATE SUMMARY FOR MARCH 23 2015...

CLIMATE NORMAL PERIOD 1981 TO 2010
CLIMATE RECORD PERIOD 1894 TO 2015


WEATHER ITEM   OBSERVED TIME   RECORD YEAR NORMAL DEPARTURE LAST
                VALUE   (LST)  VALUE       VALUE  FROM      YEAR
                                                  NORMAL
..................................................................
TEMPERATURE (F)
 YESTERDAY
  MAXIMUM         61    534 PM  88    1911  60      1       46
  MINIMUM         34    633 AM  10    1968  36     -2       16
  AVERAGE         48                        48      0       31

PRECIPITATION (IN)
  YESTERDAY        0.00          3.68 1987   0.09  -0.09      T
  MONTH TO DATE    T                         1.67  -1.67     0.18
  SINCE MAR 1      T                         1.67  -1.67     0.18
  SINCE JAN 1      1.44                      3.47  -2.03     1.99

DEGREE DAYS
 HEATING
  YESTERDAY       17                        17      0       34
  MONTH TO DATE  404                       480    -76      590
  SINCE MAR 1    404                       480    -76      590
  SINCE JUL 1   4233                      4321    -88     4840

 COOLING
  YESTERDAY        0                         0      0        0
  MONTH TO DATE    1                         0      1        0
  SINCE MAR 1      1                         0      1        0
  SINCE JAN 1      1                         0      1        0
..................................................................


WIND (MPH)
  HIGHEST WIND SPEED    21   HIGHEST WIND DIRECTION     N (350)
  HIGHEST GUST SPEED    23   HIGHEST GUST DIRECTION     E (100)
  AVERAGE WIND SPEED     9.5


SKY COVER
  POSSIBLE SUNSHINE  MM
  AVERAGE SKY COVER 0.1


WEATHER CONDITIONS
 THE FOLLOWING WEATHER WAS RECORDED YESTERDAY.
  HAZE


RELATIVE HUMIDITY (PERCENT)
 HIGHEST    64           600 AM
 LOWEST     35          1200 AM
 AVERAGE    50

..........................................................


THE SALINA KS CLIMATE NORMALS FOR TODAY
                         NORMAL    RECORD    YEAR
 MAXIMUM TEMPERATURE (F)   60        90      1910
 MINIMUM TEMPERATURE (F)   36        13      1965


SUNRISE AND SUNSET
MARCH 24 2015.........SUNRISE   728 AM CDT   SUNSET   746 PM CDT
MARCH 25 2015.........SUNRISE   727 AM CDT   SUNSET   747 PM CDT


-  INDICATES NEGATIVE NUMBERS.
R  INDICATES RECORD WAS SET OR TIED.
MM INDICATES DATA IS MISSING.
T  INDICATES TRACE AMOUNT.




$$
