000
CDUS43 KICT 251245
CLISLN


CLIMATE REPORT
NATIONAL WEATHER SERVICE WICHITA KS
745 AM CDT TUE AUG 25 2015


...................................

...THE SALINA KS CLIMATE SUMMARY FOR AUGUST 24 2015...

CLIMATE NORMAL PERIOD 1981 TO 2010
CLIMATE RECORD PERIOD 1894 TO 2015


WEATHER ITEM   OBSERVED TIME   RECORD YEAR NORMAL DEPARTURE LAST
                VALUE   (LST)  VALUE       VALUE  FROM      YEAR
                                                  NORMAL
..................................................................
TEMPERATURE (F)
 YESTERDAY
  MAXIMUM         83    337 PM 111    1936  90     -7      102
  MINIMUM         53    534 AM  45    1928  67    -14       77
  AVERAGE         68                        79    -11       90

PRECIPITATION (IN)
  YESTERDAY        0.00          2.18 1972   0.12  -0.12     0.08
  MONTH TO DATE    3.78                      3.11   0.67     2.21
  SINCE JUN 1     12.14                     11.51   0.63    11.13
  SINCE JAN 1     23.74                     23.50   0.24    18.52

DEGREE DAYS
 HEATING
  YESTERDAY        0                         0      0        0
  MONTH TO DATE    0                         0      0        0
  SINCE JUN 1      0                         7     -7        1
  SINCE JUL 1      0                         0      0        0

 COOLING
  YESTERDAY        3                        14    -11       25
  MONTH TO DATE  304                       366    -62      412
  SINCE JUN 1   1294                      1192    102     1212
  SINCE JAN 1   1384                      1320     64     1444
..................................................................


WIND (MPH)
  HIGHEST WIND SPEED    12   HIGHEST WIND DIRECTION    SE (150)
  HIGHEST GUST SPEED    15   HIGHEST GUST DIRECTION     S (200)
  AVERAGE WIND SPEED     4.3


SKY COVER
  POSSIBLE SUNSHINE  MM
  AVERAGE SKY COVER 0.0


WEATHER CONDITIONS
 THE FOLLOWING WEATHER WAS RECORDED YESTERDAY.
  NO SIGNIFICANT WEATHER WAS OBSERVED.


RELATIVE HUMIDITY (PERCENT)
 HIGHEST    86           200 AM
 LOWEST     24           400 PM
 AVERAGE    55

..........................................................


THE SALINA KS CLIMATE NORMALS FOR TODAY
                         NORMAL    RECORD    YEAR
 MAXIMUM TEMPERATURE (F)   90       113      1936
 MINIMUM TEMPERATURE (F)   67        50      1958


SUNRISE AND SUNSET
AUGUST 25 2015........SUNRISE   653 AM CDT   SUNSET   812 PM CDT
AUGUST 26 2015........SUNRISE   654 AM CDT   SUNSET   810 PM CDT


-  INDICATES NEGATIVE NUMBERS.
R  INDICATES RECORD WAS SET OR TIED.
MM INDICATES DATA IS MISSING.
T  INDICATES TRACE AMOUNT.




$$
