000
CDUS43 KICT 250630
CLISLN


CLIMATE REPORT
NATIONAL WEATHER SERVICE WICHITA KS
130 AM CDT THU SEP 25 2014


...................................

...THE SALINA KS CLIMATE SUMMARY FOR SEPTEMBER 24 2014...

CLIMATE NORMAL PERIOD 1981 TO 2010
CLIMATE RECORD PERIOD 1894 TO 2014


WEATHER ITEM   OBSERVED TIME   RECORD YEAR NORMAL DEPARTURE LAST
                VALUE   (LST)  VALUE       VALUE  FROM      YEAR
                                                  NORMAL
..................................................................
TEMPERATURE (F)
 YESTERDAY
  MAXIMUM         75    448 PM  95    1933  78     -3       78
  MINIMUM         61   1157 PM  32    1989  55      6       58
  AVERAGE         68                        66      2       68

PRECIPITATION (IN)
  YESTERDAY        1.80R         0.89 1993   0.09   1.71     0.00
  MONTH TO DATE    3.35                      2.16   1.19     1.21
  SINCE SEP 1      3.35                      2.16   1.19     1.21
  SINCE JAN 1     24.63                     26.50  -1.87    27.45

DEGREE DAYS
 HEATING
  YESTERDAY        0                         3     -3        0
  MONTH TO DATE   40                        27     13        3
  SINCE SEP 1     40                        27     13        3
  SINCE JUL 1     40                        28     12        6

 COOLING
  YESTERDAY        3                         4     -1        3
  MONTH TO DATE  156                       183    -27      264
  SINCE SEP 1    156                       183    -27      264
  SINCE JAN 1   1714                      1590    124     1658
..................................................................


WIND (MPH)
  HIGHEST WIND SPEED    31   HIGHEST WIND DIRECTION    SW (210)
  HIGHEST GUST SPEED    36   HIGHEST GUST DIRECTION    SW (210)
  AVERAGE WIND SPEED    13.2


SKY COVER
  POSSIBLE SUNSHINE  MM
  AVERAGE SKY COVER 0.3


WEATHER CONDITIONS
 THE FOLLOWING WEATHER WAS RECORDED YESTERDAY.
  THUNDERSTORM
  HEAVY RAIN
  RAIN
  LIGHT RAIN
  FOG


RELATIVE HUMIDITY (PERCENT)
 HIGHEST    90           400 AM
 LOWEST     64           200 PM
 AVERAGE    77

..........................................................


THE SALINA KS CLIMATE NORMALS FOR TODAY
                         NORMAL    RECORD    YEAR
 MAXIMUM TEMPERATURE (F)   78        92      2005
 MINIMUM TEMPERATURE (F)   54        36      1912


SUNRISE AND SUNSET
SEPTEMBER 25 2014.....SUNRISE   721 AM CDT   SUNSET   723 PM CDT
SEPTEMBER 26 2014.....SUNRISE   722 AM CDT   SUNSET   721 PM CDT


-  INDICATES NEGATIVE NUMBERS.
R  INDICATES RECORD WAS SET OR TIED.
MM INDICATES DATA IS MISSING.
T  INDICATES TRACE AMOUNT.




$$
