112
CDUS43 KICT 140623
CLISLN

CLIMATE REPORT
NATIONAL WEATHER SERVICE WICHITA KS
1222 AM CST THU DEC 14 2017


...................................

...THE SALINA KS CLIMATE SUMMARY FOR DECEMBER 13 2017...

CLIMATE NORMAL PERIOD 1981 TO 2010
CLIMATE RECORD PERIOD 1894 TO 2017


WEATHER ITEM   OBSERVED TIME   RECORD YEAR NORMAL DEPARTURE LAST
                VALUE   (LST)  VALUE       VALUE  FROM      YEAR
                                                  NORMAL
..................................................................
TEMPERATURE (F)
 YESTERDAY
  MAXIMUM         64    138 PM  74    1921  42     22       30
  MINIMUM         32   1151 PM -10    1961  22     10       14
  AVERAGE         48                        32     16       22

PRECIPITATION (IN)
  YESTERDAY        0.00          2.30 2015   0.04  -0.04     0.00
  MONTH TO DATE    0.00                      0.46  -0.46     0.53
  SINCE DEC 1      0.00                      0.46  -0.46     0.53
  SINCE JAN 1     25.38                     31.02  -5.64    27.05

DEGREE DAYS
 HEATING
  YESTERDAY       17                        33    -16       43
  MONTH TO DATE  292                       402   -110      440
  SINCE DEC 1    292                       402   -110      440
  SINCE JUL 1   1048                      1354   -306      983

 COOLING
  YESTERDAY        0                         0      0        0
  MONTH TO DATE    0                         0      0        0
  SINCE DEC 1      0                         0      0        0
  SINCE JAN 1   1965                      1647    318     2009
..................................................................


WIND (MPH)
  HIGHEST WIND SPEED    33   HIGHEST WIND DIRECTION    NW (330)
  HIGHEST GUST SPEED    41   HIGHEST GUST DIRECTION    NW (330)
  AVERAGE WIND SPEED    13.6


SKY COVER
  POSSIBLE SUNSHINE  MM
  AVERAGE SKY COVER 0.0


WEATHER CONDITIONS
 THE FOLLOWING WEATHER WAS RECORDED YESTERDAY.
  NO SIGNIFICANT WEATHER WAS OBSERVED.


RELATIVE HUMIDITY (PERCENT)
 HIGHEST    61           100 AM
 LOWEST     21          1200 PM
 AVERAGE    41

..........................................................


THE SALINA KS CLIMATE NORMALS FOR TODAY
                         NORMAL    RECORD    YEAR
 MAXIMUM TEMPERATURE (F)   42        69      1933
 MINIMUM TEMPERATURE (F)   22       -10      1963


SUNRISE AND SUNSET
DECEMBER 14 2017......SUNRISE   741 AM CST   SUNSET   510 PM CST
DECEMBER 15 2017......SUNRISE   742 AM CST   SUNSET   510 PM CST


-  INDICATES NEGATIVE NUMBERS.
R  INDICATES RECORD WAS SET OR TIED.
MM INDICATES DATA IS MISSING.
T  INDICATES TRACE AMOUNT.




$$
