000
CDUS43 KICT 100656
CLISLN


CLIMATE REPORT
NATIONAL WEATHER SERVICE WICHITA KS
156 AM CDT THU AUG 10 2017


...................................

...THE SALINA KS CLIMATE SUMMARY FOR AUGUST 9 2017...

CLIMATE NORMAL PERIOD 1981 TO 2010
CLIMATE RECORD PERIOD 1894 TO 2017


WEATHER ITEM   OBSERVED TIME   RECORD YEAR NORMAL DEPARTURE LAST
                VALUE   (LST)  VALUE       VALUE  FROM      YEAR
                                                  NORMAL
..................................................................
TEMPERATURE (F)
 YESTERDAY
  MAXIMUM         76    248 PM 112    1926  92    -16       97
  MINIMUM         66   1159 PM  51    1908  69     -3       73
  AVERAGE         71                        81    -10       85

PRECIPITATION (IN)
  YESTERDAY        0.11          4.17 1955   0.13  -0.02     0.00
  MONTH TO DATE    0.11                      1.24  -1.13     0.69
  SINCE JUN 1      3.49                      9.64  -6.15     3.47
  SINCE JAN 1     16.73                     21.63  -4.90    15.29

DEGREE DAYS
 HEATING
  YESTERDAY        0                         0      0        0
  MONTH TO DATE    0                         0      0        0
  SINCE JUN 1      0                         7     -7        0
  SINCE JUL 1      0                         0      0        0

 COOLING
  YESTERDAY        6                        16    -10       20
  MONTH TO DATE   82                       144    -62      156
  SINCE JUN 1   1137                       970    167     1236
  SINCE JAN 1   1297                      1098    199     1361
..................................................................


WIND (MPH)
  HIGHEST WIND SPEED    16   HIGHEST WIND DIRECTION    SE (120)
  HIGHEST GUST SPEED    20   HIGHEST GUST DIRECTION     S (200)
  AVERAGE WIND SPEED     7.5


SKY COVER
  POSSIBLE SUNSHINE  MM
  AVERAGE SKY COVER 0.5


WEATHER CONDITIONS
 THE FOLLOWING WEATHER WAS RECORDED YESTERDAY.
  LIGHT RAIN
  FOG


RELATIVE HUMIDITY (PERCENT)
 HIGHEST    90           100 PM
 LOWEST     68          1200 AM
 AVERAGE    79

..........................................................


THE SALINA KS CLIMATE NORMALS FOR TODAY
                         NORMAL    RECORD    YEAR
 MAXIMUM TEMPERATURE (F)   92       113      1934
 MINIMUM TEMPERATURE (F)   69        54      1912


SUNRISE AND SUNSET
AUGUST 10 2017........SUNRISE   640 AM CDT   SUNSET   831 PM CDT
AUGUST 11 2017........SUNRISE   641 AM CDT   SUNSET   830 PM CDT


-  INDICATES NEGATIVE NUMBERS.
R  INDICATES RECORD WAS SET OR TIED.
MM INDICATES DATA IS MISSING.
T  INDICATES TRACE AMOUNT.




$$
