000
CDUS43 KICT 110639
CLISLN


CLIMATE REPORT
NATIONAL WEATHER SERVICE WICHITA KS
1238 AM CST SAT NOV 11 2017


...................................

...THE SALINA KS CLIMATE SUMMARY FOR NOVEMBER 10 2017...

CLIMATE NORMAL PERIOD 1981 TO 2010
CLIMATE RECORD PERIOD 1894 TO 2017


WEATHER ITEM   OBSERVED TIME   RECORD YEAR NORMAL DEPARTURE LAST
                VALUE   (LST)  VALUE       VALUE  FROM      YEAR
                                                  NORMAL
..................................................................
TEMPERATURE (F)
 YESTERDAY
  MAXIMUM         51    508 PM  78    2012  58     -7       74
                                      1956
  MINIMUM         31    714 AM  14    1952  36     -5       33
  AVERAGE         41                        47     -6       54

PRECIPITATION (IN)
  YESTERDAY        0.00          0.47 2008   0.05  -0.05     0.00
  MONTH TO DATE    0.01                      0.49  -0.48     0.46
  SINCE SEP 1      7.62                      5.46   2.16     3.94
  SINCE JAN 1     25.33                     29.80  -4.47    26.38

DEGREE DAYS
 HEATING
  YESTERDAY       24                        18      6       11
  MONTH TO DATE  218                       160     58       61
  SINCE SEP 1    452                       477    -25      192
  SINCE JUL 1    452                       478    -26      192

 COOLING
  YESTERDAY        0                         0      0        0
  MONTH TO DATE    0                         0      0        4
  SINCE SEP 1    382                       239    143      339
  SINCE JAN 1   1963                      1646    317     2009
..................................................................


WIND (MPH)
  HIGHEST WIND SPEED    16   HIGHEST WIND DIRECTION    SE (150)
  HIGHEST GUST SPEED    21   HIGHEST GUST DIRECTION    SE (150)
  AVERAGE WIND SPEED    10.6


SKY COVER
  POSSIBLE SUNSHINE  MM
  AVERAGE SKY COVER 0.7


WEATHER CONDITIONS
 THE FOLLOWING WEATHER WAS RECORDED YESTERDAY.
  NO SIGNIFICANT WEATHER WAS OBSERVED.


RELATIVE HUMIDITY (PERCENT)
 HIGHEST    70          1100 PM
 LOWEST     41           300 PM
 AVERAGE    56

..........................................................


THE SALINA KS CLIMATE NORMALS FOR TODAY
                         NORMAL    RECORD    YEAR
 MAXIMUM TEMPERATURE (F)   58        78      1954
                                             1949
 MINIMUM TEMPERATURE (F)   35        10      1986


SUNRISE AND SUNSET
NOVEMBER 11 2017......SUNRISE   709 AM CST   SUNSET   520 PM CST
NOVEMBER 12 2017......SUNRISE   710 AM CST   SUNSET   519 PM CST


-  INDICATES NEGATIVE NUMBERS.
R  INDICATES RECORD WAS SET OR TIED.
MM INDICATES DATA IS MISSING.
T  INDICATES TRACE AMOUNT.




$$
