000
CDUS43 KICT 070626
CLISLN


CLIMATE REPORT
NATIONAL WEATHER SERVICE WICHITA KS
125 AM CDT MON APR 7 2014


...................................

...THE SALINA KS CLIMATE SUMMARY FOR APRIL 6 2014...

CLIMATE NORMAL PERIOD 1981 TO 2010
CLIMATE RECORD PERIOD 1894 TO 2014


WEATHER ITEM   OBSERVED TIME   RECORD YEAR NORMAL DEPARTURE LAST
                VALUE   (LST)  VALUE       VALUE  FROM      YEAR
                                                  NORMAL
..................................................................
TEMPERATURE (F)
 YESTERDAY
  MAXIMUM         60   1227 PM  89    1954  64     -4       78
  MINIMUM         47    634 AM  17    1936  40      7       46
  AVERAGE         54                        52      2       62

PRECIPITATION (IN)
  YESTERDAY        T             1.70 2005   0.10  -0.10     0.00
  MONTH TO DATE    0.08                      0.55  -0.47      T
  SINCE MAR 1      0.38                      2.94  -2.56     0.62
  SINCE JAN 1      2.19                      4.74  -2.55     3.89

DEGREE DAYS
 HEATING
  YESTERDAY       11                        13     -2        3
  MONTH TO DATE  115                        84     31       98
  SINCE MAR 1    850                       693    157      820
  SINCE JUL 1   5100                      4534    566     4442

 COOLING
  YESTERDAY        0                         0      0        0
  MONTH TO DATE    0                         0      0        0
  SINCE MAR 1      0                         2     -2        0
  SINCE JAN 1      0                         2     -2        0
..................................................................


WIND (MPH)
  HIGHEST WIND SPEED    23   HIGHEST WIND DIRECTION     S (200)
  HIGHEST GUST SPEED    30   HIGHEST GUST DIRECTION     S (200)
  AVERAGE WIND SPEED     5.9


SKY COVER
  POSSIBLE SUNSHINE  MM
  AVERAGE SKY COVER 1.0


WEATHER CONDITIONS
 THE FOLLOWING WEATHER WAS RECORDED YESTERDAY.
  LIGHT RAIN
  HAZE


RELATIVE HUMIDITY (PERCENT)
 HIGHEST    80          1000 PM
 LOWEST     38          1200 AM
 AVERAGE    59

..........................................................


THE SALINA KS CLIMATE NORMALS FOR TODAY
                         NORMAL    RECORD    YEAR
 MAXIMUM TEMPERATURE (F)   64        87      1908
 MINIMUM TEMPERATURE (F)   40        17      2009


SUNRISE AND SUNSET
APRIL  7 2014.........SUNRISE   706 AM CDT   SUNSET   800 PM CDT
APRIL  8 2014.........SUNRISE   705 AM CDT   SUNSET   801 PM CDT


-  INDICATES NEGATIVE NUMBERS.
R  INDICATES RECORD WAS SET OR TIED.
MM INDICATES DATA IS MISSING.
T  INDICATES TRACE AMOUNT.




$$
