000
CDUS43 KICT 130637
CLISLN


CLIMATE REPORT
NATIONAL WEATHER SERVICE WICHITA KS
137 AM CDT SAT MAY 13 2017


...................................

...THE SALINA KS CLIMATE SUMMARY FOR MAY 12 2017...

CLIMATE NORMAL PERIOD 1981 TO 2010
CLIMATE RECORD PERIOD 1894 TO 2017


WEATHER ITEM   OBSERVED TIME   RECORD YEAR NORMAL DEPARTURE LAST
                VALUE   (LST)  VALUE       VALUE  FROM      YEAR
                                                  NORMAL
..................................................................
TEMPERATURE (F)
 YESTERDAY
  MAXIMUM         76    440 PM  95    1956  75      1       77
  MINIMUM         48    546 AM  34    1960  53     -5       51
                                      1952
  AVERAGE         62                        64     -2       64

PRECIPITATION (IN)
  YESTERDAY        0.00          1.13 1995   0.14  -0.14     0.00
  MONTH TO DATE    0.86                      1.60  -0.74     0.38
  SINCE MAR 1      8.13                      7.04   1.09     5.45
  SINCE JAN 1     10.23                      8.84   1.39     6.69

DEGREE DAYS
 HEATING
  YESTERDAY        3                         4     -1        1
  MONTH TO DATE   35                        58    -23       39
  SINCE MAR 1    744                       985   -241      671
  SINCE JUL 1   3412                      4826  -1414     3657

 COOLING
  YESTERDAY        0                         3     -3        0
  MONTH TO DATE   30                        22      8       14
  SINCE MAR 1     81                        47     34       48
  SINCE JAN 1     81                        47     34       48
..................................................................


WIND (MPH)
  HIGHEST WIND SPEED    22   HIGHEST WIND DIRECTION     N (20)
  HIGHEST GUST SPEED    27   HIGHEST GUST DIRECTION     N (20)
  AVERAGE WIND SPEED     8.1


SKY COVER
  POSSIBLE SUNSHINE  MM
  AVERAGE SKY COVER 0.1


WEATHER CONDITIONS
 THE FOLLOWING WEATHER WAS RECORDED YESTERDAY.
  NO SIGNIFICANT WEATHER WAS OBSERVED.


RELATIVE HUMIDITY (PERCENT)
 HIGHEST    86           500 AM
 LOWEST     25           300 PM
 AVERAGE    56

..........................................................


THE SALINA KS CLIMATE NORMALS FOR TODAY
                         NORMAL    RECORD    YEAR
 MAXIMUM TEMPERATURE (F)   76        90      2001
                                             1988
 MINIMUM TEMPERATURE (F)   53        32      1966


SUNRISE AND SUNSET
MAY 13 2017...........SUNRISE   620 AM CDT   SUNSET   835 PM CDT
MAY 14 2017...........SUNRISE   619 AM CDT   SUNSET   835 PM CDT


-  INDICATES NEGATIVE NUMBERS.
R  INDICATES RECORD WAS SET OR TIED.
MM INDICATES DATA IS MISSING.
T  INDICATES TRACE AMOUNT.




$$
