000
CDUS43 KICT 230628
CLISLN


CLIMATE REPORT
NATIONAL WEATHER SERVICE WICHITA KS
128 AM CDT SAT AUG 23 2014


...................................

...THE SALINA KS CLIMATE SUMMARY FOR AUGUST 22 2014...

CLIMATE NORMAL PERIOD 1981 TO 2010
CLIMATE RECORD PERIOD 1894 TO 2014


WEATHER ITEM   OBSERVED TIME   RECORD YEAR NORMAL DEPARTURE LAST
                VALUE   (LST)  VALUE       VALUE  FROM      YEAR
                                                  NORMAL
..................................................................
TEMPERATURE (F)
 YESTERDAY
  MAXIMUM         99    443 PM 105    2000  91      8       92
  MINIMUM         78    710 AM  50    1922  68     10       69
  AVERAGE         89                        79     10       81

PRECIPITATION (IN)
  YESTERDAY        0.06          2.77 1985   0.12  -0.06     0.00
  MONTH TO DATE    2.13                      2.86  -0.73     5.00
  SINCE JUN 1     11.05                     11.26  -0.21    13.00
  SINCE JAN 1     18.44                     23.25  -4.81    26.24

DEGREE DAYS
 HEATING
  YESTERDAY        0                         0      0        0
  MONTH TO DATE    0                         0      0        0
  SINCE JUN 1      1                         7     -6       10
  SINCE JUL 1      0                         0      0        3

 COOLING
  YESTERDAY       24                        14     10       16
  MONTH TO DATE  364                       338     26      248
  SINCE JUN 1   1164                      1164      0     1078
  SINCE JAN 1   1396                      1292    104     1219
..................................................................


WIND (MPH)
  HIGHEST WIND SPEED    24   HIGHEST WIND DIRECTION    SE (130)
  HIGHEST GUST SPEED    31   HIGHEST GUST DIRECTION    SE (130)
  AVERAGE WIND SPEED    10.9


SKY COVER
  POSSIBLE SUNSHINE  MM
  AVERAGE SKY COVER 0.1


WEATHER CONDITIONS
 THE FOLLOWING WEATHER WAS RECORDED YESTERDAY.
  THUNDERSTORM
  LIGHT RAIN
  HAZE


RELATIVE HUMIDITY (PERCENT)
 HIGHEST    74           700 AM
 LOWEST     39           500 PM
 AVERAGE    57

..........................................................


THE SALINA KS CLIMATE NORMALS FOR TODAY
                         NORMAL    RECORD    YEAR
 MAXIMUM TEMPERATURE (F)   90       108      1936
 MINIMUM TEMPERATURE (F)   67        44      1923


SUNRISE AND SUNSET
AUGUST 23 2014........SUNRISE   652 AM CDT   SUNSET   814 PM CDT
AUGUST 24 2014........SUNRISE   652 AM CDT   SUNSET   813 PM CDT


-  INDICATES NEGATIVE NUMBERS.
R  INDICATES RECORD WAS SET OR TIED.
MM INDICATES DATA IS MISSING.
T  INDICATES TRACE AMOUNT.




$$
