000
CDUS43 KICT 110651
CLISLN


CLIMATE REPORT
NATIONAL WEATHER SERVICE WICHITA KS
151 AM CDT THU SEP 11 2014


...................................

...THE SALINA KS CLIMATE SUMMARY FOR SEPTEMBER 10 2014...

CLIMATE NORMAL PERIOD 1981 TO 2010
CLIMATE RECORD PERIOD 1894 TO 2014


WEATHER ITEM   OBSERVED TIME   RECORD YEAR NORMAL DEPARTURE LAST
                VALUE   (LST)  VALUE       VALUE  FROM      YEAR
                                                  NORMAL
..................................................................
TEMPERATURE (F)
 YESTERDAY
  MAXIMUM         75    437 PM 103    2000  85    -10       98
  MINIMUM         61   1159 PM  43    1962  61      0       73
  AVERAGE         68                        73     -5       86

PRECIPITATION (IN)
  YESTERDAY        0.01          2.00 1958   0.10  -0.09     0.00
  MONTH TO DATE    0.43                      0.96  -0.53      T
  SINCE SEP 1      0.43                      0.96  -0.53      T
  SINCE JAN 1     21.71                     25.30  -3.59    26.24

DEGREE DAYS
 HEATING
  YESTERDAY        0                         1     -1        0
  MONTH TO DATE    0                         3     -3        0
  SINCE SEP 1      0                         3     -3        0
  SINCE JUL 1      0                         4     -4        3

 COOLING
  YESTERDAY        3                         8     -5       21
  MONTH TO DATE   98                        99     -1      161
  SINCE SEP 1     98                        99     -1      161
  SINCE JAN 1   1656                      1506    150     1555
..................................................................


WIND (MPH)
  HIGHEST WIND SPEED    26   HIGHEST WIND DIRECTION     N (340)
  HIGHEST GUST SPEED    32   HIGHEST GUST DIRECTION     N (340)
  AVERAGE WIND SPEED    15.4


SKY COVER
  POSSIBLE SUNSHINE  MM
  AVERAGE SKY COVER 0.9


WEATHER CONDITIONS
 THE FOLLOWING WEATHER WAS RECORDED YESTERDAY.
  THUNDERSTORM
  RAIN
  LIGHT RAIN
  FOG


RELATIVE HUMIDITY (PERCENT)
 HIGHEST    90           600 AM
 LOWEST     61           400 PM
 AVERAGE    76

..........................................................


THE SALINA KS CLIMATE NORMALS FOR TODAY
                         NORMAL    RECORD    YEAR
 MAXIMUM TEMPERATURE (F)   84       105      1956
 MINIMUM TEMPERATURE (F)   61        42      1959


SUNRISE AND SUNSET
SEPTEMBER 11 2014.....SUNRISE   708 AM CDT   SUNSET   745 PM CDT
SEPTEMBER 12 2014.....SUNRISE   709 AM CDT   SUNSET   744 PM CDT


-  INDICATES NEGATIVE NUMBERS.
R  INDICATES RECORD WAS SET OR TIED.
MM INDICATES DATA IS MISSING.
T  INDICATES TRACE AMOUNT.




$$

JMBW
