000
CDUS43 KICT 110631
CLISLN


CLIMATE REPORT
NATIONAL WEATHER SERVICE WICHITA KS
130 AM CDT WED OCT 11 2017


...................................

...THE SALINA KS CLIMATE SUMMARY FOR OCTOBER 10 2017...

CLIMATE NORMAL PERIOD 1981 TO 2010
CLIMATE RECORD PERIOD 1894 TO 2017


WEATHER ITEM   OBSERVED TIME   RECORD YEAR NORMAL DEPARTURE LAST
                VALUE   (LST)  VALUE       VALUE  FROM      YEAR
                                                  NORMAL
..................................................................
TEMPERATURE (F)
 YESTERDAY
  MAXIMUM         51    442 PM  95    1963  71    -20       72
  MINIMUM         41   1048 PM  19    1906  48     -7       54
  AVERAGE         46                        60    -14       63

PRECIPITATION (IN)
  YESTERDAY        0.09          2.80 1973   0.08   0.01     0.33
  MONTH TO DATE    4.95                      0.83   4.12     1.56
  SINCE SEP 1      6.78                      3.53   3.25     2.76
  SINCE JAN 1     24.49                     27.87  -3.38    25.20

DEGREE DAYS
 HEATING
  YESTERDAY       19                         7     12        2
  MONTH TO DATE   34                        58    -24       29
  SINCE SEP 1     42                       109    -67       45
  SINCE JUL 1     42                       110    -68       45

 COOLING
  YESTERDAY        0                         1     -1        0
  MONTH TO DATE   49                        21     28       14
  SINCE SEP 1    367                       226    141      280
  SINCE JAN 1   1948                      1633    315     1950
..................................................................


WIND (MPH)
  HIGHEST WIND SPEED    30   HIGHEST WIND DIRECTION     N (350)
  HIGHEST GUST SPEED    35   HIGHEST GUST DIRECTION     N (350)
  AVERAGE WIND SPEED    12.6


SKY COVER
  POSSIBLE SUNSHINE  MM
  AVERAGE SKY COVER 0.8


WEATHER CONDITIONS
 THE FOLLOWING WEATHER WAS RECORDED YESTERDAY.
  RAIN
  LIGHT RAIN
  FOG
  HAZE


RELATIVE HUMIDITY (PERCENT)
 HIGHEST    89           800 AM
 LOWEST     61           400 PM
 AVERAGE    75

..........................................................


THE SALINA KS CLIMATE NORMALS FOR TODAY
                         NORMAL    RECORD    YEAR
 MAXIMUM TEMPERATURE (F)   71        94      1975
 MINIMUM TEMPERATURE (F)   48        28      1919


SUNRISE AND SUNSET
OCTOBER 11 2017.......SUNRISE   736 AM CDT   SUNSET   658 PM CDT
OCTOBER 12 2017.......SUNRISE   737 AM CDT   SUNSET   656 PM CDT


-  INDICATES NEGATIVE NUMBERS.
R  INDICATES RECORD WAS SET OR TIED.
MM INDICATES DATA IS MISSING.
T  INDICATES TRACE AMOUNT.




$$
