000
CDUS43 KICT 120700
CLISLN


CLIMATE REPORT
NATIONAL WEATHER SERVICE WICHITA KS
100 AM CST FRI JAN 12 2018


...................................

...THE SALINA KS CLIMATE SUMMARY FOR JANUARY 11 2018...

CLIMATE NORMAL PERIOD 1981 TO 2010
CLIMATE RECORD PERIOD 1894 TO 2018


WEATHER ITEM   OBSERVED TIME   RECORD YEAR NORMAL DEPARTURE LAST
                VALUE   (LST)  VALUE       VALUE  FROM      YEAR
                                                  NORMAL
..................................................................
TEMPERATURE (F)
 YESTERDAY
  MAXIMUM         51   1241 AM  72    1911  41     10       MM
  MINIMUM          6   1152 PM -22    1918  20    -14       MM
  AVERAGE         29                        31     -2       MM

PRECIPITATION (IN)
  YESTERDAY        0.08          0.78 1949   0.02   0.06     0.00
  MONTH TO DATE    0.08                      0.17  -0.09     0.19
  SINCE DEC 1      0.13                      1.11  -0.98     1.04
  SINCE JAN 1      0.08                      0.17  -0.09     0.19

DEGREE DAYS
 HEATING
  YESTERDAY       36                        34      2       MM
  MONTH TO DATE  385                       374     11      181
  SINCE DEC 1   1318                      1386    -68     1207
  SINCE JUL 1   2074                      2338   -264     1750

 COOLING
  YESTERDAY        0                         0      0       MM
  MONTH TO DATE    0                         0      0        0
  SINCE DEC 1      0                         0      0        0
  SINCE JAN 1      0                         0      0        0
..................................................................


WIND (MPH)
  HIGHEST WIND SPEED    40   HIGHEST WIND DIRECTION     N (350)
  HIGHEST GUST SPEED    47   HIGHEST GUST DIRECTION     N (340)
  AVERAGE WIND SPEED    20.9


SKY COVER
  POSSIBLE SUNSHINE  MM
  AVERAGE SKY COVER 0.5


WEATHER CONDITIONS
 THE FOLLOWING WEATHER WAS RECORDED YESTERDAY.
  LIGHT RAIN
  LIGHT SNOW
  FOG
  FOG W/VISIBILITY <= 1/4 MILE
  HAZE


RELATIVE HUMIDITY (PERCENT)
 HIGHEST    92           400 AM
 LOWEST     62           400 PM
 AVERAGE    77

..........................................................


THE SALINA KS CLIMATE NORMALS FOR TODAY
                         NORMAL    RECORD    YEAR
 MAXIMUM TEMPERATURE (F)   41        65      1996
 MINIMUM TEMPERATURE (F)   20       -20      1918


SUNRISE AND SUNSET
JANUARY 12 2018.......SUNRISE   748 AM CST   SUNSET   530 PM CST
JANUARY 13 2018.......SUNRISE   748 AM CST   SUNSET   531 PM CST


-  INDICATES NEGATIVE NUMBERS.
R  INDICATES RECORD WAS SET OR TIED.
MM INDICATES DATA IS MISSING.
T  INDICATES TRACE AMOUNT.




$$
