000
CDUS43 KICT 200632
CLISLN


CLIMATE REPORT
NATIONAL WEATHER SERVICE WICHITA KS
131 AM CDT WED MAY 20 2015


...................................

...THE SALINA KS CLIMATE SUMMARY FOR MAY 19 2015...

CLIMATE NORMAL PERIOD 1981 TO 2010
CLIMATE RECORD PERIOD 1894 TO 2015


WEATHER ITEM   OBSERVED TIME   RECORD YEAR NORMAL DEPARTURE LAST
                VALUE   (LST)  VALUE       VALUE  FROM      YEAR
                                                  NORMAL
..................................................................
TEMPERATURE (F)
 YESTERDAY
  MAXIMUM         59   1216 PM 101    1933  77    -18       93
  MINIMUM         48   1159 PM  32    1894  55     -7       65
  AVERAGE         54                        66    -12       79

PRECIPITATION (IN)
  YESTERDAY        0.40          1.25 2010   0.16   0.24     0.00
  MONTH TO DATE    5.61                      2.69   2.92     0.85
  SINCE MAR 1      7.49                      8.13  -0.64     2.48
  SINCE JAN 1      8.93                      9.93  -1.00     4.29

DEGREE DAYS
 HEATING
  YESTERDAY       11                         2      9        0
  MONTH TO DATE   52                        78    -26       99
  SINCE MAR 1    784                      1005   -221     1147
  SINCE JUL 1   4613                      4846   -233     5397

 COOLING
  YESTERDAY        0                         4     -4       14
  MONTH TO DATE   55                        44     11       76
  SINCE MAR 1     67                        69     -2      112
  SINCE JAN 1     67                        69     -2      112
..................................................................


WIND (MPH)
  HIGHEST WIND SPEED    21   HIGHEST WIND DIRECTION    NE (50)
  HIGHEST GUST SPEED    27   HIGHEST GUST DIRECTION    NE (40)
  AVERAGE WIND SPEED    11.5


SKY COVER
  POSSIBLE SUNSHINE  MM
  AVERAGE SKY COVER 0.5


WEATHER CONDITIONS
 THE FOLLOWING WEATHER WAS RECORDED YESTERDAY.
  HEAVY RAIN
  RAIN
  LIGHT RAIN
  FOG


RELATIVE HUMIDITY (PERCENT)
 HIGHEST    86          1000 PM
 LOWEST     51          1200 PM
 AVERAGE    69

..........................................................


THE SALINA KS CLIMATE NORMALS FOR TODAY
                         NORMAL    RECORD    YEAR
 MAXIMUM TEMPERATURE (F)   78        98      1956
 MINIMUM TEMPERATURE (F)   55        34      1931


SUNRISE AND SUNSET
MAY 20 2015...........SUNRISE   614 AM CDT   SUNSET   840 PM CDT
MAY 21 2015...........SUNRISE   614 AM CDT   SUNSET   841 PM CDT


-  INDICATES NEGATIVE NUMBERS.
R  INDICATES RECORD WAS SET OR TIED.
MM INDICATES DATA IS MISSING.
T  INDICATES TRACE AMOUNT.




$$
