000
CDUS43 KICT 060725
CLISLN


CLIMATE REPORT
NATIONAL WEATHER SERVICE WICHITA KS
225 AM CDT SUN AUG 6 2017


...................................

...THE SALINA KS CLIMATE SUMMARY FOR AUGUST 5 2017...

CLIMATE NORMAL PERIOD 1981 TO 2010
CLIMATE RECORD PERIOD 1894 TO 2017


WEATHER ITEM   OBSERVED TIME   RECORD YEAR NORMAL DEPARTURE LAST
                VALUE   (LST)  VALUE       VALUE  FROM      YEAR
                                                  NORMAL
..................................................................
TEMPERATURE (F)
 YESTERDAY
  MAXIMUM         90    323 PM 108    1956  92     -2       78
  MINIMUM         66    702 AM  55    1948  70     -4       69
  AVERAGE         78                        81     -3       74

PRECIPITATION (IN)
  YESTERDAY        T             2.14 2015   0.13  -0.13     0.06
  MONTH TO DATE    T                         0.70  -0.70     0.35
  SINCE JUN 1      3.38                      9.10  -5.72     3.13
  SINCE JAN 1     16.62                     21.09  -4.47    14.95

DEGREE DAYS
 HEATING
  YESTERDAY        0                         0      0        0
  MONTH TO DATE    0                         0      0        0
  SINCE JUN 1      0                         7     -7        0
  SINCE JUL 1      0                         0      0        0

 COOLING
  YESTERDAY       13                        16     -3        9
  MONTH TO DATE   52                        80    -28      103
  SINCE JUN 1   1107                       906    201     1183
  SINCE JAN 1   1267                      1034    233     1308
..................................................................


WIND (MPH)
  HIGHEST WIND SPEED    25   HIGHEST WIND DIRECTION    SE (150)
  HIGHEST GUST SPEED    33   HIGHEST GUST DIRECTION    SE (150)
  AVERAGE WIND SPEED    16.0


SKY COVER
  POSSIBLE SUNSHINE  MM
  AVERAGE SKY COVER 0.6


WEATHER CONDITIONS
 THE FOLLOWING WEATHER WAS RECORDED YESTERDAY.
  THUNDERSTORM
  LIGHT RAIN


RELATIVE HUMIDITY (PERCENT)
 HIGHEST    79           900 PM
 LOWEST     44          1200 AM
 AVERAGE    62

..........................................................


THE SALINA KS CLIMATE NORMALS FOR TODAY
                         NORMAL    RECORD    YEAR
 MAXIMUM TEMPERATURE (F)   92       111      1934
 MINIMUM TEMPERATURE (F)   70        52      1894


SUNRISE AND SUNSET
AUGUST  6 2017........SUNRISE   637 AM CDT   SUNSET   836 PM CDT
AUGUST  7 2017........SUNRISE   637 AM CDT   SUNSET   835 PM CDT


-  INDICATES NEGATIVE NUMBERS.
R  INDICATES RECORD WAS SET OR TIED.
MM INDICATES DATA IS MISSING.
T  INDICATES TRACE AMOUNT.




$$
