000
CDUS43 KICT 250652
CLISLN


CLIMATE REPORT
NATIONAL WEATHER SERVICE WICHITA KS
152 AM CDT FRI JUL 25 2014


...................................

...THE SALINA KS CLIMATE SUMMARY FOR JULY 24 2014...

CLIMATE NORMAL PERIOD 1981 TO 2010
CLIMATE RECORD PERIOD 1894 TO 2014


WEATHER ITEM   OBSERVED TIME   RECORD YEAR NORMAL DEPARTURE LAST
                VALUE   (LST)  VALUE       VALUE  FROM      YEAR
                                                  NORMAL
..................................................................
TEMPERATURE (F)
 YESTERDAY
  MAXIMUM         96    358 PM 116    1936  93      3       90
  MINIMUM         67    303 AM  50    1905  70     -3       67
  AVERAGE         82                        82      0       79

PRECIPITATION (IN)
  YESTERDAY        0.00          2.15 2004   0.12  -0.12     0.00
  MONTH TO DATE    0.71                      3.42  -2.71     2.33
  SINCE JUN 1      8.90                      7.53   1.37     4.57
  SINCE JAN 1     16.29                     19.52  -3.23    17.81

DEGREE DAYS
 HEATING
  YESTERDAY        0                         0      0        0
  MONTH TO DATE    0                         0      0        0
  SINCE JUN 1      1                         7     -6        7
  SINCE JUL 1      0                         0      0        0

 COOLING
  YESTERDAY       17                        16      1       14
  MONTH TO DATE  335                       383    -48      397
  SINCE JUN 1    692                       708    -16      784
  SINCE JAN 1    924                       836     88      925
..................................................................


WIND (MPH)
  HIGHEST WIND SPEED    25   HIGHEST WIND DIRECTION     S (160)
  HIGHEST GUST SPEED    33   HIGHEST GUST DIRECTION    SE (150)
  AVERAGE WIND SPEED    13.8


SKY COVER
  POSSIBLE SUNSHINE  MM
  AVERAGE SKY COVER 0.0


WEATHER CONDITIONS
 THE FOLLOWING WEATHER WAS RECORDED YESTERDAY.
  NO SIGNIFICANT WEATHER WAS OBSERVED.


RELATIVE HUMIDITY (PERCENT)
 HIGHEST    87           300 AM
 LOWEST     39           100 PM
 AVERAGE    63

..........................................................


THE SALINA KS CLIMATE NORMALS FOR TODAY
                         NORMAL    RECORD    YEAR
 MAXIMUM TEMPERATURE (F)   93       110      1936
 MINIMUM TEMPERATURE (F)   70        50      1911


SUNRISE AND SUNSET
JULY 25 2014..........SUNRISE   626 AM CDT   SUNSET   848 PM CDT
JULY 26 2014..........SUNRISE   627 AM CDT   SUNSET   847 PM CDT


-  INDICATES NEGATIVE NUMBERS.
R  INDICATES RECORD WAS SET OR TIED.
MM INDICATES DATA IS MISSING.
T  INDICATES TRACE AMOUNT.




$$
