008
CDUS43 KICT 150647
CLISLN


CLIMATE REPORT
NATIONAL WEATHER SERVICE WICHITA KS
1247 AM CST WED FEB 15 2017


...................................

...THE SALINA KS CLIMATE SUMMARY FOR FEBRUARY 14 2017...

CLIMATE NORMAL PERIOD 1981 TO 2010
CLIMATE RECORD PERIOD 1894 TO 2017


WEATHER ITEM   OBSERVED TIME   RECORD YEAR NORMAL DEPARTURE LAST
                VALUE   (LST)  VALUE       VALUE  FROM      YEAR
                                                  NORMAL
..................................................................
TEMPERATURE (F)
 YESTERDAY
  MAXIMUM         58    328 PM  84    1954  46     12       59
  MINIMUM         31   1125 PM  -9    1936  24      7       18
  AVERAGE         45                        35     10       39

PRECIPITATION (IN)
  YESTERDAY        0.00          0.61 1969   0.04  -0.04     0.00
  MONTH TO DATE    0.02                      0.53  -0.51     0.48
  SINCE DEC 1      2.89                      2.10   0.79     4.86
  SINCE JAN 1      2.04                      1.16   0.88     1.20

DEGREE DAYS
 HEATING
  YESTERDAY       20                        30    -10       26
  MONTH TO DATE  357                       440    -83      393
  SINCE DEC 1   1920                      2504   -584     2100
  SINCE JUL 1   2463                      3456   -993     2732

 COOLING
  YESTERDAY        0                         0      0        0
  MONTH TO DATE    0                         0      0        0
  SINCE DEC 1      0                         0      0        0
  SINCE JAN 1      0                         0      0        0
..................................................................


WIND (MPH)
  HIGHEST WIND SPEED    22   HIGHEST WIND DIRECTION     N (10)
  HIGHEST GUST SPEED    27   HIGHEST GUST DIRECTION     N (360)
  AVERAGE WIND SPEED    10.9


SKY COVER
  POSSIBLE SUNSHINE  MM
  AVERAGE SKY COVER 0.1


WEATHER CONDITIONS
 THE FOLLOWING WEATHER WAS RECORDED YESTERDAY.
  NO SIGNIFICANT WEATHER WAS OBSERVED.


RELATIVE HUMIDITY (PERCENT)
 HIGHEST    89           300 AM
 LOWEST     21           400 PM
 AVERAGE    55

..........................................................


THE SALINA KS CLIMATE NORMALS FOR TODAY
                         NORMAL    RECORD    YEAR
 MAXIMUM TEMPERATURE (F)   46        75      1921
 MINIMUM TEMPERATURE (F)   25        -7      1905


SUNRISE AND SUNSET
FEBRUARY 15 2017......SUNRISE   721 AM CST   SUNSET   609 PM CST
FEBRUARY 16 2017......SUNRISE   720 AM CST   SUNSET   610 PM CST


-  INDICATES NEGATIVE NUMBERS.
R  INDICATES RECORD WAS SET OR TIED.
MM INDICATES DATA IS MISSING.
T  INDICATES TRACE AMOUNT.




$$
