106
CDUS43 KICT 180625
CLISLN

CLIMATE REPORT
NATIONAL WEATHER SERVICE WICHITA KS
125 AM CDT SUN SEP 18 2016


...................................

...THE SALINA KS CLIMATE SUMMARY FOR SEPTEMBER 17 2016...

CLIMATE NORMAL PERIOD 1981 TO 2010
CLIMATE RECORD PERIOD 1894 TO 2016


WEATHER ITEM   OBSERVED TIME   RECORD YEAR NORMAL DEPARTURE LAST
                VALUE   (LST)  VALUE       VALUE  FROM      YEAR
                                                  NORMAL
..................................................................
TEMPERATURE (F)
 YESTERDAY
  MAXIMUM         85    228 PM 103    1953  81      4       99
  MINIMUM         56    443 AM  34    1903  58     -2       75
  AVERAGE         71                        70      1       87

PRECIPITATION (IN)
  YESTERDAY        0.00          1.92 1978   0.09  -0.09     0.01
  MONTH TO DATE    0.85                      1.56  -0.71     0.94
  SINCE SEP 1      0.85                      1.56  -0.71     0.94
  SINCE JAN 1     23.29                     25.90  -2.61    24.79

DEGREE DAYS
 HEATING
  YESTERDAY        0                         2     -2        0
  MONTH TO DATE    0                        11    -11        0
  SINCE SEP 1      0                        11    -11        0
  SINCE JUL 1      0                        12    -12        0

 COOLING
  YESTERDAY        6                         6      0       22
  MONTH TO DATE  156                       148      8      274
  SINCE SEP 1    156                       148      8      274
  SINCE JAN 1   1826                      1555    271     1728
..................................................................


WIND (MPH)
  HIGHEST WIND SPEED    14   HIGHEST WIND DIRECTION    SE (150)
  HIGHEST GUST SPEED    16   HIGHEST GUST DIRECTION     S (160)
  AVERAGE WIND SPEED     3.2


SKY COVER
  POSSIBLE SUNSHINE  MM
  AVERAGE SKY COVER 0.3


WEATHER CONDITIONS
 THE FOLLOWING WEATHER WAS RECORDED YESTERDAY.
  FOG
  FOG W/VISIBILITY <= 1/4 MILE


RELATIVE HUMIDITY (PERCENT)
 HIGHEST   100          1200 AM
 LOWEST     25           400 PM
 AVERAGE    63

..........................................................


THE SALINA KS CLIMATE NORMALS FOR TODAY
                         NORMAL    RECORD    YEAR
 MAXIMUM TEMPERATURE (F)   81       102      1931
 MINIMUM TEMPERATURE (F)   57        36      1973


SUNRISE AND SUNSET
SEPTEMBER 18 2016.....SUNRISE   715 AM CDT   SUNSET   733 PM CDT
SEPTEMBER 19 2016.....SUNRISE   716 AM CDT   SUNSET   732 PM CDT


-  INDICATES NEGATIVE NUMBERS.
R  INDICATES RECORD WAS SET OR TIED.
MM INDICATES DATA IS MISSING.
T  INDICATES TRACE AMOUNT.




$$
