000
CDUS43 KICT 060622
CLISLN

CLIMATE REPORT
NATIONAL WEATHER SERVICE WICHITA KS
1221 AM CST MON NOV 6 2017


...................................

...THE SALINA KS CLIMATE SUMMARY FOR NOVEMBER 5 2017...

CLIMATE NORMAL PERIOD 1981 TO 2010
CLIMATE RECORD PERIOD 1894 TO 2017


WEATHER ITEM   OBSERVED TIME   RECORD YEAR NORMAL DEPARTURE LAST
                VALUE   (LST)  VALUE       VALUE  FROM      YEAR
                                                  NORMAL
..................................................................
TEMPERATURE (F)
 YESTERDAY
  MAXIMUM         52    449 PM  79    1963  61     -9       74
                                      1950
  MINIMUM         39   1040 PM  15    1982  38      1       45
  AVERAGE         46                        49     -3       60

PRECIPITATION (IN)
  YESTERDAY        0.00          0.74 1978   0.05  -0.05     0.00
  MONTH TO DATE    0.01                      0.25  -0.24      T
  SINCE SEP 1      7.62                      5.22   2.40     3.48
  SINCE JAN 1     25.33                     29.56  -4.23    25.92

DEGREE DAYS
 HEATING
  YESTERDAY       19                        16      3        5
  MONTH TO DATE   90                        74     16       15
  SINCE SEP 1    324                       391    -67      146
  SINCE JUL 1    324                       392    -68      146

 COOLING
  YESTERDAY        0                         0      0        0
  MONTH TO DATE    0                         0      0        4
  SINCE SEP 1    382                       239    143      339
  SINCE JAN 1   1963                      1646    317     2009
..................................................................


WIND (MPH)
  HIGHEST WIND SPEED    24   HIGHEST WIND DIRECTION     N (350)
  HIGHEST GUST SPEED    29   HIGHEST GUST DIRECTION     N (350)
  AVERAGE WIND SPEED    12.5


SKY COVER
  POSSIBLE SUNSHINE  MM
  AVERAGE SKY COVER 0.6


WEATHER CONDITIONS
 THE FOLLOWING WEATHER WAS RECORDED YESTERDAY.
  FOG


RELATIVE HUMIDITY (PERCENT)
 HIGHEST   100          1200 AM
 LOWEST     46          1000 PM
 AVERAGE    73

..........................................................


THE SALINA KS CLIMATE NORMALS FOR TODAY
                         NORMAL    RECORD    YEAR
 MAXIMUM TEMPERATURE (F)   60        86      1980
 MINIMUM TEMPERATURE (F)   38        15      1959


SUNRISE AND SUNSET
NOVEMBER  6 2017......SUNRISE   703 AM CST   SUNSET   525 PM CST
NOVEMBER  7 2017......SUNRISE   705 AM CST   SUNSET   524 PM CST


-  INDICATES NEGATIVE NUMBERS.
R  INDICATES RECORD WAS SET OR TIED.
MM INDICATES DATA IS MISSING.
T  INDICATES TRACE AMOUNT.




$$
