000
CDUS43 KICT 220623
CLISLN


CLIMATE REPORT
NATIONAL WEATHER SERVICE WICHITA KS
1222 AM CST SUN FEB 22 2015


...................................

...THE SALINA KS CLIMATE SUMMARY FOR FEBRUARY 21 2015...

CLIMATE NORMAL PERIOD 1981 TO 2010
CLIMATE RECORD PERIOD 1894 TO 2015


WEATHER ITEM   OBSERVED TIME   RECORD YEAR NORMAL DEPARTURE LAST
                VALUE   (LST)  VALUE       VALUE  FROM      YEAR
                                                  NORMAL
..................................................................
TEMPERATURE (F)
 YESTERDAY
  MAXIMUM         55    317 PM  80    1977  48      7       61
  MINIMUM         27    719 AM  -3    1939  26      1       25
  AVERAGE         41                        37      4       43

PRECIPITATION (IN)
  YESTERDAY        0.02          0.90 1971   0.05  -0.03     0.00
  MONTH TO DATE    0.12                      0.84  -0.72     1.27
  SINCE DEC 1      3.22                      2.41   0.81     2.98
  SINCE JAN 1      1.32                      1.47  -0.15     1.76

DEGREE DAYS
 HEATING
  YESTERDAY       24                        28     -4       22
  MONTH TO DATE  648                       641      7      774
  SINCE DEC 1   2543                      2705   -162     3019
  SINCE JUL 1   3540                      3657   -117     4007

 COOLING
  YESTERDAY        0                         0      0        0
  MONTH TO DATE    0                         0      0        0
  SINCE DEC 1      0                         0      0        0
  SINCE JAN 1      0                         0      0        0
..................................................................


WIND (MPH)
  HIGHEST WIND SPEED    26   HIGHEST WIND DIRECTION     N (20)
  HIGHEST GUST SPEED    33   HIGHEST GUST DIRECTION    NE (30)
  AVERAGE WIND SPEED    10.5


SKY COVER
  POSSIBLE SUNSHINE  MM
  AVERAGE SKY COVER 0.5


WEATHER CONDITIONS
 THE FOLLOWING WEATHER WAS RECORDED YESTERDAY.
  NO SIGNIFICANT WEATHER WAS OBSERVED.


RELATIVE HUMIDITY (PERCENT)
 HIGHEST    85           400 AM
 LOWEST     41           200 PM
 AVERAGE    63

..........................................................


THE SALINA KS CLIMATE NORMALS FOR TODAY
                         NORMAL    RECORD    YEAR
 MAXIMUM TEMPERATURE (F)   49        76      1982
 MINIMUM TEMPERATURE (F)   27         3      1911


SUNRISE AND SUNSET
FEBRUARY 22 2015......SUNRISE   713 AM CST   SUNSET   616 PM CST
FEBRUARY 23 2015......SUNRISE   712 AM CST   SUNSET   617 PM CST


-  INDICATES NEGATIVE NUMBERS.
R  INDICATES RECORD WAS SET OR TIED.
MM INDICATES DATA IS MISSING.
T  INDICATES TRACE AMOUNT.




$$
