000
CDUS43 KICT 020620
CLISLN


CLIMATE REPORT
NATIONAL WEATHER SERVICE WICHITA KS
119 AM CDT WED APR 2 2014


...................................

...THE SALINA KS CLIMATE SUMMARY FOR APRIL 1 2014...

CLIMATE NORMAL PERIOD 1981 TO 2010
CLIMATE RECORD PERIOD 1894 TO 2014


WEATHER ITEM   OBSERVED TIME   RECORD YEAR NORMAL DEPARTURE LAST
                VALUE   (LST)  VALUE       VALUE  FROM      YEAR
                                                  NORMAL
..................................................................
TEMPERATURE (F)
 YESTERDAY
  MAXIMUM         56    526 PM  91    1956  63     -7       52
  MINIMUM         28    451 AM  19    1972  39    -11       33
  AVERAGE         42                        50     -8       43

PRECIPITATION (IN)
  YESTERDAY        0.00          1.05 2006   0.09  -0.09      T
  MONTH TO DATE    0.00                      0.09  -0.09      T
  SINCE MAR 1      0.30                      2.48  -2.18     0.62
  SINCE JAN 1      2.11                      4.28  -2.17     3.89

DEGREE DAYS
 HEATING
  YESTERDAY       23                        15      8       22
  MONTH TO DATE   23                        15      8       22
  SINCE MAR 1    758                       624    134      744
  SINCE JUL 1   5008                      4465    543     4366

 COOLING
  YESTERDAY        0                         0      0        0
  MONTH TO DATE    0                         0      0        0
  SINCE MAR 1      0                         2     -2        0
  SINCE JAN 1      0                         2     -2        0
..................................................................


WIND (MPH)
  HIGHEST WIND SPEED    16   HIGHEST WIND DIRECTION    SE (120)
  HIGHEST GUST SPEED    20   HIGHEST GUST DIRECTION    SE (130)
  AVERAGE WIND SPEED     7.1


SKY COVER
  POSSIBLE SUNSHINE  MM
  AVERAGE SKY COVER 0.4


WEATHER CONDITIONS
 THE FOLLOWING WEATHER WAS RECORDED YESTERDAY.
  NO SIGNIFICANT WEATHER WAS OBSERVED.


RELATIVE HUMIDITY (PERCENT)
 HIGHEST    75           500 AM
 LOWEST     30           600 PM
 AVERAGE    53

..........................................................


THE SALINA KS CLIMATE NORMALS FOR TODAY
                         NORMAL    RECORD    YEAR
 MAXIMUM TEMPERATURE (F)   63        93      1928
 MINIMUM TEMPERATURE (F)   39        15      1936


SUNRISE AND SUNSET
APRIL  2 2014.........SUNRISE   714 AM CDT   SUNSET   755 PM CDT
APRIL  3 2014.........SUNRISE   712 AM CDT   SUNSET   756 PM CDT


-  INDICATES NEGATIVE NUMBERS.
R  INDICATES RECORD WAS SET OR TIED.
MM INDICATES DATA IS MISSING.
T  INDICATES TRACE AMOUNT.




$$
