021
CDUS43 KICT 190628
CLISLN


CLIMATE REPORT
NATIONAL WEATHER SERVICE WICHITA KS
128 AM CDT WED JUL 19 2017


...................................

...THE SALINA KS CLIMATE SUMMARY FOR JULY 18 2017...

CLIMATE NORMAL PERIOD 1981 TO 2010
CLIMATE RECORD PERIOD 1894 TO 2017


WEATHER ITEM   OBSERVED TIME   RECORD YEAR NORMAL DEPARTURE LAST
                VALUE   (LST)  VALUE       VALUE  FROM      YEAR
                                                  NORMAL
..................................................................
TEMPERATURE (F)
 YESTERDAY
  MAXIMUM        103    348 PM 116    1936  93     10      101
  MINIMUM         79    410 AM  56    1908  70      9       77
  AVERAGE         91                        82      9       89

PRECIPITATION (IN)
  YESTERDAY        0.00          1.15 2008   0.14  -0.14     0.00
  MONTH TO DATE    0.02                      2.66  -2.64     1.64
  SINCE JUN 1      1.71                      6.77  -5.06     2.09
  SINCE JAN 1     14.95                     18.76  -3.81    13.91

DEGREE DAYS
 HEATING
  YESTERDAY        0                         0      0        0
  MONTH TO DATE    0                         0      0        0
  SINCE JUN 1      0                         7     -7        0
  SINCE JUL 1      0                         0      0        0

 COOLING
  YESTERDAY       26                        16     10       24
  MONTH TO DATE  357                       284     73      319
  SINCE JUN 1    791                       609    182      811
  SINCE JAN 1    951                       737    214      936
..................................................................


WIND (MPH)
  HIGHEST WIND SPEED    28   HIGHEST WIND DIRECTION     S (200)
  HIGHEST GUST SPEED    39   HIGHEST GUST DIRECTION     S (160)
  AVERAGE WIND SPEED    17.0


SKY COVER
  POSSIBLE SUNSHINE  MM
  AVERAGE SKY COVER 0.2


WEATHER CONDITIONS
 THE FOLLOWING WEATHER WAS RECORDED YESTERDAY.
  THUNDERSTORM


RELATIVE HUMIDITY (PERCENT)
 HIGHEST    67           700 AM
 LOWEST     29           400 PM
 AVERAGE    48

..........................................................


THE SALINA KS CLIMATE NORMALS FOR TODAY
                         NORMAL    RECORD    YEAR
 MAXIMUM TEMPERATURE (F)   93       111      1934
 MINIMUM TEMPERATURE (F)   70        55      2009


SUNRISE AND SUNSET
JULY 19 2017..........SUNRISE   621 AM CDT   SUNSET   852 PM CDT
JULY 20 2017..........SUNRISE   622 AM CDT   SUNSET   852 PM CDT


-  INDICATES NEGATIVE NUMBERS.
R  INDICATES RECORD WAS SET OR TIED.
MM INDICATES DATA IS MISSING.
T  INDICATES TRACE AMOUNT.




$$
