000
CDUS43 KICT 170630
CLISLN


CLIMATE REPORT
NATIONAL WEATHER SERVICE WICHITA KS
130 AM CDT SUN AUG 17 2014


...................................

...THE SALINA KS CLIMATE SUMMARY FOR AUGUST 16 2014...

CLIMATE NORMAL PERIOD 1981 TO 2010
CLIMATE RECORD PERIOD 1894 TO 2014


WEATHER ITEM   OBSERVED TIME   RECORD YEAR NORMAL DEPARTURE LAST
                VALUE   (LST)  VALUE       VALUE  FROM      YEAR
                                                  NORMAL
..................................................................
TEMPERATURE (F)
 YESTERDAY
  MAXIMUM         93    435 PM 111    1936  91      2       81
  MINIMUM         70    548 AM  52    1919  69      1       62
  AVERAGE         82                        80      2       72

PRECIPITATION (IN)
  YESTERDAY        0.00          1.40 1958   0.13  -0.13     0.01
  MONTH TO DATE    1.32                      2.12  -0.80     5.00
  SINCE JUN 1     10.24                     10.52  -0.28    13.00
  SINCE JAN 1     17.63                     22.51  -4.88    26.24

DEGREE DAYS
 HEATING
  YESTERDAY        0                         0      0        0
  MONTH TO DATE    0                         0      0        0
  SINCE JUN 1      1                         7     -6       10
  SINCE JUL 1      0                         0      0        3

 COOLING
  YESTERDAY       17                        15      2        7
  MONTH TO DATE  248                       251     -3      174
  SINCE JUN 1   1048                      1077    -29     1004
  SINCE JAN 1   1280                      1205     75     1145
..................................................................


WIND (MPH)
  HIGHEST WIND SPEED    13   HIGHEST WIND DIRECTION     N (20)
  HIGHEST GUST SPEED    19   HIGHEST GUST DIRECTION     N (20)
  AVERAGE WIND SPEED     6.5


SKY COVER
  POSSIBLE SUNSHINE  MM
  AVERAGE SKY COVER 0.1


WEATHER CONDITIONS
 THE FOLLOWING WEATHER WAS RECORDED YESTERDAY.
  THUNDERSTORM


RELATIVE HUMIDITY (PERCENT)
 HIGHEST    84           500 AM
 LOWEST     44           400 PM
 AVERAGE    64

..........................................................


THE SALINA KS CLIMATE NORMALS FOR TODAY
                         NORMAL    RECORD    YEAR
 MAXIMUM TEMPERATURE (F)   91       109      1909
 MINIMUM TEMPERATURE (F)   68        54      2012


SUNRISE AND SUNSET
AUGUST 17 2014........SUNRISE   646 AM CDT   SUNSET   822 PM CDT
AUGUST 18 2014........SUNRISE   647 AM CDT   SUNSET   821 PM CDT


-  INDICATES NEGATIVE NUMBERS.
R  INDICATES RECORD WAS SET OR TIED.
MM INDICATES DATA IS MISSING.
T  INDICATES TRACE AMOUNT.




$$
