000
CDUS43 KICT 070703
CLISLN


CLIMATE REPORT
NATIONAL WEATHER SERVICE WICHITA KS
202 AM CDT THU JUL 7 2016


...................................

...THE SALINA KS CLIMATE SUMMARY FOR JULY 6 2016...

CLIMATE NORMAL PERIOD 1981 TO 2010
CLIMATE RECORD PERIOD 1894 TO 2016


WEATHER ITEM   OBSERVED TIME   RECORD YEAR NORMAL DEPARTURE LAST
                VALUE   (LST)  VALUE       VALUE  FROM      YEAR
                                                  NORMAL
..................................................................
TEMPERATURE (F)
 YESTERDAY
  MAXIMUM         95    521 PM 110    1991  93      2       93
  MINIMUM         71    613 AM  54    1967  69      2       71
  AVERAGE         83                        81      2       82

PRECIPITATION (IN)
  YESTERDAY        0.05          2.68 1986   0.15  -0.10     0.22
  MONTH TO DATE    1.23                      0.89   0.34     0.30
  SINCE JUN 1      1.68                      5.00  -3.32     4.80
  SINCE JAN 1     13.50                     16.99  -3.49    16.40

DEGREE DAYS
 HEATING
  YESTERDAY        0                         0      0        0
  MONTH TO DATE    0                         0      0        0
  SINCE JUN 1      0                         7     -7        0
  SINCE JUL 1      0                         0      0        0

 COOLING
  YESTERDAY       18                        16      2       17
  MONTH TO DATE   86                        92     -6      100
  SINCE JUN 1    578                       417    161      540
  SINCE JAN 1    703                       545    158      630
..................................................................


WIND (MPH)
  HIGHEST WIND SPEED    41   HIGHEST WIND DIRECTION     W (260)
  HIGHEST GUST SPEED    53   HIGHEST GUST DIRECTION     W (260)
  AVERAGE WIND SPEED    11.7


SKY COVER
  POSSIBLE SUNSHINE  MM
  AVERAGE SKY COVER 0.0


WEATHER CONDITIONS
 THE FOLLOWING WEATHER WAS RECORDED YESTERDAY.
  THUNDERSTORM
  LIGHT RAIN


RELATIVE HUMIDITY (PERCENT)
 HIGHEST    79           600 AM
 LOWEST     49           100 PM
 AVERAGE    64

..........................................................


THE SALINA KS CLIMATE NORMALS FOR TODAY
                         NORMAL    RECORD    YEAR
 MAXIMUM TEMPERATURE (F)   93       108      1991
 MINIMUM TEMPERATURE (F)   69        46      1908


SUNRISE AND SUNSET
JULY  7 2016..........SUNRISE   613 AM CDT   SUNSET   858 PM CDT
JULY  8 2016..........SUNRISE   613 AM CDT   SUNSET   858 PM CDT


-  INDICATES NEGATIVE NUMBERS.
R  INDICATES RECORD WAS SET OR TIED.
MM INDICATES DATA IS MISSING.
T  INDICATES TRACE AMOUNT.




$$
