000
CDUS43 KICT 020631
CLISLN


CLIMATE REPORT
NATIONAL WEATHER SERVICE WICHITA KS
130 AM CDT SAT SEP 2 2017


...................................

...THE SALINA KS CLIMATE SUMMARY FOR SEPTEMBER 1 2017...

CLIMATE NORMAL PERIOD 1981 TO 2010
CLIMATE RECORD PERIOD 1894 TO 2017


WEATHER ITEM   OBSERVED TIME   RECORD YEAR NORMAL DEPARTURE LAST
                VALUE   (LST)  VALUE       VALUE  FROM      YEAR
                                                  NORMAL
..................................................................
TEMPERATURE (F)
 YESTERDAY
  MAXIMUM         81    138 PM 109    1922  88     -7       81
  MINIMUM         61    225 AM  44    1949  65     -4       61
  AVERAGE         71                        76     -5       71

PRECIPITATION (IN)
  YESTERDAY        T             1.51 1977   0.10  -0.10     0.00
  MONTH TO DATE    T                         0.10  -0.10     0.00
  SINCE SEP 1      T                         0.10  -0.10     0.00
  SINCE JAN 1     17.71                     24.44  -6.73    22.44

DEGREE DAYS
 HEATING
  YESTERDAY        0                         0      0        0
  MONTH TO DATE    0                         0      0        0
  SINCE SEP 1      0                         0      0        0
  SINCE JUL 1      0                         1     -1        0

 COOLING
  YESTERDAY        6                        11     -5        6
  MONTH TO DATE    6                        11     -5        6
  SINCE SEP 1      6                        11     -5        6
  SINCE JAN 1   1587                      1418    169     1676
..................................................................


WIND (MPH)
  HIGHEST WIND SPEED    16   HIGHEST WIND DIRECTION    SW (210)
  HIGHEST GUST SPEED    19   HIGHEST GUST DIRECTION     S (200)
  AVERAGE WIND SPEED     7.0


SKY COVER
  POSSIBLE SUNSHINE  MM
  AVERAGE SKY COVER 0.1


WEATHER CONDITIONS
 THE FOLLOWING WEATHER WAS RECORDED YESTERDAY.
  LIGHT RAIN


RELATIVE HUMIDITY (PERCENT)
 HIGHEST    87           600 AM
 LOWEST     48          1200 PM
 AVERAGE    68

..........................................................


THE SALINA KS CLIMATE NORMALS FOR TODAY
                         NORMAL    RECORD    YEAR
 MAXIMUM TEMPERATURE (F)   88       110      2000
 MINIMUM TEMPERATURE (F)   64        47      1908


SUNRISE AND SUNSET
SEPTEMBER  2 2017.....SUNRISE   701 AM CDT   SUNSET   759 PM CDT
SEPTEMBER  3 2017.....SUNRISE   702 AM CDT   SUNSET   757 PM CDT


-  INDICATES NEGATIVE NUMBERS.
R  INDICATES RECORD WAS SET OR TIED.
MM INDICATES DATA IS MISSING.
T  INDICATES TRACE AMOUNT.




$$
