000
CDUS43 KICT 180659
CLISLN


CLIMATE REPORT
NATIONAL WEATHER SERVICE WICHITA KS
159 AM CDT WED MAR 18 2015


...................................

...THE SALINA KS CLIMATE SUMMARY FOR MARCH 17 2015...

CLIMATE NORMAL PERIOD 1981 TO 2010
CLIMATE RECORD PERIOD 1894 TO 2015


WEATHER ITEM   OBSERVED TIME   RECORD YEAR NORMAL DEPARTURE LAST
                VALUE   (LST)  VALUE       VALUE  FROM      YEAR
                                                  NORMAL
..................................................................
TEMPERATURE (F)
 YESTERDAY
  MAXIMUM         60   1201 AM  81    2012  58      2       64
                                      1994
  MINIMUM         37    712 AM   5    1960  34      3       21
  AVERAGE         49                        46      3       43

PRECIPITATION (IN)
  YESTERDAY        0.00          0.83 1987   0.08  -0.08     0.00
  MONTH TO DATE    0.00                      1.17  -1.17     0.18
  SINCE MAR 1      0.00                      1.17  -1.17     0.18
  SINCE JAN 1      1.44                      2.97  -1.53     1.99

DEGREE DAYS
 HEATING
  YESTERDAY       16                        19     -3       22
  MONTH TO DATE  313                       371    -58      465
  SINCE MAR 1    313                       371    -58      465
  SINCE JUL 1   4142                      4212    -70     4715

 COOLING
  YESTERDAY        0                         0      0        0
  MONTH TO DATE    1                         0      1        0
  SINCE MAR 1      1                         0      1        0
  SINCE JAN 1      1                         0      1        0
..................................................................


WIND (MPH)
  HIGHEST WIND SPEED    33   HIGHEST WIND DIRECTION     N (20)
  HIGHEST GUST SPEED    42   HIGHEST GUST DIRECTION     N (10)
  AVERAGE WIND SPEED    18.4


SKY COVER
  POSSIBLE SUNSHINE  MM
  AVERAGE SKY COVER 0.0


WEATHER CONDITIONS
 THE FOLLOWING WEATHER WAS RECORDED YESTERDAY.
  NO SIGNIFICANT WEATHER WAS OBSERVED.


RELATIVE HUMIDITY (PERCENT)
 HIGHEST    71           300 AM
 LOWEST     15           300 PM
 AVERAGE    43

..........................................................


THE SALINA KS CLIMATE NORMALS FOR TODAY
                         NORMAL    RECORD    YEAR
 MAXIMUM TEMPERATURE (F)   58        90      1921
 MINIMUM TEMPERATURE (F)   35        -1      1923


SUNRISE AND SUNSET
MARCH 18 2015.........SUNRISE   738 AM CDT   SUNSET   740 PM CDT
MARCH 19 2015.........SUNRISE   736 AM CDT   SUNSET   741 PM CDT


-  INDICATES NEGATIVE NUMBERS.
R  INDICATES RECORD WAS SET OR TIED.
MM INDICATES DATA IS MISSING.
T  INDICATES TRACE AMOUNT.




$$
