000
CDUS43 KICT 240630
CLISLN


CLIMATE REPORT
NATIONAL WEATHER SERVICE WICHITA KS
130 AM CDT TUE OCT 24 2017


...................................

...THE SALINA KS CLIMATE SUMMARY FOR OCTOBER 23 2017...

CLIMATE NORMAL PERIOD 1981 TO 2010
CLIMATE RECORD PERIOD 1894 TO 2017


WEATHER ITEM   OBSERVED TIME   RECORD YEAR NORMAL DEPARTURE LAST
                VALUE   (LST)  VALUE       VALUE  FROM      YEAR
                                                  NORMAL
..................................................................
TEMPERATURE (F)
 YESTERDAY
  MAXIMUM         71   1155 AM  93    1939  67      4       76
  MINIMUM         47    601 AM  20    1917  44      3       48
  AVERAGE         59                        55      4       62

PRECIPITATION (IN)
  YESTERDAY        0.00          3.20 1957   0.07  -0.07     0.00
  MONTH TO DATE    5.74                      1.84   3.90     1.56
  SINCE SEP 1      7.57                      4.54   3.03     2.76
  SINCE JAN 1     25.28                     28.88  -3.60    25.20

DEGREE DAYS
 HEATING
  YESTERDAY        6                        10     -4        3
  MONTH TO DATE   82                       171    -89       99
  SINCE SEP 1     90                       222   -132      115
  SINCE JUL 1     90                       223   -133      115

 COOLING
  YESTERDAY        0                         0      0        0
  MONTH TO DATE   64                        32     32       50
  SINCE SEP 1    382                       237    145      316
  SINCE JAN 1   1963                      1644    319     1986
..................................................................


WIND (MPH)
  HIGHEST WIND SPEED    37   HIGHEST WIND DIRECTION     N (340)
  HIGHEST GUST SPEED    44   HIGHEST GUST DIRECTION     N (340)
  AVERAGE WIND SPEED    17.4


SKY COVER
  POSSIBLE SUNSHINE  MM
  AVERAGE SKY COVER 0.0


WEATHER CONDITIONS
 THE FOLLOWING WEATHER WAS RECORDED YESTERDAY.
  LIGHT RAIN


RELATIVE HUMIDITY (PERCENT)
 HIGHEST    82           300 AM
 LOWEST     22           400 PM
 AVERAGE    52

..........................................................


THE SALINA KS CLIMATE NORMALS FOR TODAY
                         NORMAL    RECORD    YEAR
 MAXIMUM TEMPERATURE (F)   66        92      1939
 MINIMUM TEMPERATURE (F)   43        26      1972


SUNRISE AND SUNSET
OCTOBER 24 2017.......SUNRISE   749 AM CDT   SUNSET   640 PM CDT
OCTOBER 25 2017.......SUNRISE   750 AM CDT   SUNSET   638 PM CDT


-  INDICATES NEGATIVE NUMBERS.
R  INDICATES RECORD WAS SET OR TIED.
MM INDICATES DATA IS MISSING.
T  INDICATES TRACE AMOUNT.




$$
