670
CDUS43 KICT 310621
CLISLN


CLIMATE REPORT
NATIONAL WEATHER SERVICE WICHITA KS
121 AM CDT TUE MAY 31 2016


...................................

...THE SALINA KS CLIMATE SUMMARY FOR MAY 30 2016...

CLIMATE NORMAL PERIOD 1981 TO 2010
CLIMATE RECORD PERIOD 1894 TO 2016


WEATHER ITEM   OBSERVED TIME   RECORD YEAR NORMAL DEPARTURE LAST
                VALUE   (LST)  VALUE       VALUE  FROM      YEAR
                                                  NORMAL
..................................................................
TEMPERATURE (F)
 YESTERDAY
  MAXIMUM         85    236 PM 105    1913  81      4       68
  MINIMUM         58    504 AM  44    1955  59     -1       52
  AVERAGE         72                        70      2       60

PRECIPITATION (IN)
  YESTERDAY        0.00          2.08 1977   0.18  -0.18     0.00
  MONTH TO DATE    4.79                      4.58   0.21     8.28
  SINCE MAR 1      9.86                     10.02  -0.16    10.16
  SINCE JAN 1     11.10                     11.82  -0.72    11.60

DEGREE DAYS
 HEATING
  YESTERDAY        0                         1     -1        5
  MONTH TO DATE  100                        95      5       97
  SINCE MAR 1    732                      1022   -290      829
  SINCE JUL 1   3718                      4863  -1145     4658

 COOLING
  YESTERDAY        7                         6      1        0
  MONTH TO DATE   86                        97    -11       78
  SINCE MAR 1    120                       122     -2       90
  SINCE JAN 1    120                       122     -2       90
..................................................................


WIND (MPH)
  HIGHEST WIND SPEED    18   HIGHEST WIND DIRECTION    SE (150)
  HIGHEST GUST SPEED    24   HIGHEST GUST DIRECTION     S (200)
  AVERAGE WIND SPEED     8.9


SKY COVER
  POSSIBLE SUNSHINE  MM
  AVERAGE SKY COVER 0.0


WEATHER CONDITIONS
 THE FOLLOWING WEATHER WAS RECORDED YESTERDAY.
  NO SIGNIFICANT WEATHER WAS OBSERVED.


RELATIVE HUMIDITY (PERCENT)
 HIGHEST    97           300 AM
 LOWEST     44           200 PM
 AVERAGE    71

..........................................................


THE SALINA KS CLIMATE NORMALS FOR TODAY
                         NORMAL    RECORD    YEAR
 MAXIMUM TEMPERATURE (F)   82        96      2002
 MINIMUM TEMPERATURE (F)   59        42      1975


SUNRISE AND SUNSET
MAY 31 2016...........SUNRISE   608 AM CDT   SUNSET   849 PM CDT
JUNE  1 2016..........SUNRISE   607 AM CDT   SUNSET   850 PM CDT


-  INDICATES NEGATIVE NUMBERS.
R  INDICATES RECORD WAS SET OR TIED.
MM INDICATES DATA IS MISSING.
T  INDICATES TRACE AMOUNT.




$$
