000
CDUS43 KICT 220630
CLISLN


CLIMATE REPORT
NATIONAL WEATHER SERVICE WICHITA KS
130 AM CDT TUE APR 22 2014


...................................

...THE SALINA KS CLIMATE SUMMARY FOR APRIL 21 2014...

CLIMATE NORMAL PERIOD 1981 TO 2010
CLIMATE RECORD PERIOD 1894 TO 2014


WEATHER ITEM   OBSERVED TIME   RECORD YEAR NORMAL DEPARTURE LAST
                VALUE   (LST)  VALUE       VALUE  FROM      YEAR
                                                  NORMAL
..................................................................
TEMPERATURE (F)
 YESTERDAY
  MAXIMUM         82    306 PM  94    1989  69     13       70
  MINIMUM         49    424 AM  21    1966  45      4       49
  AVERAGE         66                        57      9       60

PRECIPITATION (IN)
  YESTERDAY        T             1.01 1973   0.10  -0.10     0.00
  MONTH TO DATE    0.22                      2.03  -1.81     1.77
  SINCE MAR 1      0.52                      4.42  -3.90     2.39
  SINCE JAN 1      2.33                      6.22  -3.89     5.66

DEGREE DAYS
 HEATING
  YESTERDAY        0                         9     -9        5
  MONTH TO DATE  247                       250     -3      343
  SINCE MAR 1    982                       859    123     1065
  SINCE JUL 1   5232                      4700    532     4687

 COOLING
  YESTERDAY        1                         1      0        0
  MONTH TO DATE   17                        13      4        2
  SINCE MAR 1     17                        15      2        2
  SINCE JAN 1     17                        15      2        2
..................................................................


WIND (MPH)
  HIGHEST WIND SPEED    28   HIGHEST WIND DIRECTION     N (350)
  HIGHEST GUST SPEED    35   HIGHEST GUST DIRECTION    NW (330)
  AVERAGE WIND SPEED    11.0


SKY COVER
  POSSIBLE SUNSHINE  MM
  AVERAGE SKY COVER 0.2


WEATHER CONDITIONS
 THE FOLLOWING WEATHER WAS RECORDED YESTERDAY.
  FOG


RELATIVE HUMIDITY (PERCENT)
 HIGHEST    93           600 AM
 LOWEST     16           500 PM
 AVERAGE    55

..........................................................


THE SALINA KS CLIMATE NORMALS FOR TODAY
                         NORMAL    RECORD    YEAR
 MAXIMUM TEMPERATURE (F)   69        95      1989
 MINIMUM TEMPERATURE (F)   45        28      1959


SUNRISE AND SUNSET
APRIL 22 2014.........SUNRISE   644 AM CDT   SUNSET   814 PM CDT
APRIL 23 2014.........SUNRISE   643 AM CDT   SUNSET   815 PM CDT


-  INDICATES NEGATIVE NUMBERS.
R  INDICATES RECORD WAS SET OR TIED.
MM INDICATES DATA IS MISSING.
T  INDICATES TRACE AMOUNT.




$$
