000
CDUS43 KICT 230658
CLISLN

CLIMATE REPORT
NATIONAL WEATHER SERVICE WICHITA KS
1257 AM CST THU FEB 23 2017

...................................

...THE SALINA KS CLIMATE SUMMARY FOR FEBRUARY 22 2017...

CLIMATE NORMAL PERIOD 1981 TO 2010
CLIMATE RECORD PERIOD 1894 TO 2017


WEATHER ITEM   OBSERVED TIME   RECORD YEAR NORMAL DEPARTURE LAST
                VALUE   (LST)  VALUE       VALUE  FROM      YEAR
                                                  NORMAL
..................................................................
TEMPERATURE (F)
 YESTERDAY
  MAXIMUM         81R   227 PM  76    1982  49     32       57
  MINIMUM         49    234 AM   3    1911  27     22       28
  AVERAGE         65                        38     27       43

PRECIPITATION (IN)
  YESTERDAY        0.00          0.97 2000   0.04  -0.04     0.00
  MONTH TO DATE    0.04                      0.88  -0.84     0.52
  SINCE DEC 1      2.91                      2.45   0.46     4.90
  SINCE JAN 1      2.06                      1.51   0.55     1.24

DEGREE DAYS
 HEATING
  YESTERDAY        0                        27    -27       22
  MONTH TO DATE  431                       668   -237      505
  SINCE DEC 1   1994                      2732   -738     2212
  SINCE JUL 1   2537                      3684  -1147     2844

 COOLING
  YESTERDAY        0                         0      0        0
  MONTH TO DATE    0                         0      0        0
  SINCE DEC 1      0                         0      0        0
  SINCE JAN 1      0                         0      0        0
..................................................................


WIND (MPH)
  HIGHEST WIND SPEED    17   HIGHEST WIND DIRECTION    SW (210)
  HIGHEST GUST SPEED    21   HIGHEST GUST DIRECTION    SW (220)
  AVERAGE WIND SPEED     8.9


SKY COVER
  POSSIBLE SUNSHINE  MM
  AVERAGE SKY COVER 0.0


WEATHER CONDITIONS
 THE FOLLOWING WEATHER WAS RECORDED YESTERDAY.
  NO SIGNIFICANT WEATHER WAS OBSERVED.


RELATIVE HUMIDITY (PERCENT)
 HIGHEST    66           200 AM
 LOWEST     16           100 PM
 AVERAGE    41

..........................................................


THE SALINA KS CLIMATE NORMALS FOR TODAY
                         NORMAL    RECORD    YEAR
 MAXIMUM TEMPERATURE (F)   49        84      1918
 MINIMUM TEMPERATURE (F)   27        -2      2013


SUNRISE AND SUNSET
FEBRUARY 23 2017......SUNRISE   711 AM CST   SUNSET   617 PM CST
FEBRUARY 24 2017......SUNRISE   710 AM CST   SUNSET   618 PM CST


-  INDICATES NEGATIVE NUMBERS.
R  INDICATES RECORD WAS SET OR TIED.
MM INDICATES DATA IS MISSING.
T  INDICATES TRACE AMOUNT.

$$
