000
CDUS43 KICT 200651
CLISLN


CLIMATE REPORT
NATIONAL WEATHER SERVICE WICHITA KS
150 AM CDT SAT JUN 20 2015


...................................

...THE SALINA KS CLIMATE SUMMARY FOR JUNE 19 2015...

CLIMATE NORMAL PERIOD 1981 TO 2010
CLIMATE RECORD PERIOD 1894 TO 2015


WEATHER ITEM   OBSERVED TIME   RECORD YEAR NORMAL DEPARTURE LAST
                VALUE   (LST)  VALUE       VALUE  FROM      YEAR
                                                  NORMAL
..................................................................
TEMPERATURE (F)
 YESTERDAY
  MAXIMUM         90    458 PM 109    1918  89      1       89
  MINIMUM         64    525 AM  44    1936  65     -1       72
  AVERAGE         77                        77      0       81

PRECIPITATION (IN)
  YESTERDAY        0.00          4.92 1927   0.13  -0.13      T
  MONTH TO DATE    4.50                      2.66   1.84     6.74
  SINCE JUN 1      4.50                      2.66   1.84     6.74
  SINCE JAN 1     16.10                     14.65   1.45    14.13

DEGREE DAYS
 HEATING
  YESTERDAY        0                         0      0        0
  MONTH TO DATE    0                         5     -5        1
  SINCE JUN 1      0                         5     -5        1
  SINCE JUL 1   4660                      4869   -209     5398

 COOLING
  YESTERDAY       12                        12      0       16
  MONTH TO DATE  223                       176     47      204
  SINCE JUN 1    223                       176     47      204
  SINCE JAN 1    313                       304      9      436
..................................................................


WIND (MPH)
  HIGHEST WIND SPEED    17   HIGHEST WIND DIRECTION    SE (130)
  HIGHEST GUST SPEED    21   HIGHEST GUST DIRECTION    SE (140)
  AVERAGE WIND SPEED     8.2


SKY COVER
  POSSIBLE SUNSHINE  MM
  AVERAGE SKY COVER 0.1


WEATHER CONDITIONS
 THE FOLLOWING WEATHER WAS RECORDED YESTERDAY.
  NO SIGNIFICANT WEATHER WAS OBSERVED.


RELATIVE HUMIDITY (PERCENT)
 HIGHEST    93           500 AM
 LOWEST     44           400 PM
 AVERAGE    69

..........................................................


THE SALINA KS CLIMATE NORMALS FOR TODAY
                         NORMAL    RECORD    YEAR
 MAXIMUM TEMPERATURE (F)   89       109      1918
 MINIMUM TEMPERATURE (F)   66        49      1912


SUNRISE AND SUNSET
JUNE 20 2015..........SUNRISE   606 AM CDT   SUNSET   859 PM CDT
JUNE 21 2015..........SUNRISE   606 AM CDT   SUNSET   859 PM CDT


-  INDICATES NEGATIVE NUMBERS.
R  INDICATES RECORD WAS SET OR TIED.
MM INDICATES DATA IS MISSING.
T  INDICATES TRACE AMOUNT.




$$
