000
CDUS43 KICT 300628
CLISLN


CLIMATE REPORT
NATIONAL WEATHER SERVICE WICHITA KS
128 AM CDT SUN MAR 30 2014


...................................

...THE SALINA KS CLIMATE SUMMARY FOR MARCH 29 2014...

CLIMATE NORMAL PERIOD 1981 TO 2010
CLIMATE RECORD PERIOD 1894 TO 2014


WEATHER ITEM   OBSERVED TIME   RECORD YEAR NORMAL DEPARTURE LAST
                VALUE   (LST)  VALUE       VALUE  FROM      YEAR
                                                  NORMAL
..................................................................
TEMPERATURE (F)
 YESTERDAY
  MAXIMUM         65    416 PM  89    1967  62      3       74
  MINIMUM         25    628 AM  18    2009  38    -13       41
                                      1969
  AVERAGE         45                        50     -5       58

PRECIPITATION (IN)
  YESTERDAY        0.00          1.04 1993   0.09  -0.09     0.00
  MONTH TO DATE    0.30                      2.20  -1.90     0.40
  SINCE MAR 1      0.30                      2.20  -1.90     0.40
  SINCE JAN 1      2.11                      4.00  -1.89     3.67

DEGREE DAYS
 HEATING
  YESTERDAY       20                        16      4        7
  MONTH TO DATE  722                       578    144      709
  SINCE MAR 1    722                       578    144      709
  SINCE JUL 1   4972                      4419    553     4331

 COOLING
  YESTERDAY        0                         0      0        0
  MONTH TO DATE    0                         0      0        0
  SINCE MAR 1      0                         0      0        0
  SINCE JAN 1      0                         0      0        0
..................................................................


WIND (MPH)
  HIGHEST WIND SPEED    15   HIGHEST WIND DIRECTION     S (160)
  HIGHEST GUST SPEED    20   HIGHEST GUST DIRECTION     S (160)
  AVERAGE WIND SPEED     8.1


SKY COVER
  POSSIBLE SUNSHINE  MM
  AVERAGE SKY COVER 0.0


WEATHER CONDITIONS
 THE FOLLOWING WEATHER WAS RECORDED YESTERDAY.
  FOG
  HAZE


RELATIVE HUMIDITY (PERCENT)
 HIGHEST    85           300 AM
 LOWEST     26           400 PM
 AVERAGE    56

..........................................................


THE SALINA KS CLIMATE NORMALS FOR TODAY
                         NORMAL    RECORD    YEAR
 MAXIMUM TEMPERATURE (F)   62        91      1917
 MINIMUM TEMPERATURE (F)   38        14      1899


SUNRISE AND SUNSET
MARCH 30 2014.........SUNRISE   718 AM CDT   SUNSET   752 PM CDT
MARCH 31 2014.........SUNRISE   717 AM CDT   SUNSET   753 PM CDT


-  INDICATES NEGATIVE NUMBERS.
R  INDICATES RECORD WAS SET OR TIED.
MM INDICATES DATA IS MISSING.
T  INDICATES TRACE AMOUNT.




$$
