000
CDUS43 KICT 210653
CLISLN


CLIMATE REPORT
NATIONAL WEATHER SERVICE WICHITA KS
1252 AM CST WED JAN 21 2015


...................................

...THE SALINA KS CLIMATE SUMMARY FOR JANUARY 20 2015...

CLIMATE NORMAL PERIOD 1981 TO 2010
CLIMATE RECORD PERIOD 1894 TO 2015


WEATHER ITEM   OBSERVED TIME   RECORD YEAR NORMAL DEPARTURE LAST
                VALUE   (LST)  VALUE       VALUE  FROM      YEAR
                                                  NORMAL
..................................................................
TEMPERATURE (F)
 YESTERDAY
  MAXIMUM         57    349 PM  72    1986  42     15       56
  MINIMUM         31    911 PM -16    1962  20     11       19
  AVERAGE         44                        31     13       38

PRECIPITATION (IN)
  YESTERDAY        0.00          0.79 1959   0.02  -0.02     0.00
  MONTH TO DATE    0.02                      0.35  -0.33     0.49
  SINCE DEC 1      1.92                      1.29   0.63     1.71
  SINCE JAN 1      0.02                      0.35  -0.33     0.49

DEGREE DAYS
 HEATING
  YESTERDAY       21                        34    -13       27
  MONTH TO DATE  745                       680     65      685
  SINCE DEC 1   1638                      1692    -54     1837
  SINCE JUL 1   2635                      2644     -9     2825

 COOLING
  YESTERDAY        0                         0      0        0
  MONTH TO DATE    0                         0      0        0
  SINCE DEC 1      0                         0      0        0
  SINCE JAN 1      0                         0      0        0
..................................................................


WIND (MPH)
  HIGHEST WIND SPEED    14   HIGHEST WIND DIRECTION     W (290)
  HIGHEST GUST SPEED    17   HIGHEST GUST DIRECTION     W (290)
  AVERAGE WIND SPEED     6.6


SKY COVER
  POSSIBLE SUNSHINE  MM
  AVERAGE SKY COVER 0.4


WEATHER CONDITIONS
 THE FOLLOWING WEATHER WAS RECORDED YESTERDAY.
  NO SIGNIFICANT WEATHER WAS OBSERVED.


RELATIVE HUMIDITY (PERCENT)
 HIGHEST    76           300 AM
 LOWEST     32           300 PM
 AVERAGE    54

..........................................................


THE SALINA KS CLIMATE NORMALS FOR TODAY
                         NORMAL    RECORD    YEAR
 MAXIMUM TEMPERATURE (F)   42        67      1933
 MINIMUM TEMPERATURE (F)   20        -7      1935


SUNRISE AND SUNSET
JANUARY 21 2015.......SUNRISE   745 AM CST   SUNSET   539 PM CST
JANUARY 22 2015.......SUNRISE   744 AM CST   SUNSET   541 PM CST


-  INDICATES NEGATIVE NUMBERS.
R  INDICATES RECORD WAS SET OR TIED.
MM INDICATES DATA IS MISSING.
T  INDICATES TRACE AMOUNT.




$$
