000
CDUS43 KICT 070636
CLISLN


CLIMATE REPORT
NATIONAL WEATHER SERVICE WICHITA KS
135 AM CDT SUN MAY 7 2017


...................................

...THE SALINA KS CLIMATE SUMMARY FOR MAY 6 2017...

CLIMATE NORMAL PERIOD 1981 TO 2010
CLIMATE RECORD PERIOD 1894 TO 2017


WEATHER ITEM   OBSERVED TIME   RECORD YEAR NORMAL DEPARTURE LAST
                VALUE   (LST)  VALUE       VALUE  FROM      YEAR
                                                  NORMAL
..................................................................
TEMPERATURE (F)
 YESTERDAY
  MAXIMUM         86    310 PM 101    2014  73     13       85
  MINIMUM         48    551 AM  31    1944  51     -3       47
  AVERAGE         67                        62      5       66

PRECIPITATION (IN)
  YESTERDAY        0.00          2.91 2007   0.13  -0.13     0.00
  MONTH TO DATE    0.28                      0.76  -0.48     0.00
  SINCE MAR 1      7.55                      6.20   1.35     5.07
  SINCE JAN 1      9.65                      8.00   1.65     6.31

DEGREE DAYS
 HEATING
  YESTERDAY        0                         5     -5        0
  MONTH TO DATE   32                        33     -1       38
  SINCE MAR 1    741                       960   -219      670
  SINCE JUL 1   3409                      4801  -1392     3656

 COOLING
  YESTERDAY        2                         2      0        1
  MONTH TO DATE    2                         9     -7        1
  SINCE MAR 1     53                        34     19       35
  SINCE JAN 1     53                        34     19       35
..................................................................


WIND (MPH)
  HIGHEST WIND SPEED    13   HIGHEST WIND DIRECTION    SE (130)
  HIGHEST GUST SPEED    17   HIGHEST GUST DIRECTION    SE (120)
  AVERAGE WIND SPEED     5.6


SKY COVER
  POSSIBLE SUNSHINE  MM
  AVERAGE SKY COVER 0.0


WEATHER CONDITIONS
 THE FOLLOWING WEATHER WAS RECORDED YESTERDAY.
  NO SIGNIFICANT WEATHER WAS OBSERVED.


RELATIVE HUMIDITY (PERCENT)
 HIGHEST    86           500 AM
 LOWEST     26           600 PM
 AVERAGE    56

..........................................................


THE SALINA KS CLIMATE NORMALS FOR TODAY
                         NORMAL    RECORD    YEAR
 MAXIMUM TEMPERATURE (F)   74        99      1895
 MINIMUM TEMPERATURE (F)   51        35      1951


SUNRISE AND SUNSET
MAY  7 2017...........SUNRISE   626 AM CDT   SUNSET   829 PM CDT
MAY  8 2017...........SUNRISE   625 AM CDT   SUNSET   830 PM CDT


-  INDICATES NEGATIVE NUMBERS.
R  INDICATES RECORD WAS SET OR TIED.
MM INDICATES DATA IS MISSING.
T  INDICATES TRACE AMOUNT.




$$
