000
CDUS43 KICT 130623
CLISLN


CLIMATE REPORT
NATIONAL WEATHER SERVICE WICHITA KS
122 AM CDT MON OCT 13 2014


...................................

...THE SALINA KS CLIMATE SUMMARY FOR OCTOBER 12 2014...

CLIMATE NORMAL PERIOD 1981 TO 2010
CLIMATE RECORD PERIOD 1894 TO 2014


WEATHER ITEM   OBSERVED TIME   RECORD YEAR NORMAL DEPARTURE LAST
                VALUE   (LST)  VALUE       VALUE  FROM      YEAR
                                                  NORMAL
..................................................................
TEMPERATURE (F)
 YESTERDAY
  MAXIMUM         66    224 PM  94    1899  70     -4       71
  MINIMUM         41    340 AM  21    1917  47     -6       44
  AVERAGE         54                        59     -5       58

PRECIPITATION (IN)
  YESTERDAY        0.20          1.14 2007   0.08   0.12     0.00
  MONTH TO DATE    1.13                      0.99   0.14     0.04
  SINCE SEP 1      5.27                      3.69   1.58     1.67
  SINCE JAN 1     26.55                     28.03  -1.48    27.91

DEGREE DAYS
 HEATING
  YESTERDAY       11                         7      4        7
  MONTH TO DATE   78                        72      6       31
  SINCE SEP 1    118                       123     -5       40
  SINCE JUL 1    118                       124     -6       43

 COOLING
  YESTERDAY        0                         1     -1        0
  MONTH TO DATE   13                        23    -10       55
  SINCE SEP 1    213                       228    -15      356
  SINCE JAN 1   1771                      1635    136     1750
..................................................................


WIND (MPH)
  HIGHEST WIND SPEED    21   HIGHEST WIND DIRECTION     S (160)
  HIGHEST GUST SPEED    28   HIGHEST GUST DIRECTION     S (160)
  AVERAGE WIND SPEED     8.9


SKY COVER
  POSSIBLE SUNSHINE  MM
  AVERAGE SKY COVER 0.4


WEATHER CONDITIONS
 THE FOLLOWING WEATHER WAS RECORDED YESTERDAY.
  HEAVY RAIN
  LIGHT RAIN
  FOG


RELATIVE HUMIDITY (PERCENT)
 HIGHEST    93          1100 PM
 LOWEST     56           100 PM
 AVERAGE    75

..........................................................


THE SALINA KS CLIMATE NORMALS FOR TODAY
                         NORMAL    RECORD    YEAR
 MAXIMUM TEMPERATURE (F)   70        91      1897
 MINIMUM TEMPERATURE (F)   47        29      1907


SUNRISE AND SUNSET
OCTOBER 13 2014.......SUNRISE   738 AM CDT   SUNSET   655 PM CDT
OCTOBER 14 2014.......SUNRISE   739 AM CDT   SUNSET   654 PM CDT


-  INDICATES NEGATIVE NUMBERS.
R  INDICATES RECORD WAS SET OR TIED.
MM INDICATES DATA IS MISSING.
T  INDICATES TRACE AMOUNT.




$$
