000
CDUS43 KICT 190637
CLISLN


CLIMATE REPORT
NATIONAL WEATHER SERVICE WICHITA KS
137 AM CDT SUN MAR 19 2017


...................................

...THE SALINA KS CLIMATE SUMMARY FOR MARCH 18 2017...

CLIMATE NORMAL PERIOD 1981 TO 2010
CLIMATE RECORD PERIOD 1894 TO 2017


WEATHER ITEM   OBSERVED TIME   RECORD YEAR NORMAL DEPARTURE LAST
                VALUE   (LST)  VALUE       VALUE  FROM      YEAR
                                                  NORMAL
..................................................................
TEMPERATURE (F)
 YESTERDAY
  MAXIMUM         71    517 PM  90    1921  58     13       48
  MINIMUM         37    609 AM  -1    1923  35      2       30
  AVERAGE         54                        46      8       39

PRECIPITATION (IN)
  YESTERDAY        0.00          1.20 1984   0.08  -0.08     0.39
  MONTH TO DATE    0.04                      1.25  -1.21     0.46
  SINCE MAR 1      0.04                      1.25  -1.21     0.46
  SINCE JAN 1      2.14                      3.05  -0.91     1.70

DEGREE DAYS
 HEATING
  YESTERDAY       11                        19     -8       26
  MONTH TO DATE  321                       390    -69      222
  SINCE MAR 1    321                       390    -69      222
  SINCE JUL 1   2989                      4231  -1242     3208

 COOLING
  YESTERDAY        0                         0      0        0
  MONTH TO DATE    0                         0      0        5
  SINCE MAR 1      0                         0      0        5
  SINCE JAN 1      0                         0      0        5
..................................................................


WIND (MPH)
  HIGHEST WIND SPEED    17   HIGHEST WIND DIRECTION    SE (130)
  HIGHEST GUST SPEED    22   HIGHEST GUST DIRECTION    SE (120)
  AVERAGE WIND SPEED     7.8


SKY COVER
  POSSIBLE SUNSHINE  MM
  AVERAGE SKY COVER 0.1


WEATHER CONDITIONS
 THE FOLLOWING WEATHER WAS RECORDED YESTERDAY.
  HAZE


RELATIVE HUMIDITY (PERCENT)
 HIGHEST    61          1200 AM
 LOWEST     19           200 PM
 AVERAGE    40

..........................................................


THE SALINA KS CLIMATE NORMALS FOR TODAY
                         NORMAL    RECORD    YEAR
 MAXIMUM TEMPERATURE (F)   58        86      1907
 MINIMUM TEMPERATURE (F)   35        -7      1923


SUNRISE AND SUNSET
MARCH 19 2017.........SUNRISE   735 AM CDT   SUNSET   742 PM CDT
MARCH 20 2017.........SUNRISE   734 AM CDT   SUNSET   743 PM CDT


-  INDICATES NEGATIVE NUMBERS.
R  INDICATES RECORD WAS SET OR TIED.
MM INDICATES DATA IS MISSING.
T  INDICATES TRACE AMOUNT.




$$
