000
CDUS43 KICT 300712
CLISLN

CLIMATE REPORT
NATIONAL WEATHER SERVICE WICHITA KS
211 AM CDT WED AUG 30 2017


...................................

...THE SALINA KS CLIMATE SUMMARY FOR AUGUST 29 2017...

CLIMATE NORMAL PERIOD 1981 TO 2010
CLIMATE RECORD PERIOD 1894 TO 2017


WEATHER ITEM   OBSERVED TIME   RECORD YEAR NORMAL DEPARTURE LAST
                VALUE   (LST)  VALUE       VALUE  FROM      YEAR
                                                  NORMAL
..................................................................
TEMPERATURE (F)
 YESTERDAY
  MAXIMUM         86    313 PM 106    1954  89     -3       88
  MINIMUM         59    633 AM  43    1917  66     -7       71
  AVERAGE         73                        77     -4       80

PRECIPITATION (IN)
  YESTERDAY        0.00          1.73 2003   0.12  -0.12     0.54
  MONTH TO DATE    1.09                      3.71  -2.62     4.20
  SINCE JUN 1      4.47                     12.11  -7.64     6.98
  SINCE JAN 1     17.71                     24.10  -6.39    18.80

DEGREE DAYS
 HEATING
  YESTERDAY        0                         0      0        0
  MONTH TO DATE    0                         0      0        0
  SINCE JUN 1      0                         7     -7        0
  SINCE JUL 1      0                         0      0        0

 COOLING
  YESTERDAY        8                        12     -4       15
  MONTH TO DATE  350                       430    -80      441
  SINCE JUN 1   1405                      1256    149     1521
  SINCE JAN 1   1565                      1384    181     1646
..................................................................


WIND (MPH)
  HIGHEST WIND SPEED    13   HIGHEST WIND DIRECTION    NE (50)
  HIGHEST GUST SPEED    17   HIGHEST GUST DIRECTION    NE (60)
  AVERAGE WIND SPEED     4.9


SKY COVER
  POSSIBLE SUNSHINE  MM
  AVERAGE SKY COVER 0.0


WEATHER CONDITIONS
 THE FOLLOWING WEATHER WAS RECORDED YESTERDAY.
  HAZE


RELATIVE HUMIDITY (PERCENT)
 HIGHEST    87           500 AM
 LOWEST     32           400 PM
 AVERAGE    60

..........................................................


THE SALINA KS CLIMATE NORMALS FOR TODAY
                         NORMAL    RECORD    YEAR
 MAXIMUM TEMPERATURE (F)   89       106      1939
 MINIMUM TEMPERATURE (F)   65        42      1915


SUNRISE AND SUNSET
AUGUST 30 2017........SUNRISE   658 AM CDT   SUNSET   803 PM CDT
AUGUST 31 2017........SUNRISE   659 AM CDT   SUNSET   802 PM CDT


-  INDICATES NEGATIVE NUMBERS.
R  INDICATES RECORD WAS SET OR TIED.
MM INDICATES DATA IS MISSING.
T  INDICATES TRACE AMOUNT.




$$
