000
CDUS43 KICT 070627
CLISLN


CLIMATE REPORT
NATIONAL WEATHER SERVICE WICHITA KS
125 AM CDT WED SEP 7 2016


...................................

...THE SALINA KS CLIMATE SUMMARY FOR SEPTEMBER 6 2016...

CLIMATE NORMAL PERIOD 1981 TO 2010
CLIMATE RECORD PERIOD 1894 TO 2016


WEATHER ITEM   OBSERVED TIME   RECORD YEAR NORMAL DEPARTURE LAST
                VALUE   (LST)  VALUE       VALUE  FROM      YEAR
                                                  NORMAL
..................................................................
TEMPERATURE (F)
 YESTERDAY
  MAXIMUM         94    222 PM 104    1922  86      8      101
  MINIMUM         76    642 AM  42    1896  63     13       78
  AVERAGE         85                        74     11       90

PRECIPITATION (IN)
  YESTERDAY        0.00          0.84 1981   0.10  -0.10     0.00
  MONTH TO DATE    T                         0.59  -0.59     0.00
  SINCE SEP 1      T                         0.59  -0.59     0.00
  SINCE JAN 1     22.44                     24.93  -2.49    23.85

DEGREE DAYS
 HEATING
  YESTERDAY        0                         0      0        0
  MONTH TO DATE    0                         0      0        0
  SINCE SEP 1      0                         0      0        0
  SINCE JUL 1      0                         1     -1        0

 COOLING
  YESTERDAY       20                        10     10       25
  MONTH TO DATE   73                        63     10      129
  SINCE SEP 1     73                        63     10      129
  SINCE JAN 1   1743                      1470    273     1583
..................................................................


WIND (MPH)
  HIGHEST WIND SPEED    30   HIGHEST WIND DIRECTION     S (200)
  HIGHEST GUST SPEED    36   HIGHEST GUST DIRECTION     S (200)
  AVERAGE WIND SPEED    15.4


SKY COVER
  POSSIBLE SUNSHINE  MM
  AVERAGE SKY COVER 0.1


WEATHER CONDITIONS
 THE FOLLOWING WEATHER WAS RECORDED YESTERDAY.
  NO SIGNIFICANT WEATHER WAS OBSERVED.


RELATIVE HUMIDITY (PERCENT)
 HIGHEST    82           600 AM
 LOWEST     46           300 PM
 AVERAGE    64

..........................................................


THE SALINA KS CLIMATE NORMALS FOR TODAY
                         NORMAL    RECORD    YEAR
 MAXIMUM TEMPERATURE (F)   86       104      2013
                                             1922
 MINIMUM TEMPERATURE (F)   62        37      1898


SUNRISE AND SUNSET
SEPTEMBER  7 2016.....SUNRISE   705 AM CDT   SUNSET   751 PM CDT
SEPTEMBER  8 2016.....SUNRISE   706 AM CDT   SUNSET   749 PM CDT


-  INDICATES NEGATIVE NUMBERS.
R  INDICATES RECORD WAS SET OR TIED.
MM INDICATES DATA IS MISSING.
T  INDICATES TRACE AMOUNT.




$$
