000
CDUS43 KICT 040622
CLISLN


CLIMATE REPORT
NATIONAL WEATHER SERVICE WICHITA KS
122 AM CDT THU AUG 4 2016


...................................

...THE SALINA KS CLIMATE SUMMARY FOR AUGUST 3 2016...

CLIMATE NORMAL PERIOD 1981 TO 2010
CLIMATE RECORD PERIOD 1894 TO 2016


WEATHER ITEM   OBSERVED TIME   RECORD YEAR NORMAL DEPARTURE LAST
                VALUE   (LST)  VALUE       VALUE  FROM      YEAR
                                                  NORMAL
..................................................................
TEMPERATURE (F)
 YESTERDAY
  MAXIMUM        104    406 PM 112    1918  93     11       96
  MINIMUM         77    636 AM  50    1898  70      7       70
  AVERAGE         91                        81     10       83

PRECIPITATION (IN)
  YESTERDAY        0.00          1.35 1985   0.14  -0.14     0.00
  MONTH TO DATE    0.10                      0.43  -0.33     0.00
  SINCE JUN 1      2.88                      8.83  -5.95     8.36
  SINCE JAN 1     14.70                     20.82  -6.12    19.96

DEGREE DAYS
 HEATING
  YESTERDAY        0                         0      0        0
  MONTH TO DATE    0                         0      0        0
  SINCE JUN 1      0                         7     -7        0
  SINCE JUL 1      0                         0      0        0

 COOLING
  YESTERDAY       26                        16     10       18
  MONTH TO DATE   70                        48     22       55
  SINCE JUN 1   1150                       874    276     1045
  SINCE JAN 1   1275                      1002    273     1135
..................................................................


WIND (MPH)
  HIGHEST WIND SPEED    22   HIGHEST WIND DIRECTION    SW (210)
  HIGHEST GUST SPEED    28   HIGHEST GUST DIRECTION     S (200)
  AVERAGE WIND SPEED     9.7


SKY COVER
  POSSIBLE SUNSHINE  MM
  AVERAGE SKY COVER 0.0


WEATHER CONDITIONS
 THE FOLLOWING WEATHER WAS RECORDED YESTERDAY.
  NO SIGNIFICANT WEATHER WAS OBSERVED.


RELATIVE HUMIDITY (PERCENT)
 HIGHEST    94           400 AM
 LOWEST     26           400 PM
 AVERAGE    60

..........................................................


THE SALINA KS CLIMATE NORMALS FOR TODAY
                         NORMAL    RECORD    YEAR
 MAXIMUM TEMPERATURE (F)   93       110      1930
 MINIMUM TEMPERATURE (F)   70        48      1974


SUNRISE AND SUNSET
AUGUST  4 2016........SUNRISE   635 AM CDT   SUNSET   838 PM CDT
AUGUST  5 2016........SUNRISE   636 AM CDT   SUNSET   837 PM CDT


-  INDICATES NEGATIVE NUMBERS.
R  INDICATES RECORD WAS SET OR TIED.
MM INDICATES DATA IS MISSING.
T  INDICATES TRACE AMOUNT.




$$
