000
CDUS43 KICT 210626
CLISLN

CLIMATE REPORT
NATIONAL WEATHER SERVICE WICHITA KS
125 AM CDT SUN JUN 21 2015


...................................

...THE SALINA KS CLIMATE SUMMARY FOR JUNE 20 2015...

CLIMATE NORMAL PERIOD 1981 TO 2010
CLIMATE RECORD PERIOD 1894 TO 2015


WEATHER ITEM   OBSERVED TIME   RECORD YEAR NORMAL DEPARTURE LAST
                VALUE   (LST)  VALUE       VALUE  FROM      YEAR
                                                  NORMAL
..................................................................
TEMPERATURE (F)
 YESTERDAY
  MAXIMUM        103    352 PM 109    1918  89     14       94
  MINIMUM         74    527 AM  49    1912  66      8       69
  AVERAGE         89                        77     12       82

PRECIPITATION (IN)
  YESTERDAY        0.00          1.35 2009   0.13  -0.13     0.00
  MONTH TO DATE    4.50                      2.79   1.71     6.74
  SINCE JUN 1      4.50                      2.79   1.71     6.74
  SINCE JAN 1     16.10                     14.78   1.32    14.13

DEGREE DAYS
 HEATING
  YESTERDAY        0                         0      0        0
  MONTH TO DATE    0                         5     -5        1
  SINCE JUN 1      0                         5     -5        1
  SINCE JUL 1   4660                      4869   -209     5398

 COOLING
  YESTERDAY       24                        12     12       17
  MONTH TO DATE  247                       188     59      221
  SINCE JUN 1    247                       188     59      221
  SINCE JAN 1    337                       316     21      453
..................................................................


WIND (MPH)
  HIGHEST WIND SPEED    29   HIGHEST WIND DIRECTION    SW (220)
  HIGHEST GUST SPEED    36   HIGHEST GUST DIRECTION    SW (220)
  AVERAGE WIND SPEED    16.3


SKY COVER
  POSSIBLE SUNSHINE  MM
  AVERAGE SKY COVER 0.0


WEATHER CONDITIONS
 THE FOLLOWING WEATHER WAS RECORDED YESTERDAY.
  NO SIGNIFICANT WEATHER WAS OBSERVED.


RELATIVE HUMIDITY (PERCENT)
 HIGHEST    82           300 AM
 LOWEST     25           400 PM
 AVERAGE    54

..........................................................


THE SALINA KS CLIMATE NORMALS FOR TODAY
                         NORMAL    RECORD    YEAR
 MAXIMUM TEMPERATURE (F)   89       108      1936
 MINIMUM TEMPERATURE (F)   66        42      1902


SUNRISE AND SUNSET
JUNE 21 2015..........SUNRISE   606 AM CDT   SUNSET   859 PM CDT
JUNE 22 2015..........SUNRISE   606 AM CDT   SUNSET   859 PM CDT


-  INDICATES NEGATIVE NUMBERS.
R  INDICATES RECORD WAS SET OR TIED.
MM INDICATES DATA IS MISSING.
T  INDICATES TRACE AMOUNT.




$$
