000
CDUS43 KICT 120659
CLISLN


CLIMATE REPORT
NATIONAL WEATHER SERVICE WICHITA KS
1258 AM CST SAT NOV 12 2016


...................................

...THE SALINA KS CLIMATE SUMMARY FOR NOVEMBER 11 2016...

CLIMATE NORMAL PERIOD 1981 TO 2010
CLIMATE RECORD PERIOD 1894 TO 2016


WEATHER ITEM   OBSERVED TIME   RECORD YEAR NORMAL DEPARTURE LAST
                VALUE   (LST)  VALUE       VALUE  FROM      YEAR
                                                  NORMAL
..................................................................
TEMPERATURE (F)
 YESTERDAY
  MAXIMUM         62    352 PM  78    1954  58      4       66
  MINIMUM         38   1159 PM  10    1986  35      3       42
  AVERAGE         50                        46      4       54

PRECIPITATION (IN)
  YESTERDAY        0.00          0.73 2010   0.04  -0.04     0.00
  MONTH TO DATE    0.46                      0.53  -0.07     0.01
  SINCE SEP 1      3.94                      5.50  -1.56     2.33
  SINCE JAN 1     26.38                     29.84  -3.46    26.18

DEGREE DAYS
 HEATING
  YESTERDAY       15                        19     -4       11
  MONTH TO DATE   76                       179   -103       95
  SINCE SEP 1    207                       496   -289      253
  SINCE JUL 1    207                       497   -290      253

 COOLING
  YESTERDAY        0                         0      0        0
  MONTH TO DATE    4                         0      4        4
  SINCE SEP 1    339                       239    100      415
  SINCE JAN 1   2009                      1646    363     1869
..................................................................


WIND (MPH)
  HIGHEST WIND SPEED    20   HIGHEST WIND DIRECTION    NE (30)
  HIGHEST GUST SPEED    25   HIGHEST GUST DIRECTION    NE (30)
  AVERAGE WIND SPEED    11.2


SKY COVER
  POSSIBLE SUNSHINE  MM
  AVERAGE SKY COVER 0.0


WEATHER CONDITIONS
 THE FOLLOWING WEATHER WAS RECORDED YESTERDAY.
  NO SIGNIFICANT WEATHER WAS OBSERVED.


RELATIVE HUMIDITY (PERCENT)
 HIGHEST    77           100 AM
 LOWEST     25           300 PM
 AVERAGE    51

..........................................................


THE SALINA KS CLIMATE NORMALS FOR TODAY
                         NORMAL    RECORD    YEAR
 MAXIMUM TEMPERATURE (F)   57        77      1989
 MINIMUM TEMPERATURE (F)   35         8      1911


SUNRISE AND SUNSET
NOVEMBER 12 2016......SUNRISE   710 AM CST   SUNSET   519 PM CST
NOVEMBER 13 2016......SUNRISE   711 AM CST   SUNSET   518 PM CST


-  INDICATES NEGATIVE NUMBERS.
R  INDICATES RECORD WAS SET OR TIED.
MM INDICATES DATA IS MISSING.
T  INDICATES TRACE AMOUNT.




$$
