000
CDUS43 KICT 170631
CLISLN


CLIMATE REPORT
NATIONAL WEATHER SERVICE WICHITA KS
1230 AM CST SAT JAN 17 2015


...................................

...THE SALINA KS CLIMATE SUMMARY FOR JANUARY 16 2015...

CLIMATE NORMAL PERIOD 1981 TO 2010
CLIMATE RECORD PERIOD 1894 TO 2015


WEATHER ITEM   OBSERVED TIME   RECORD YEAR NORMAL DEPARTURE LAST
                VALUE   (LST)  VALUE       VALUE  FROM      YEAR
                                                  NORMAL
..................................................................
TEMPERATURE (F)
 YESTERDAY
  MAXIMUM         64    348 PM  69    1951  42     22       52
  MINIMUM         24    704 AM  -9    1905  20      4       29
  AVERAGE         44                        31     13       41

PRECIPITATION (IN)
  YESTERDAY        0.00          0.30 1987   0.02  -0.02     0.00
  MONTH TO DATE    0.02                      0.26  -0.24     0.49
  SINCE DEC 1      1.92                      1.20   0.72     1.71
  SINCE JAN 1      0.02                      0.26  -0.24     0.49

DEGREE DAYS
 HEATING
  YESTERDAY       21                        34    -13       24
  MONTH TO DATE  664                       544    120      582
  SINCE DEC 1   1557                      1556      1     1734
  SINCE JUL 1   2554                      2508     46     2722

 COOLING
  YESTERDAY        0                         0      0        0
  MONTH TO DATE    0                         0      0        0
  SINCE DEC 1      0                         0      0        0
  SINCE JAN 1      0                         0      0        0
..................................................................


WIND (MPH)
  HIGHEST WIND SPEED    22   HIGHEST WIND DIRECTION     S (190)
  HIGHEST GUST SPEED    29   HIGHEST GUST DIRECTION     S (190)
  AVERAGE WIND SPEED    10.8


SKY COVER
  POSSIBLE SUNSHINE  MM
  AVERAGE SKY COVER 0.0


WEATHER CONDITIONS
 THE FOLLOWING WEATHER WAS RECORDED YESTERDAY.
  NO SIGNIFICANT WEATHER WAS OBSERVED.


RELATIVE HUMIDITY (PERCENT)
 HIGHEST    88           500 AM
 LOWEST     24           300 PM
 AVERAGE    56

..........................................................


THE SALINA KS CLIMATE NORMALS FOR TODAY
                         NORMAL    RECORD    YEAR
 MAXIMUM TEMPERATURE (F)   42        69      1986
 MINIMUM TEMPERATURE (F)   20       -10      1930


SUNRISE AND SUNSET
JANUARY 17 2015.......SUNRISE   747 AM CST   SUNSET   535 PM CST
JANUARY 18 2015.......SUNRISE   746 AM CST   SUNSET   536 PM CST


-  INDICATES NEGATIVE NUMBERS.
R  INDICATES RECORD WAS SET OR TIED.
MM INDICATES DATA IS MISSING.
T  INDICATES TRACE AMOUNT.




$$
