000
CDUS43 KICT 130636
CLISLN


CLIMATE REPORT
NATIONAL WEATHER SERVICE WICHITA KS
136 AM CDT WED SEP 13 2017


...................................

...THE SALINA KS CLIMATE SUMMARY FOR SEPTEMBER 12 2017...

CLIMATE NORMAL PERIOD 1981 TO 2010
CLIMATE RECORD PERIOD 1894 TO 2017


WEATHER ITEM   OBSERVED TIME   RECORD YEAR NORMAL DEPARTURE LAST
                VALUE   (LST)  VALUE       VALUE  FROM      YEAR
                                                  NORMAL
..................................................................
TEMPERATURE (F)
 YESTERDAY
  MAXIMUM         87    500 PM 107    1956  84      3       91
  MINIMUM         59    652 AM  35    1902  60     -1       69
  AVERAGE         73                        72      1       80

PRECIPITATION (IN)
  YESTERDAY        0.00          2.29 1961   0.09  -0.09     0.00
  MONTH TO DATE    T                         1.14  -1.14      T
  SINCE SEP 1      T                         1.14  -1.14      T
  SINCE JAN 1     17.71                     25.48  -7.77    22.44

DEGREE DAYS
 HEATING
  YESTERDAY        0                         1     -1        0
  MONTH TO DATE    0                         5     -5        0
  SINCE SEP 1      0                         5     -5        0
  SINCE JUL 1      0                         6     -6        0

 COOLING
  YESTERDAY        8                         8      0       15
  MONTH TO DATE  110                       115     -5      135
  SINCE SEP 1    110                       115     -5      135
  SINCE JAN 1   1691                      1522    169     1805
..................................................................


WIND (MPH)
  HIGHEST WIND SPEED    12   HIGHEST WIND DIRECTION    NE (30)
  HIGHEST GUST SPEED    16   HIGHEST GUST DIRECTION    NE (40)
  AVERAGE WIND SPEED     3.1


SKY COVER
  POSSIBLE SUNSHINE  MM
  AVERAGE SKY COVER 0.0


WEATHER CONDITIONS
 THE FOLLOWING WEATHER WAS RECORDED YESTERDAY.
  NO SIGNIFICANT WEATHER WAS OBSERVED.


RELATIVE HUMIDITY (PERCENT)
 HIGHEST    78           400 AM
 LOWEST     26           400 PM
 AVERAGE    52

..........................................................


THE SALINA KS CLIMATE NORMALS FOR TODAY
                         NORMAL    RECORD    YEAR
 MAXIMUM TEMPERATURE (F)   83       104      1931
 MINIMUM TEMPERATURE (F)   60        35      2014


SUNRISE AND SUNSET
SEPTEMBER 13 2017.....SUNRISE   710 AM CDT   SUNSET   742 PM CDT
SEPTEMBER 14 2017.....SUNRISE   711 AM CDT   SUNSET   740 PM CDT


-  INDICATES NEGATIVE NUMBERS.
R  INDICATES RECORD WAS SET OR TIED.
MM INDICATES DATA IS MISSING.
T  INDICATES TRACE AMOUNT.




$$
