000
CDUS43 KICT 010641
CLISLN

CLIMATE REPORT
NATIONAL WEATHER SERVICE WICHITA KS
140 AM CDT SUN OCT 1 2017


...................................

...THE SALINA KS CLIMATE SUMMARY FOR SEPTEMBER 30 2017...

CLIMATE NORMAL PERIOD 1981 TO 2010
CLIMATE RECORD PERIOD 1894 TO 2017


WEATHER ITEM   OBSERVED TIME   RECORD YEAR NORMAL DEPARTURE LAST
                VALUE   (LST)  VALUE       VALUE  FROM      YEAR
                                                  NORMAL
..................................................................
TEMPERATURE (F)
 YESTERDAY
  MAXIMUM         83    310 PM  96    1994  75      8       75
  MINIMUM         64    700 AM  28    1912  52     12       45
  AVERAGE         74                        64     10       60

PRECIPITATION (IN)
  YESTERDAY        0.00          0.96 1998   0.09  -0.09     0.00
  MONTH TO DATE    1.83                      2.70  -0.87     1.20
  SINCE SEP 1      1.83                      2.70  -0.87     1.20
  SINCE JAN 1     19.54                     27.04  -7.50    23.64

DEGREE DAYS
 HEATING
  YESTERDAY        0                         4     -4        5
  MONTH TO DATE    8                        49    -41       16
  SINCE SEP 1      8                        51    -43       16
  SINCE JUL 1      8                        52    -44       16

 COOLING
  YESTERDAY        9                         3      6        0
  MONTH TO DATE  318                       205    113      266
  SINCE SEP 1    318                       205    113      266
  SINCE JAN 1   1899                      1612    287     1936
..................................................................


WIND (MPH)
  HIGHEST WIND SPEED    25   HIGHEST WIND DIRECTION     S (160)
  HIGHEST GUST SPEED    31   HIGHEST GUST DIRECTION     S (160)
  AVERAGE WIND SPEED    11.1


SKY COVER
  POSSIBLE SUNSHINE  MM
  AVERAGE SKY COVER 0.8


WEATHER CONDITIONS
 THE FOLLOWING WEATHER WAS RECORDED YESTERDAY.
  NO SIGNIFICANT WEATHER WAS OBSERVED.


RELATIVE HUMIDITY (PERCENT)
 HIGHEST    73           400 AM
 LOWEST     33           200 PM
 AVERAGE    53

..........................................................


THE SALINA KS CLIMATE NORMALS FOR TODAY
                         NORMAL    RECORD    YEAR
 MAXIMUM TEMPERATURE (F)   75        97      2006
 MINIMUM TEMPERATURE (F)   52        30      1985
                                             1958


SUNRISE AND SUNSET
OCTOBER  1 2017.......SUNRISE   727 AM CDT   SUNSET   713 PM CDT
OCTOBER  2 2017.......SUNRISE   728 AM CDT   SUNSET   711 PM CDT


-  INDICATES NEGATIVE NUMBERS.
R  INDICATES RECORD WAS SET OR TIED.
MM INDICATES DATA IS MISSING.
T  INDICATES TRACE AMOUNT.




$$
