000
CDUS43 KICT 140626
CLISLN


CLIMATE REPORT
NATIONAL WEATHER SERVICE WICHITA KS
125 AM CDT WED JUN 14 2017


...................................

...THE SALINA KS CLIMATE SUMMARY FOR JUNE 13 2017...

CLIMATE NORMAL PERIOD 1981 TO 2010
CLIMATE RECORD PERIOD 1894 TO 2017


WEATHER ITEM   OBSERVED TIME   RECORD YEAR NORMAL DEPARTURE LAST
                VALUE   (LST)  VALUE       VALUE  FROM      YEAR
                                                  NORMAL
..................................................................
TEMPERATURE (F)
 YESTERDAY
  MAXIMUM         99    336 PM 107    1953  87     12       93
  MINIMUM         76    500 AM  44    1985  63     13       69
  AVERAGE         88                        75     13       81

PRECIPITATION (IN)
  YESTERDAY        0.05          2.15 2010   0.13  -0.08     0.00
  MONTH TO DATE    0.80                      1.87  -1.07      T
  SINCE JUN 1      0.80                      1.87  -1.07      T
  SINCE JAN 1     14.04                     13.86   0.18    11.82

DEGREE DAYS
 HEATING
  YESTERDAY        0                         0      0        0
  MONTH TO DATE    0                         5     -5        0
  SINCE JUN 1      0                         5     -5        0
  SINCE JUL 1   3453                      4869  -1416     3718

 COOLING
  YESTERDAY       23                        10     13       16
  MONTH TO DATE  190                       109     81      160
  SINCE JUN 1    190                       109     81      160
  SINCE JAN 1    350                       237    113      285
..................................................................


WIND (MPH)
  HIGHEST WIND SPEED    36   HIGHEST WIND DIRECTION    SE (140)
  HIGHEST GUST SPEED    44   HIGHEST GUST DIRECTION     S (160)
  AVERAGE WIND SPEED    20.3


SKY COVER
  POSSIBLE SUNSHINE  MM
  AVERAGE SKY COVER 0.0


WEATHER CONDITIONS
 THE FOLLOWING WEATHER WAS RECORDED YESTERDAY.
  THUNDERSTORM
  LIGHT RAIN
  HAZE


RELATIVE HUMIDITY (PERCENT)
 HIGHEST    74           500 AM
 LOWEST     33           300 PM
 AVERAGE    54

..........................................................


THE SALINA KS CLIMATE NORMALS FOR TODAY
                         NORMAL    RECORD    YEAR
 MAXIMUM TEMPERATURE (F)   87       103      1980
 MINIMUM TEMPERATURE (F)   64        50      1960


SUNRISE AND SUNSET
JUNE 14 2017..........SUNRISE   605 AM CDT   SUNSET   857 PM CDT
JUNE 15 2017..........SUNRISE   605 AM CDT   SUNSET   857 PM CDT


-  INDICATES NEGATIVE NUMBERS.
R  INDICATES RECORD WAS SET OR TIED.
MM INDICATES DATA IS MISSING.
T  INDICATES TRACE AMOUNT.




$$
