000
CDUS43 KICT 190636
CLISLN

CLIMATE REPORT
NATIONAL WEATHER SERVICE WICHITA KS
131 AM CDT TUE JUL 19 2016

...................................

...THE SALINA KS CLIMATE SUMMARY FOR JULY 18 2016...

CLIMATE NORMAL PERIOD 1981 TO 2010
CLIMATE RECORD PERIOD 1894 TO 2016


WEATHER ITEM   OBSERVED TIME   RECORD YEAR NORMAL DEPARTURE LAST
                VALUE   (LST)  VALUE       VALUE  FROM      YEAR
                                                  NORMAL
..................................................................
TEMPERATURE (F)
 YESTERDAY
  MAXIMUM        101    437 PM 116    1936  93      8      103
  MINIMUM         77    555 AM  56    1908  70      7       78
  AVERAGE         89                        82      7       91

PRECIPITATION (IN)
  YESTERDAY        0.00          1.15 2008   0.14  -0.14     0.00
  MONTH TO DATE    1.64                      2.66  -1.02     2.12
  SINCE JUN 1      2.09                      6.77  -4.68     6.62
  SINCE JAN 1     13.91                     18.76  -4.85    18.22

DEGREE DAYS
 HEATING
  YESTERDAY        0                         0      0        0
  MONTH TO DATE    0                         0      0        0
  SINCE JUN 1      0                         7     -7        0
  SINCE JUL 1      0                         0      0        0

 COOLING
  YESTERDAY       24                        16      8       26
  MONTH TO DATE  319                       284     35      307
  SINCE JUN 1    811                       609    202      747
  SINCE JAN 1    936                       737    199      837
..................................................................


WIND (MPH)
  HIGHEST WIND SPEED    22   HIGHEST WIND DIRECTION    SW (210)
  HIGHEST GUST SPEED    27   HIGHEST GUST DIRECTION     S (200)
  AVERAGE WIND SPEED    13.6


SKY COVER
  POSSIBLE SUNSHINE  MM
  AVERAGE SKY COVER 0.0


WEATHER CONDITIONS
 THE FOLLOWING WEATHER WAS RECORDED YESTERDAY.
  NO SIGNIFICANT WEATHER WAS OBSERVED.


RELATIVE HUMIDITY (PERCENT)
 HIGHEST    70          1100 PM
 LOWEST     36           400 PM
 AVERAGE    53

..........................................................


THE SALINA KS CLIMATE NORMALS FOR TODAY
                         NORMAL    RECORD    YEAR
 MAXIMUM TEMPERATURE (F)   93       111      1934
 MINIMUM TEMPERATURE (F)   70        53      1953


SUNRISE AND SUNSET
JULY 19 2016..........SUNRISE   621 AM CDT   SUNSET   852 PM CDT
JULY 20 2016..........SUNRISE   622 AM CDT   SUNSET   851 PM CDT


-  INDICATES NEGATIVE NUMBERS.
R  INDICATES RECORD WAS SET OR TIED.
MM INDICATES DATA IS MISSING.
T  INDICATES TRACE AMOUNT.

$$
