926
CDUS43 KICT 130627
CLISLN


CLIMATE REPORT
NATIONAL WEATHER SERVICE WICHITA KS
127 AM CDT TUE JUN 13 2017


...................................

...THE SALINA KS CLIMATE SUMMARY FOR JUNE 12 2017...

CLIMATE NORMAL PERIOD 1981 TO 2010
CLIMATE RECORD PERIOD 1894 TO 2017


WEATHER ITEM   OBSERVED TIME   RECORD YEAR NORMAL DEPARTURE LAST
                VALUE   (LST)  VALUE       VALUE  FROM      YEAR
                                                  NORMAL
..................................................................
TEMPERATURE (F)
 YESTERDAY
  MAXIMUM         99    306 PM 100    1958  86     13       96
                                      1953
  MINIMUM         74    651 AM  49    1985  63     11       68
                                      1974
  AVERAGE         87                        75     12       82

PRECIPITATION (IN)
  YESTERDAY        T             1.65 2005   0.14  -0.14      T
  MONTH TO DATE    0.75                      1.74  -0.99      T
  SINCE JUN 1      0.75                      1.74  -0.99      T
  SINCE JAN 1     13.99                     13.73   0.26    11.82

DEGREE DAYS
 HEATING
  YESTERDAY        0                         0      0        0
  MONTH TO DATE    0                         5     -5        0
  SINCE JUN 1      0                         5     -5        0
  SINCE JUL 1   3453                      4869  -1416     3718

 COOLING
  YESTERDAY       22                        10     12       17
  MONTH TO DATE  167                        99     68      144
  SINCE JUN 1    167                        99     68      144
  SINCE JAN 1    327                       227    100      269
..................................................................


WIND (MPH)
  HIGHEST WIND SPEED    32   HIGHEST WIND DIRECTION     S (160)
  HIGHEST GUST SPEED    42   HIGHEST GUST DIRECTION     S (170)
  AVERAGE WIND SPEED    18.0


SKY COVER
  POSSIBLE SUNSHINE  MM
  AVERAGE SKY COVER 0.0


WEATHER CONDITIONS
 THE FOLLOWING WEATHER WAS RECORDED YESTERDAY.
  NO SIGNIFICANT WEATHER WAS OBSERVED.


RELATIVE HUMIDITY (PERCENT)
 HIGHEST    73           500 AM
 LOWEST     35           300 PM
 AVERAGE    54

..........................................................


THE SALINA KS CLIMATE NORMALS FOR TODAY
                         NORMAL    RECORD    YEAR
 MAXIMUM TEMPERATURE (F)   87       107      1953
 MINIMUM TEMPERATURE (F)   63        44      1985


SUNRISE AND SUNSET
JUNE 13 2017..........SUNRISE   605 AM CDT   SUNSET   857 PM CDT
JUNE 14 2017..........SUNRISE   605 AM CDT   SUNSET   857 PM CDT


-  INDICATES NEGATIVE NUMBERS.
R  INDICATES RECORD WAS SET OR TIED.
MM INDICATES DATA IS MISSING.
T  INDICATES TRACE AMOUNT.




$$
