000
CDUS43 KICT 060637
CLISLN


CLIMATE REPORT
NATIONAL WEATHER SERVICE WICHITA KS
136 AM CDT WED APR 6 2016


...................................

...THE SALINA KS CLIMATE SUMMARY FOR APRIL 5 2016...

CLIMATE NORMAL PERIOD 1981 TO 2010
CLIMATE RECORD PERIOD 1894 TO 2016


WEATHER ITEM   OBSERVED TIME   RECORD YEAR NORMAL DEPARTURE LAST
                VALUE   (LST)  VALUE       VALUE  FROM      YEAR
                                                  NORMAL
..................................................................
TEMPERATURE (F)
 YESTERDAY
  MAXIMUM         89    339 PM  92    2000  64     25       70
  MINIMUM         52    627 AM   6    1920  40     12       45
  AVERAGE         71                        52     19       58

PRECIPITATION (IN)
  YESTERDAY        0.05          1.37 1999   0.09  -0.04     0.00
  MONTH TO DATE    0.05                      0.45  -0.40     0.23
  SINCE MAR 1      0.75                      2.84  -2.09     0.28
  SINCE JAN 1      1.99                      4.64  -2.65     1.72

DEGREE DAYS
 HEATING
  YESTERDAY        0                        14    -14        7
  MONTH TO DATE   46                        71    -25       50
  SINCE MAR 1    464                       680   -216      565
  SINCE JUL 1   3450                      4521  -1071     4394

 COOLING
  YESTERDAY        6                         0      6        0
  MONTH TO DATE    6                         0      6        5
  SINCE MAR 1     12                         2     10        6
  SINCE JAN 1     12                         2     10        6
..................................................................


WIND (MPH)
  HIGHEST WIND SPEED    35   HIGHEST WIND DIRECTION     S (200)
  HIGHEST GUST SPEED    44   HIGHEST GUST DIRECTION     S (200)
  AVERAGE WIND SPEED    18.0


SKY COVER
  POSSIBLE SUNSHINE  MM
  AVERAGE SKY COVER 0.2


WEATHER CONDITIONS
 THE FOLLOWING WEATHER WAS RECORDED YESTERDAY.
  THUNDERSTORM
  RAIN
  LIGHT RAIN
  HAZE


RELATIVE HUMIDITY (PERCENT)
 HIGHEST    67           900 PM
 LOWEST     17           400 PM
 AVERAGE    42

..........................................................


THE SALINA KS CLIMATE NORMALS FOR TODAY
                         NORMAL    RECORD    YEAR
 MAXIMUM TEMPERATURE (F)   64        89      1954
 MINIMUM TEMPERATURE (F)   40        17      1936


SUNRISE AND SUNSET
APRIL  6 2016.........SUNRISE   707 AM CDT   SUNSET   759 PM CDT
APRIL  7 2016.........SUNRISE   705 AM CDT   SUNSET   800 PM CDT


-  INDICATES NEGATIVE NUMBERS.
R  INDICATES RECORD WAS SET OR TIED.
MM INDICATES DATA IS MISSING.
T  INDICATES TRACE AMOUNT.




$$
