000
CDUS43 KICT 130721
CLISLN

CLIMATE REPORT
NATIONAL WEATHER SERVICE WICHITA KS
119 AM CST TUE JAN 13 2015

...................................

...THE SALINA KS CLIMATE SUMMARY FOR JANUARY 12 2015...

CLIMATE NORMAL PERIOD 1981 TO 2010
CLIMATE RECORD PERIOD 1894 TO 2015


WEATHER ITEM   OBSERVED TIME   RECORD YEAR NORMAL DEPARTURE LAST
                VALUE   (LST)  VALUE       VALUE  FROM      YEAR
                                                  NORMAL
..................................................................
TEMPERATURE (F)
 YESTERDAY
  MAXIMUM         30    348 PM  65    1996  41    -11       54
  MINIMUM         16    756 AM -20    1918  20     -4       34
  AVERAGE         23                        31     -8       44

PRECIPITATION (IN)
  YESTERDAY        0.00          0.53 1979   0.02  -0.02     0.00
  MONTH TO DATE    0.02                      0.19  -0.17     0.49
  SINCE DEC 1      1.92                      1.13   0.79     1.71
  SINCE JAN 1      0.02                      0.19  -0.17     0.49

DEGREE DAYS
 HEATING
  YESTERDAY       42                        34      8       21
  MONTH TO DATE  536                       408    128      479
  SINCE DEC 1   1429                      1420      9     1631
  SINCE JUL 1   2426                      2372     54     2619

 COOLING
  YESTERDAY        0                         0      0        0
  MONTH TO DATE    0                         0      0        0
  SINCE DEC 1      0                         0      0        0
  SINCE JAN 1      0                         0      0        0
..................................................................


WIND (MPH)
  HIGHEST WIND SPEED    25   HIGHEST WIND DIRECTION     N (360)
  HIGHEST GUST SPEED    32   HIGHEST GUST DIRECTION     N (360)
  AVERAGE WIND SPEED    15.3


SKY COVER
  POSSIBLE SUNSHINE  MM
  AVERAGE SKY COVER 0.1


WEATHER CONDITIONS
 THE FOLLOWING WEATHER WAS RECORDED YESTERDAY.
  NO SIGNIFICANT WEATHER WAS OBSERVED.


RELATIVE HUMIDITY (PERCENT)
 HIGHEST    77           200 AM
 LOWEST     32           300 PM
 AVERAGE    55

..........................................................


THE SALINA KS CLIMATE NORMALS FOR TODAY
                         NORMAL    RECORD    YEAR
 MAXIMUM TEMPERATURE (F)   41        73      1928
 MINIMUM TEMPERATURE (F)   20       -17      1916


SUNRISE AND SUNSET
JANUARY 13 2015.......SUNRISE   748 AM CST   SUNSET   531 PM CST
JANUARY 14 2015.......SUNRISE   748 AM CST   SUNSET   532 PM CST


-  INDICATES NEGATIVE NUMBERS.
R  INDICATES RECORD WAS SET OR TIED.
MM INDICATES DATA IS MISSING.
T  INDICATES TRACE AMOUNT.

$$
