000
CDUS43 KICT 300628
CLISLN


CLIMATE REPORT
NATIONAL WEATHER SERVICE WICHITA KS
1227 AM CST SAT DEC 30 2017


...................................

...THE SALINA KS CLIMATE SUMMARY FOR DECEMBER 29 2017...

CLIMATE NORMAL PERIOD 1981 TO 2010
CLIMATE RECORD PERIOD 1894 TO 2017


WEATHER ITEM   OBSERVED TIME   RECORD YEAR NORMAL DEPARTURE LAST
                VALUE   (LST)  VALUE       VALUE  FROM      YEAR
                                                  NORMAL
..................................................................
TEMPERATURE (F)
 YESTERDAY
  MAXIMUM         42    340 PM  71    1999  41      1       51
  MINIMUM         14    715 AM  -8    1983  21     -7       25
  AVERAGE         28                        31     -3       38

PRECIPITATION (IN)
  YESTERDAY        0.00          0.70 2006   0.02  -0.02     0.00
  MONTH TO DATE    0.05                      0.90  -0.85     0.85
  SINCE DEC 1      0.05                      0.90  -0.85     0.85
  SINCE JAN 1     25.43                     31.46  -6.03    27.37

DEGREE DAYS
 HEATING
  YESTERDAY       37                        34      3       27
  MONTH TO DATE  822                       942   -120      971
  SINCE DEC 1    822                       942   -120      971
  SINCE JUL 1   1578                      1894   -316     1514

 COOLING
  YESTERDAY        0                         0      0        0
  MONTH TO DATE    0                         0      0        0
  SINCE DEC 1      0                         0      0        0
  SINCE JAN 1   1965                      1647    318     2009
..................................................................


WIND (MPH)
  HIGHEST WIND SPEED    28   HIGHEST WIND DIRECTION     N (350)
  HIGHEST GUST SPEED    31   HIGHEST GUST DIRECTION     N (350)
  AVERAGE WIND SPEED    12.0


SKY COVER
  POSSIBLE SUNSHINE  MM
  AVERAGE SKY COVER 0.5


WEATHER CONDITIONS
 THE FOLLOWING WEATHER WAS RECORDED YESTERDAY.
  FOG
  HAZE


RELATIVE HUMIDITY (PERCENT)
 HIGHEST    92           900 AM
 LOWEST     57           300 PM
 AVERAGE    75

..........................................................


THE SALINA KS CLIMATE NORMALS FOR TODAY
                         NORMAL    RECORD    YEAR
 MAXIMUM TEMPERATURE (F)   41        73      2004
 MINIMUM TEMPERATURE (F)   21        -7      1983


SUNRISE AND SUNSET
DECEMBER 30 2017......SUNRISE   749 AM CST   SUNSET   518 PM CST
DECEMBER 31 2017......SUNRISE   749 AM CST   SUNSET   519 PM CST


-  INDICATES NEGATIVE NUMBERS.
R  INDICATES RECORD WAS SET OR TIED.
MM INDICATES DATA IS MISSING.
T  INDICATES TRACE AMOUNT.




$$
