000
CDUS43 KICT 170629
CLISLN


CLIMATE REPORT
NATIONAL WEATHER SERVICE WICHITA KS
128 AM CDT THU JUL 17 2014


...................................

...THE SALINA KS CLIMATE SUMMARY FOR JULY 16 2014...

CLIMATE NORMAL PERIOD 1981 TO 2010
CLIMATE RECORD PERIOD 1894 TO 2014


WEATHER ITEM   OBSERVED TIME   RECORD YEAR NORMAL DEPARTURE LAST
                VALUE   (LST)  VALUE       VALUE  FROM      YEAR
                                                  NORMAL
..................................................................
TEMPERATURE (F)
 YESTERDAY
  MAXIMUM         79   1147 AM 112    1936  93    -14       90
  MINIMUM         61   1233 AM  54    1917  70     -9       64
  AVERAGE         70                        82    -12       77

PRECIPITATION (IN)
  YESTERDAY        0.00          1.02 1999   0.15  -0.15     0.00
  MONTH TO DATE    0.64                      2.39  -1.75     1.92
  SINCE JUN 1      8.83                      6.50   2.33     4.16
  SINCE JAN 1     16.22                     18.49  -2.27    17.40

DEGREE DAYS
 HEATING
  YESTERDAY        0                         0      0        0
  MONTH TO DATE    0                         0      0        0
  SINCE JUN 1      1                         7     -6        7
  SINCE JUL 1      0                         0      0        0

 COOLING
  YESTERDAY        5                        16    -11       12
  MONTH TO DATE  214                       252    -38      260
  SINCE JUN 1    571                       577     -6      647
  SINCE JAN 1    803                       705     98      788
..................................................................


WIND (MPH)
  HIGHEST WIND SPEED    17   HIGHEST WIND DIRECTION    SW (210)
  HIGHEST GUST SPEED    22   HIGHEST GUST DIRECTION    SW (210)
  AVERAGE WIND SPEED     7.9


SKY COVER
  POSSIBLE SUNSHINE  MM
  AVERAGE SKY COVER 0.8


WEATHER CONDITIONS
 THE FOLLOWING WEATHER WAS RECORDED YESTERDAY.
  HAZE


RELATIVE HUMIDITY (PERCENT)
 HIGHEST    73          1100 PM
 LOWEST     42          1200 PM
 AVERAGE    58

..........................................................


THE SALINA KS CLIMATE NORMALS FOR TODAY
                         NORMAL    RECORD    YEAR
 MAXIMUM TEMPERATURE (F)   93       113      1936
 MINIMUM TEMPERATURE (F)   70        54      1917


SUNRISE AND SUNSET
JULY 17 2014..........SUNRISE   619 AM CDT   SUNSET   854 PM CDT
JULY 18 2014..........SUNRISE   620 AM CDT   SUNSET   853 PM CDT


-  INDICATES NEGATIVE NUMBERS.
R  INDICATES RECORD WAS SET OR TIED.
MM INDICATES DATA IS MISSING.
T  INDICATES TRACE AMOUNT.




$$
