902
CDUS43 KICT 130623
CLISLN


CLIMATE REPORT
NATIONAL WEATHER SERVICE WICHITA KS
122 AM CDT TUE SEP 13 2016


...................................

...THE SALINA KS CLIMATE SUMMARY FOR SEPTEMBER 12 2016...

CLIMATE NORMAL PERIOD 1981 TO 2010
CLIMATE RECORD PERIOD 1894 TO 2016


WEATHER ITEM   OBSERVED TIME   RECORD YEAR NORMAL DEPARTURE LAST
                VALUE   (LST)  VALUE       VALUE  FROM      YEAR
                                                  NORMAL
..................................................................
TEMPERATURE (F)
 YESTERDAY
  MAXIMUM         91    322 PM 107    1956  84      7       78
  MINIMUM         69    651 AM  35    1902  60      9       53
  AVERAGE         80                        72      8       66

PRECIPITATION (IN)
  YESTERDAY        0.00          2.29 1961   0.09  -0.09     0.00
  MONTH TO DATE    T                         1.14  -1.14     0.93
  SINCE SEP 1      T                         1.14  -1.14     0.93
  SINCE JAN 1     22.44                     25.48  -3.04    24.78

DEGREE DAYS
 HEATING
  YESTERDAY        0                         1     -1        0
  MONTH TO DATE    0                         5     -5        0
  SINCE SEP 1      0                         5     -5        0
  SINCE JUL 1      0                         6     -6        0

 COOLING
  YESTERDAY       15                         8      7        1
  MONTH TO DATE  135                       115     20      193
  SINCE SEP 1    135                       115     20      193
  SINCE JAN 1   1805                      1522    283     1647
..................................................................


WIND (MPH)
  HIGHEST WIND SPEED    30   HIGHEST WIND DIRECTION     S (190)
  HIGHEST GUST SPEED    36   HIGHEST GUST DIRECTION     S (190)
  AVERAGE WIND SPEED    15.5


SKY COVER
  POSSIBLE SUNSHINE  MM
  AVERAGE SKY COVER 0.2


WEATHER CONDITIONS
 THE FOLLOWING WEATHER WAS RECORDED YESTERDAY.
  NO SIGNIFICANT WEATHER WAS OBSERVED.


RELATIVE HUMIDITY (PERCENT)
 HIGHEST    73           500 AM
 LOWEST     41           400 PM
 AVERAGE    57

..........................................................


THE SALINA KS CLIMATE NORMALS FOR TODAY
                         NORMAL    RECORD    YEAR
 MAXIMUM TEMPERATURE (F)   83       104      1931
 MINIMUM TEMPERATURE (F)   60        35      2014


SUNRISE AND SUNSET
SEPTEMBER 13 2016.....SUNRISE   711 AM CDT   SUNSET   741 PM CDT
SEPTEMBER 14 2016.....SUNRISE   712 AM CDT   SUNSET   740 PM CDT


-  INDICATES NEGATIVE NUMBERS.
R  INDICATES RECORD WAS SET OR TIED.
MM INDICATES DATA IS MISSING.
T  INDICATES TRACE AMOUNT.




$$
