881
CDUS43 KICT 150658
CLISLN


CLIMATE REPORT
NATIONAL WEATHER SERVICE WICHITA KS
157 AM CDT FRI JUL 15 2016


...................................

...THE SALINA KS CLIMATE SUMMARY FOR JULY 14 2016...

CLIMATE NORMAL PERIOD 1981 TO 2010
CLIMATE RECORD PERIOD 1894 TO 2016


WEATHER ITEM   OBSERVED TIME   RECORD YEAR NORMAL DEPARTURE LAST
                VALUE   (LST)  VALUE       VALUE  FROM      YEAR
                                                  NORMAL
..................................................................
TEMPERATURE (F)
 YESTERDAY
  MAXIMUM         90    536 PM 113    1954  93     -3       96
  MINIMUM         73   1042 PM  51    1987  69      4       72
  AVERAGE         82                        81      1       84

PRECIPITATION (IN)
  YESTERDAY        0.01          1.53 1962   0.15  -0.14     0.29
  MONTH TO DATE    1.64                      2.09  -0.45     2.08
  SINCE JUN 1      2.09                      6.20  -4.11     6.58
  SINCE JAN 1     13.91                     18.19  -4.28    18.18

DEGREE DAYS
 HEATING
  YESTERDAY        0                         0      0        0
  MONTH TO DATE    0                         0      0        0
  SINCE JUN 1      0                         7     -7        0
  SINCE JUL 1      0                         0      0        0

 COOLING
  YESTERDAY       17                        16      1       19
  MONTH TO DATE  241                       220     21      218
  SINCE JUN 1    733                       545    188      658
  SINCE JAN 1    858                       673    185      748
..................................................................


WIND (MPH)
  HIGHEST WIND SPEED    29   HIGHEST WIND DIRECTION     S (160)
  HIGHEST GUST SPEED    36   HIGHEST GUST DIRECTION     S (160)
  AVERAGE WIND SPEED     7.1


SKY COVER
  POSSIBLE SUNSHINE  MM
  AVERAGE SKY COVER 0.2


WEATHER CONDITIONS
 THE FOLLOWING WEATHER WAS RECORDED YESTERDAY.
  THUNDERSTORM
  LIGHT RAIN


RELATIVE HUMIDITY (PERCENT)
 HIGHEST    88           200 AM
 LOWEST     41           400 PM
 AVERAGE    65

..........................................................


THE SALINA KS CLIMATE NORMALS FOR TODAY
                         NORMAL    RECORD    YEAR
 MAXIMUM TEMPERATURE (F)   93       112      1934
 MINIMUM TEMPERATURE (F)   70        53      1967


SUNRISE AND SUNSET
JULY 15 2016..........SUNRISE   618 AM CDT   SUNSET   855 PM CDT
JULY 16 2016..........SUNRISE   619 AM CDT   SUNSET   854 PM CDT


-  INDICATES NEGATIVE NUMBERS.
R  INDICATES RECORD WAS SET OR TIED.
MM INDICATES DATA IS MISSING.
T  INDICATES TRACE AMOUNT.




$$
