000
CDUS43 KICT 240617
CLISLN


CLIMATE REPORT
NATIONAL WEATHER SERVICE WICHITA KS
117 AM CDT MON MAR 24 2014


...................................

...THE SALINA KS CLIMATE SUMMARY FOR MARCH 23 2014...

CLIMATE NORMAL PERIOD 1981 TO 2010
CLIMATE RECORD PERIOD 1894 TO 2014


WEATHER ITEM   OBSERVED TIME   RECORD YEAR NORMAL DEPARTURE LAST
                VALUE   (LST)  VALUE       VALUE  FROM      YEAR
                                                  NORMAL
..................................................................
TEMPERATURE (F)
 YESTERDAY
  MAXIMUM         46        MM  88    1911  60    -14       35
  MINIMUM         16        MM  10    1968  36    -20       29
  AVERAGE         31                        48    -17       32

PRECIPITATION (IN)
  YESTERDAY        T             3.68 1987   0.09  -0.09    MM
  MONTH TO DATE    0.05                      1.67  -1.62     0.40
  SINCE MAR 1      0.05                      1.67  -1.62     0.40
  SINCE JAN 1      1.86                      3.47  -1.61     3.67

DEGREE DAYS
 HEATING
  YESTERDAY       34                        17     17       33
  MONTH TO DATE  590                       480    110      564
  SINCE MAR 1    590                       480    110      564
  SINCE JUL 1   4840                      4321    519     4186

 COOLING
  YESTERDAY        0                         0      0        0
  MONTH TO DATE    0                         0      0        0
  SINCE MAR 1      0                         0      0        0
  SINCE JAN 1      0                         0      0        0
..................................................................


WIND (MPH)
  HIGHEST WIND SPEED    15   HIGHEST WIND DIRECTION     N (350)
  HIGHEST GUST SPEED    MM   HIGHEST GUST DIRECTION    MM
  AVERAGE WIND SPEED     8.3


SKY COVER
  POSSIBLE SUNSHINE  MM
  AVERAGE SKY COVER 0.2


WEATHER CONDITIONS
 THE FOLLOWING WEATHER WAS RECORDED YESTERDAY.
  NO SIGNIFICANT WEATHER WAS OBSERVED.


RELATIVE HUMIDITY (PERCENT)
 HIGHEST    88           600 AM
 LOWEST     28           300 PM
 AVERAGE    58

..........................................................


THE SALINA KS CLIMATE NORMALS FOR TODAY
                         NORMAL    RECORD    YEAR
 MAXIMUM TEMPERATURE (F)   60        90      1910
 MINIMUM TEMPERATURE (F)   36        13      1965


SUNRISE AND SUNSET
MARCH 24 2014.........SUNRISE   728 AM CDT   SUNSET   746 PM CDT
MARCH 25 2014.........SUNRISE   726 AM CDT   SUNSET   747 PM CDT


-  INDICATES NEGATIVE NUMBERS.
R  INDICATES RECORD WAS SET OR TIED.
MM INDICATES DATA IS MISSING.
T  INDICATES TRACE AMOUNT.




$$
