000
CDUS43 KICT 110620
CLISLN


CLIMATE REPORT
NATIONAL WEATHER SERVICE WICHITA KS
119 AM CDT FRI JUL 11 2014


...................................

...THE SALINA KS CLIMATE SUMMARY FOR JULY 10 2014...

CLIMATE NORMAL PERIOD 1981 TO 2010
CLIMATE RECORD PERIOD 1894 TO 2014


WEATHER ITEM   OBSERVED TIME   RECORD YEAR NORMAL DEPARTURE LAST
                VALUE   (LST)  VALUE       VALUE  FROM      YEAR
                                                  NORMAL
..................................................................
TEMPERATURE (F)
 YESTERDAY
  MAXIMUM         90    435 PM 111    1934  93     -3       94
  MINIMUM         68    601 AM  48    1905  69     -1       70
  AVERAGE         79                        81     -2       82

PRECIPITATION (IN)
  YESTERDAY        0.07          0.84 1963   0.15  -0.08     0.00
  MONTH TO DATE    0.58                      1.48  -0.90     0.67
  SINCE JUN 1      8.77                      5.59   3.18     2.91
  SINCE JAN 1     16.16                     17.58  -1.42    16.15

DEGREE DAYS
 HEATING
  YESTERDAY        0                         0      0        0
  MONTH TO DATE    0                         0      0        0
  SINCE JUN 1      1                         7     -6        7
  SINCE JUL 1      0                         0      0        0

 COOLING
  YESTERDAY       14                        16     -2       17
  MONTH TO DATE  139                       156    -17      164
  SINCE JUN 1    496                       481     15      551
  SINCE JAN 1    728                       609    119      692
..................................................................


WIND (MPH)
  HIGHEST WIND SPEED    22   HIGHEST WIND DIRECTION    SE (130)
  HIGHEST GUST SPEED    27   HIGHEST GUST DIRECTION    SE (130)
  AVERAGE WIND SPEED    13.0


SKY COVER
  POSSIBLE SUNSHINE  MM
  AVERAGE SKY COVER 0.1


WEATHER CONDITIONS
 THE FOLLOWING WEATHER WAS RECORDED YESTERDAY.
  LIGHT RAIN


RELATIVE HUMIDITY (PERCENT)
 HIGHEST    90           500 AM
 LOWEST     44           300 PM
 AVERAGE    67

..........................................................


THE SALINA KS CLIMATE NORMALS FOR TODAY
                         NORMAL    RECORD    YEAR
 MAXIMUM TEMPERATURE (F)   93       112      1995
 MINIMUM TEMPERATURE (F)   69        48      1903


SUNRISE AND SUNSET
JULY 11 2014..........SUNRISE   615 AM CDT   SUNSET   857 PM CDT
JULY 12 2014..........SUNRISE   616 AM CDT   SUNSET   856 PM CDT


-  INDICATES NEGATIVE NUMBERS.
R  INDICATES RECORD WAS SET OR TIED.
MM INDICATES DATA IS MISSING.
T  INDICATES TRACE AMOUNT.




$$
