000
CDUS43 KICT 300623
CLISLN


CLIMATE REPORT
NATIONAL WEATHER SERVICE WICHITA KS
1223 AM CST TUE JAN 30 2018


...................................

...THE SALINA KS CLIMATE SUMMARY FOR JANUARY 29 2018...

CLIMATE NORMAL PERIOD 1981 TO 2010
CLIMATE RECORD PERIOD 1894 TO 2018


WEATHER ITEM   OBSERVED TIME   RECORD YEAR NORMAL DEPARTURE LAST
                VALUE   (LST)  VALUE       VALUE  FROM      YEAR
                                                  NORMAL
..................................................................
TEMPERATURE (F)
 YESTERDAY
  MAXIMUM         36    405 PM  71    1931  43     -7       59
                                      1971
  MINIMUM         15    545 AM  -6    1966  21     -6       37
  AVERAGE         26                        32     -6       48

PRECIPITATION (IN)
  YESTERDAY        0.00          0.43 1956   0.02  -0.02     0.00
  MONTH TO DATE    0.16                      0.57  -0.41     2.02
  SINCE DEC 1      0.21                      1.51  -1.30     2.87
  SINCE JAN 1      0.16                      0.57  -0.41     2.02

DEGREE DAYS
 HEATING
  YESTERDAY       39                        33      6       17
  MONTH TO DATE  983                       983      0      494
  SINCE DEC 1   1916                      1995    -79     1520
  SINCE JUL 1   2672                      2947   -275     2063

 COOLING
  YESTERDAY        0                         0      0        0
  MONTH TO DATE    0                         0      0        0
  SINCE DEC 1      0                         0      0        0
  SINCE JAN 1      0                         0      0        0
..................................................................


WIND (MPH)
  HIGHEST WIND SPEED    17   HIGHEST WIND DIRECTION     N (350)
  HIGHEST GUST SPEED    20   HIGHEST GUST DIRECTION     N (350)
  AVERAGE WIND SPEED     7.3


SKY COVER
  POSSIBLE SUNSHINE  MM
  AVERAGE SKY COVER 0.4


WEATHER CONDITIONS
 THE FOLLOWING WEATHER WAS RECORDED YESTERDAY.
  NO SIGNIFICANT WEATHER WAS OBSERVED.


RELATIVE HUMIDITY (PERCENT)
 HIGHEST    80           400 AM
 LOWEST     43           300 PM
 AVERAGE    62

..........................................................


THE SALINA KS CLIMATE NORMALS FOR TODAY
                         NORMAL    RECORD    YEAR
 MAXIMUM TEMPERATURE (F)   43        70      1931
 MINIMUM TEMPERATURE (F)   21        -7      1918


SUNRISE AND SUNSET
JANUARY 30 2018.......SUNRISE   738 AM CST   SUNSET   550 PM CST
JANUARY 31 2018.......SUNRISE   737 AM CST   SUNSET   551 PM CST


-  INDICATES NEGATIVE NUMBERS.
R  INDICATES RECORD WAS SET OR TIED.
MM INDICATES DATA IS MISSING.
T  INDICATES TRACE AMOUNT.




$$
