000
CDUS43 KICT 110616
CLISLN


CLIMATE REPORT
NATIONAL WEATHER SERVICE WICHITA KS
116 AM CDT MON AUG 11 2014


...................................

...THE SALINA KS CLIMATE SUMMARY FOR AUGUST 10 2014...

CLIMATE NORMAL PERIOD 1981 TO 2010
CLIMATE RECORD PERIOD 1894 TO 2014


WEATHER ITEM   OBSERVED TIME   RECORD YEAR NORMAL DEPARTURE LAST
                VALUE   (LST)  VALUE       VALUE  FROM      YEAR
                                                  NORMAL
..................................................................
TEMPERATURE (F)
 YESTERDAY
  MAXIMUM         88        MM 113    1934  92     -4       86
  MINIMUM         68        MM  54    1912  69     -1       61
  AVERAGE         78                        81     -3       74

PRECIPITATION (IN)
  YESTERDAY        0.44          1.49 2009   0.13   0.31     0.00
  MONTH TO DATE    0.92                      1.37  -0.45     2.34
  SINCE JUN 1      9.84                      9.77   0.07    10.34
  SINCE JAN 1     17.23                     21.76  -4.53    23.58

DEGREE DAYS
 HEATING
  YESTERDAY        0                         0      0        0
  MONTH TO DATE    0                         0      0        0
  SINCE JUN 1      1                         7     -6       10
  SINCE JUL 1      0                         0      0        3

 COOLING
  YESTERDAY       13                        16     -3        9
  MONTH TO DATE  170                       160     10      121
  SINCE JUN 1    970                       986    -16      951
  SINCE JAN 1   1202                      1114     88     1092
..................................................................


WIND (MPH)
  HIGHEST WIND SPEED    16   HIGHEST WIND DIRECTION    NW (320)
  HIGHEST GUST SPEED    17   HIGHEST GUST DIRECTION     E (99)
  AVERAGE WIND SPEED     8.4


SKY COVER
  POSSIBLE SUNSHINE  MM
  AVERAGE SKY COVER 0.4


WEATHER CONDITIONS
 THE FOLLOWING WEATHER WAS RECORDED YESTERDAY.
  THUNDERSTORM
  HEAVY RAIN
  RAIN
  LIGHT RAIN
  FOG


RELATIVE HUMIDITY (PERCENT)
 HIGHEST    90           500 AM
 LOWEST     43           500 PM
 AVERAGE    67

..........................................................


THE SALINA KS CLIMATE NORMALS FOR TODAY
                         NORMAL    RECORD    YEAR
 MAXIMUM TEMPERATURE (F)   92       114      1936
 MINIMUM TEMPERATURE (F)   69        50      1898


SUNRISE AND SUNSET
AUGUST 11 2014........SUNRISE   641 AM CDT   SUNSET   830 PM CDT
AUGUST 12 2014........SUNRISE   642 AM CDT   SUNSET   829 PM CDT


-  INDICATES NEGATIVE NUMBERS.
R  INDICATES RECORD WAS SET OR TIED.
MM INDICATES DATA IS MISSING.
T  INDICATES TRACE AMOUNT.




$$
