000
CDUS43 KICT 160632
CLISLN


CLIMATE REPORT
NATIONAL WEATHER SERVICE WICHITA KS
1232 AM CST MON FEB 16 2015


...................................

...THE SALINA KS CLIMATE SUMMARY FOR FEBRUARY 15 2015...

CLIMATE NORMAL PERIOD 1981 TO 2010
CLIMATE RECORD PERIOD 1894 TO 2015


WEATHER ITEM   OBSERVED TIME   RECORD YEAR NORMAL DEPARTURE LAST
                VALUE   (LST)  VALUE       VALUE  FROM      YEAR
                                                  NORMAL
..................................................................
TEMPERATURE (F)
 YESTERDAY
  MAXIMUM         26    359 PM  75    1921  46    -20       59
  MINIMUM         16   1159 PM  -7    1905  25     -9       28
  AVERAGE         21                        35    -14       44

PRECIPITATION (IN)
  YESTERDAY        T             0.47 1993   0.04  -0.04     0.00
  MONTH TO DATE    0.09                      0.57  -0.48     1.19
  SINCE DEC 1      3.19                      2.14   1.05     2.90
  SINCE JAN 1      1.29                      1.20   0.09     1.68

DEGREE DAYS
 HEATING
  YESTERDAY       44                        30     14       21
  MONTH TO DATE  445                       470    -25      661
  SINCE DEC 1   2340                      2534   -194     2906
  SINCE JUL 1   3337                      3486   -149     3894

 COOLING
  YESTERDAY        0                         0      0        0
  MONTH TO DATE    0                         0      0        0
  SINCE DEC 1      0                         0      0        0
  SINCE JAN 1      0                         0      0        0
..................................................................


WIND (MPH)
  HIGHEST WIND SPEED    17   HIGHEST WIND DIRECTION    NE (60)
  HIGHEST GUST SPEED    22   HIGHEST GUST DIRECTION     E (80)
  AVERAGE WIND SPEED    10.2


SKY COVER
  POSSIBLE SUNSHINE  MM
  AVERAGE SKY COVER 0.5


WEATHER CONDITIONS
 THE FOLLOWING WEATHER WAS RECORDED YESTERDAY.
  LIGHT SNOW
  FOG


RELATIVE HUMIDITY (PERCENT)
 HIGHEST    80          1000 PM
 LOWEST     36           100 PM
 AVERAGE    58

..........................................................


THE SALINA KS CLIMATE NORMALS FOR TODAY
                         NORMAL    RECORD    YEAR
 MAXIMUM TEMPERATURE (F)   47        74      1913
 MINIMUM TEMPERATURE (F)   25       -16      1903


SUNRISE AND SUNSET
FEBRUARY 16 2015......SUNRISE   721 AM CST   SUNSET   609 PM CST
FEBRUARY 17 2015......SUNRISE   719 AM CST   SUNSET   610 PM CST


-  INDICATES NEGATIVE NUMBERS.
R  INDICATES RECORD WAS SET OR TIED.
MM INDICATES DATA IS MISSING.
T  INDICATES TRACE AMOUNT.




$$
