000
CDUS43 KICT 180635
CLISLN


CLIMATE REPORT
NATIONAL WEATHER SERVICE WICHITA KS
1235 AM CST SUN JAN 18 2015


...................................

...THE SALINA KS CLIMATE SUMMARY FOR JANUARY 17 2015...

CLIMATE NORMAL PERIOD 1981 TO 2010
CLIMATE RECORD PERIOD 1894 TO 2015


WEATHER ITEM   OBSERVED TIME   RECORD YEAR NORMAL DEPARTURE LAST
                VALUE   (LST)  VALUE       VALUE  FROM      YEAR
                                                  NORMAL
..................................................................
TEMPERATURE (F)
 YESTERDAY
  MAXIMUM         59    304 PM  69    1986  42     17       43
  MINIMUM         33    527 AM -10    1930  20     13       24
  AVERAGE         46                        31     15       34

PRECIPITATION (IN)
  YESTERDAY        0.00          0.35 1960   0.03  -0.03     0.00
  MONTH TO DATE    0.02                      0.29  -0.27     0.49
  SINCE DEC 1      1.92                      1.23   0.69     1.71
  SINCE JAN 1      0.02                      0.29  -0.27     0.49

DEGREE DAYS
 HEATING
  YESTERDAY       19                        34    -15       31
  MONTH TO DATE  683                       578    105      613
  SINCE DEC 1   1576                      1590    -14     1765
  SINCE JUL 1   2573                      2542     31     2753

 COOLING
  YESTERDAY        0                         0      0        0
  MONTH TO DATE    0                         0      0        0
  SINCE DEC 1      0                         0      0        0
  SINCE JAN 1      0                         0      0        0
..................................................................


WIND (MPH)
  HIGHEST WIND SPEED    33   HIGHEST WIND DIRECTION    NW (320)
  HIGHEST GUST SPEED    40   HIGHEST GUST DIRECTION    NW (310)
  AVERAGE WIND SPEED    15.8


SKY COVER
  POSSIBLE SUNSHINE  MM
  AVERAGE SKY COVER 0.0


WEATHER CONDITIONS
 THE FOLLOWING WEATHER WAS RECORDED YESTERDAY.
  NO SIGNIFICANT WEATHER WAS OBSERVED.


RELATIVE HUMIDITY (PERCENT)
 HIGHEST    70           500 AM
 LOWEST     23           200 PM
 AVERAGE    47

..........................................................


THE SALINA KS CLIMATE NORMALS FOR TODAY
                         NORMAL    RECORD    YEAR
 MAXIMUM TEMPERATURE (F)   42        72      1951
 MINIMUM TEMPERATURE (F)   20       -11      1984


SUNRISE AND SUNSET
JANUARY 18 2015.......SUNRISE   746 AM CST   SUNSET   536 PM CST
JANUARY 19 2015.......SUNRISE   746 AM CST   SUNSET   537 PM CST


-  INDICATES NEGATIVE NUMBERS.
R  INDICATES RECORD WAS SET OR TIED.
MM INDICATES DATA IS MISSING.
T  INDICATES TRACE AMOUNT.




$$
