000
CDUS43 KICT 270626
CLISLN


CLIMATE REPORT
NATIONAL WEATHER SERVICE WICHITA KS
126 AM CDT TUE JUN 27 2017


...................................

...THE SALINA KS CLIMATE SUMMARY FOR JUNE 26 2017...

CLIMATE NORMAL PERIOD 1981 TO 2010
CLIMATE RECORD PERIOD 1894 TO 2017


WEATHER ITEM   OBSERVED TIME   RECORD YEAR NORMAL DEPARTURE LAST
                VALUE   (LST)  VALUE       VALUE  FROM      YEAR
                                                  NORMAL
..................................................................
TEMPERATURE (F)
 YESTERDAY
  MAXIMUM         89    457 PM 106    2012  91     -2       86
  MINIMUM         60    502 AM  45    1958  67     -7       71
  AVERAGE         75                        79     -4       79

PRECIPITATION (IN)
  YESTERDAY        T             2.32 1981   0.13  -0.13     0.03
  MONTH TO DATE    1.14                      3.61  -2.47     0.34
  SINCE JUN 1      1.14                      3.61  -2.47     0.34
  SINCE JAN 1     14.38                     15.60  -1.22    12.16

DEGREE DAYS
 HEATING
  YESTERDAY        0                         0      0        0
  MONTH TO DATE    0                         5     -5        0
  SINCE JUN 1      0                         5     -5        0
  SINCE JUL 1   3453                      4869  -1416     3718

 COOLING
  YESTERDAY       10                        14     -4       14
  MONTH TO DATE  373                       268    105      425
  SINCE JUN 1    373                       268    105      425
  SINCE JAN 1    533                       396    137      550
..................................................................


WIND (MPH)
  HIGHEST WIND SPEED    29   HIGHEST WIND DIRECTION     N (10)
  HIGHEST GUST SPEED    38   HIGHEST GUST DIRECTION     N (10)
  AVERAGE WIND SPEED     8.5


SKY COVER
  POSSIBLE SUNSHINE  MM
  AVERAGE SKY COVER 0.4


WEATHER CONDITIONS
 THE FOLLOWING WEATHER WAS RECORDED YESTERDAY.
  THUNDERSTORM


RELATIVE HUMIDITY (PERCENT)
 HIGHEST    84           100 AM
 LOWEST     37           200 PM
 AVERAGE    61

..........................................................


THE SALINA KS CLIMATE NORMALS FOR TODAY
                         NORMAL    RECORD    YEAR
 MAXIMUM TEMPERATURE (F)   91       111      1980
 MINIMUM TEMPERATURE (F)   67        44      1968


SUNRISE AND SUNSET
JUNE 27 2017..........SUNRISE   608 AM CDT   SUNSET   900 PM CDT
JUNE 28 2017..........SUNRISE   608 AM CDT   SUNSET   900 PM CDT


-  INDICATES NEGATIVE NUMBERS.
R  INDICATES RECORD WAS SET OR TIED.
MM INDICATES DATA IS MISSING.
T  INDICATES TRACE AMOUNT.




$$
