000
CDUS43 KICT 190707
CLISLN


CLIMATE REPORT
NATIONAL WEATHER SERVICE WICHITA KS
206 AM CDT FRI JUN 19 2015


...................................

...THE SALINA KS CLIMATE SUMMARY FOR JUNE 18 2015...

CLIMATE NORMAL PERIOD 1981 TO 2010
CLIMATE RECORD PERIOD 1894 TO 2015


WEATHER ITEM   OBSERVED TIME   RECORD YEAR NORMAL DEPARTURE LAST
                VALUE   (LST)  VALUE       VALUE  FROM      YEAR
                                                  NORMAL
..................................................................
TEMPERATURE (F)
 YESTERDAY
  MAXIMUM         81    611 PM 109    1936  88     -7       94
  MINIMUM         70    519 AM  50    1912  65      5       77
  AVERAGE         76                        77     -1       86

PRECIPITATION (IN)
  YESTERDAY        0.00          1.62 1952   0.13  -0.13     0.00
  MONTH TO DATE    4.50                      2.53   1.97     6.74
  SINCE JUN 1      4.50                      2.53   1.97     6.74
  SINCE JAN 1     16.10                     14.52   1.58    14.13

DEGREE DAYS
 HEATING
  YESTERDAY        0                         0      0        0
  MONTH TO DATE    0                         5     -5        1
  SINCE JUN 1      0                         5     -5        1
  SINCE JUL 1   4660                      4869   -209     5398

 COOLING
  YESTERDAY       11                        12     -1       21
  MONTH TO DATE  211                       164     47      188
  SINCE JUN 1    211                       164     47      188
  SINCE JAN 1    301                       292      9      420
..................................................................


WIND (MPH)
  HIGHEST WIND SPEED    37   HIGHEST WIND DIRECTION     N (340)
  HIGHEST GUST SPEED    45   HIGHEST GUST DIRECTION     N (340)
  AVERAGE WIND SPEED     9.4


SKY COVER
  POSSIBLE SUNSHINE  MM
  AVERAGE SKY COVER 0.2


WEATHER CONDITIONS
 THE FOLLOWING WEATHER WAS RECORDED YESTERDAY.
  FOG


RELATIVE HUMIDITY (PERCENT)
 HIGHEST    97           400 AM
 LOWEST     54           100 PM
 AVERAGE    76

..........................................................


THE SALINA KS CLIMATE NORMALS FOR TODAY
                         NORMAL    RECORD    YEAR
 MAXIMUM TEMPERATURE (F)   89       109      1918
 MINIMUM TEMPERATURE (F)   65        44      1936


SUNRISE AND SUNSET
JUNE 19 2015..........SUNRISE   605 AM CDT   SUNSET   859 PM CDT
JUNE 20 2015..........SUNRISE   606 AM CDT   SUNSET   859 PM CDT


-  INDICATES NEGATIVE NUMBERS.
R  INDICATES RECORD WAS SET OR TIED.
MM INDICATES DATA IS MISSING.
T  INDICATES TRACE AMOUNT.




$$
