000
CDUS43 KICT 280700
CLISLN


CLIMATE REPORT
NATIONAL WEATHER SERVICE WICHITA KS
100 AM CST SUN JAN 28 2018


...................................

...THE SALINA KS CLIMATE SUMMARY FOR JANUARY 27 2018...

CLIMATE NORMAL PERIOD 1981 TO 2010
CLIMATE RECORD PERIOD 1894 TO 2018


WEATHER ITEM   OBSERVED TIME   RECORD YEAR NORMAL DEPARTURE LAST
                VALUE   (LST)  VALUE       VALUE  FROM      YEAR
                                                  NORMAL
..................................................................
TEMPERATURE (F)
 YESTERDAY
  MAXIMUM         57    403 PM  75    2015  42     15       46
  MINIMUM         22    807 AM -15    1902  21      1       25
  AVERAGE         40                        32      8       36

PRECIPITATION (IN)
  YESTERDAY        0.00          1.15 1995   0.02  -0.02     0.00
  MONTH TO DATE    0.16                      0.52  -0.36     2.02
  SINCE DEC 1      0.21                      1.46  -1.25     2.87
  SINCE JAN 1      0.16                      0.52  -0.36     2.02

DEGREE DAYS
 HEATING
  YESTERDAY       25                        33     -8       29
  MONTH TO DATE  909                       917     -8      452
  SINCE DEC 1   1842                      1929    -87     1478
  SINCE JUL 1   2598                      2881   -283     2021

 COOLING
  YESTERDAY        0                         0      0        0
  MONTH TO DATE    0                         0      0        0
  SINCE DEC 1      0                         0      0        0
  SINCE JAN 1      0                         0      0        0
..................................................................


WIND (MPH)
  HIGHEST WIND SPEED    22   HIGHEST WIND DIRECTION    NW (300)
  HIGHEST GUST SPEED    26   HIGHEST GUST DIRECTION    NW (310)
  AVERAGE WIND SPEED     6.8


SKY COVER
  POSSIBLE SUNSHINE  MM
  AVERAGE SKY COVER 0.0


WEATHER CONDITIONS
 THE FOLLOWING WEATHER WAS RECORDED YESTERDAY.
  NO SIGNIFICANT WEATHER WAS OBSERVED.


RELATIVE HUMIDITY (PERCENT)
 HIGHEST    84           600 AM
 LOWEST     19           400 PM
 AVERAGE    52

..........................................................


THE SALINA KS CLIMATE NORMALS FOR TODAY
                         NORMAL    RECORD    YEAR
 MAXIMUM TEMPERATURE (F)   43        74      2015
                                             2013
 MINIMUM TEMPERATURE (F)   21       -16      1948


SUNRISE AND SUNSET
JANUARY 28 2018.......SUNRISE   740 AM CST   SUNSET   548 PM CST
JANUARY 29 2018.......SUNRISE   739 AM CST   SUNSET   549 PM CST


-  INDICATES NEGATIVE NUMBERS.
R  INDICATES RECORD WAS SET OR TIED.
MM INDICATES DATA IS MISSING.
T  INDICATES TRACE AMOUNT.




$$
