000
CDUS43 KICT 050641
CLISLN


CLIMATE REPORT
NATIONAL WEATHER SERVICE WICHITA KS
1241 AM CST WED NOV 5 2014


...................................

...THE SALINA KS CLIMATE SUMMARY FOR NOVEMBER 4 2014...

CLIMATE NORMAL PERIOD 1981 TO 2010
CLIMATE RECORD PERIOD 1894 TO 2014


WEATHER ITEM   OBSERVED TIME   RECORD YEAR NORMAL DEPARTURE LAST
                VALUE   (LST)  VALUE       VALUE  FROM      YEAR
                                                  NORMAL
..................................................................
TEMPERATURE (F)
 YESTERDAY
  MAXIMUM         57    142 PM  81    1978  61     -4       64
  MINIMUM         42   1159 PM  10    1991  39      3       50
  AVERAGE         50                        50      0       57

PRECIPITATION (IN)
  YESTERDAY        0.00          0.28 1956   0.05  -0.05     0.00
  MONTH TO DATE    T                         0.20  -0.20      T
  SINCE SEP 1      5.70                      5.17   0.53     2.82
  SINCE JAN 1     26.98                     29.51  -2.53    29.06

DEGREE DAYS
 HEATING
  YESTERDAY       15                        15      0        8
  MONTH TO DATE   52                        58     -6       46
  SINCE SEP 1    286                       375    -89      348
  SINCE JUL 1    286                       376    -90      351

 COOLING
  YESTERDAY        0                         0      0        0
  MONTH TO DATE    0                         0      0        0
  SINCE SEP 1    243                       239      4      356
  SINCE JAN 1   1801                      1646    155     1750
..................................................................


WIND (MPH)
  HIGHEST WIND SPEED    17   HIGHEST WIND DIRECTION    NW (330)
  HIGHEST GUST SPEED    21   HIGHEST GUST DIRECTION    NW (330)
  AVERAGE WIND SPEED     8.3


SKY COVER
  POSSIBLE SUNSHINE  MM
  AVERAGE SKY COVER 0.0


WEATHER CONDITIONS
 THE FOLLOWING WEATHER WAS RECORDED YESTERDAY.
  NO SIGNIFICANT WEATHER WAS OBSERVED.


RELATIVE HUMIDITY (PERCENT)
 HIGHEST    76           500 AM
 LOWEST     38           200 PM
 AVERAGE    57

..........................................................


THE SALINA KS CLIMATE NORMALS FOR TODAY
                         NORMAL    RECORD    YEAR
 MAXIMUM TEMPERATURE (F)   61        84      1924
 MINIMUM TEMPERATURE (F)   38        15      1982


SUNRISE AND SUNSET
NOVEMBER  5 2014......SUNRISE   702 AM CST   SUNSET   526 PM CST
NOVEMBER  6 2014......SUNRISE   703 AM CST   SUNSET   525 PM CST


-  INDICATES NEGATIVE NUMBERS.
R  INDICATES RECORD WAS SET OR TIED.
MM INDICATES DATA IS MISSING.
T  INDICATES TRACE AMOUNT.




$$
