683
CDUS43 KICT 170643
CLISLN


CLIMATE REPORT
NATIONAL WEATHER SERVICE WICHITA KS
142 AM CDT FRI MAR 17 2017


...................................

...THE SALINA KS CLIMATE SUMMARY FOR MARCH 16 2017...

CLIMATE NORMAL PERIOD 1981 TO 2010
CLIMATE RECORD PERIOD 1894 TO 2017


WEATHER ITEM   OBSERVED TIME   RECORD YEAR NORMAL DEPARTURE LAST
                VALUE   (LST)  VALUE       VALUE  FROM      YEAR
                                                  NORMAL
..................................................................
TEMPERATURE (F)
 YESTERDAY
  MAXIMUM         78    351 PM  88    2015  57     21       65
  MINIMUM         37    149 AM   9    1960  34      3       34
  AVERAGE         58                        46     12       50

PRECIPITATION (IN)
  YESTERDAY        0.00          1.50 1987   0.08  -0.08     0.00
  MONTH TO DATE    0.04                      1.09  -1.05     0.07
  SINCE MAR 1      0.04                      1.09  -1.05     0.07
  SINCE JAN 1      2.14                      2.89  -0.75     1.31

DEGREE DAYS
 HEATING
  YESTERDAY        7                        19    -12       15
  MONTH TO DATE  304                       352    -48      178
  SINCE MAR 1    304                       352    -48      178
  SINCE JUL 1   2972                      4193  -1221     3164

 COOLING
  YESTERDAY        0                         0      0        0
  MONTH TO DATE    0                         0      0        5
  SINCE MAR 1      0                         0      0        5
  SINCE JAN 1      0                         0      0        5
..................................................................


WIND (MPH)
  HIGHEST WIND SPEED    28   HIGHEST WIND DIRECTION     S (200)
  HIGHEST GUST SPEED    36   HIGHEST GUST DIRECTION     S (190)
  AVERAGE WIND SPEED    15.9


SKY COVER
  POSSIBLE SUNSHINE  MM
  AVERAGE SKY COVER 0.0


WEATHER CONDITIONS
 THE FOLLOWING WEATHER WAS RECORDED YESTERDAY.
  NO SIGNIFICANT WEATHER WAS OBSERVED.


RELATIVE HUMIDITY (PERCENT)
 HIGHEST    72          1100 PM
 LOWEST     38           300 PM
 AVERAGE    55

..........................................................


THE SALINA KS CLIMATE NORMALS FOR TODAY
                         NORMAL    RECORD    YEAR
 MAXIMUM TEMPERATURE (F)   58        81      2012
                                             1994
 MINIMUM TEMPERATURE (F)   34         5      1960


SUNRISE AND SUNSET
MARCH 17 2017.........SUNRISE   738 AM CDT   SUNSET   740 PM CDT
MARCH 18 2017.........SUNRISE   737 AM CDT   SUNSET   741 PM CDT


-  INDICATES NEGATIVE NUMBERS.
R  INDICATES RECORD WAS SET OR TIED.
MM INDICATES DATA IS MISSING.
T  INDICATES TRACE AMOUNT.




$$
