000
CDUS43 KICT 270625
CLISLN


CLIMATE REPORT
NATIONAL WEATHER SERVICE WICHITA KS
125 AM CDT THU APR 27 2017


...................................

...THE SALINA KS CLIMATE SUMMARY FOR APRIL 26 2017...

CLIMATE NORMAL PERIOD 1981 TO 2010
CLIMATE RECORD PERIOD 1894 TO 2017


WEATHER ITEM   OBSERVED TIME   RECORD YEAR NORMAL DEPARTURE LAST
                VALUE   (LST)  VALUE       VALUE  FROM      YEAR
                                                  NORMAL
..................................................................
TEMPERATURE (F)
 YESTERDAY
  MAXIMUM         55    338 PM  99    1989  70    -15       87
  MINIMUM         39   1154 PM  20    1907  47     -8       62
  AVERAGE         47                        59    -12       75

PRECIPITATION (IN)
  YESTERDAY        0.00          2.89 1985   0.11  -0.11     0.24
  MONTH TO DATE    2.39                      2.59  -0.20     2.72
  SINCE MAR 1      6.01                      4.98   1.03     3.42
  SINCE JAN 1      8.11                      6.78   1.33     4.66

DEGREE DAYS
 HEATING
  YESTERDAY       18                         8     10        0
  MONTH TO DATE  183                       291   -108      166
  SINCE MAR 1    643                       900   -257      584
  SINCE JUL 1   3311                      4741  -1430     3570

 COOLING
  YESTERDAY        0                         1     -1       10
  MONTH TO DATE   40                        18     22       28
  SINCE MAR 1     51                        20     31       34
  SINCE JAN 1     51                        20     31       34
..................................................................


WIND (MPH)
  HIGHEST WIND SPEED    25   HIGHEST WIND DIRECTION    NW (330)
  HIGHEST GUST SPEED    32   HIGHEST GUST DIRECTION     N (360)
  AVERAGE WIND SPEED    15.2


SKY COVER
  POSSIBLE SUNSHINE  MM
  AVERAGE SKY COVER 0.8


WEATHER CONDITIONS
 THE FOLLOWING WEATHER WAS RECORDED YESTERDAY.
  NO SIGNIFICANT WEATHER WAS OBSERVED.


RELATIVE HUMIDITY (PERCENT)
 HIGHEST    79          1100 PM
 LOWEST     50           100 PM
 AVERAGE    65

..........................................................


THE SALINA KS CLIMATE NORMALS FOR TODAY
                         NORMAL    RECORD    YEAR
 MAXIMUM TEMPERATURE (F)   71        94      1989
 MINIMUM TEMPERATURE (F)   47        29      1910


SUNRISE AND SUNSET
APRIL 27 2017.........SUNRISE   638 AM CDT   SUNSET   819 PM CDT
APRIL 28 2017.........SUNRISE   636 AM CDT   SUNSET   820 PM CDT


-  INDICATES NEGATIVE NUMBERS.
R  INDICATES RECORD WAS SET OR TIED.
MM INDICATES DATA IS MISSING.
T  INDICATES TRACE AMOUNT.




$$
