000
CDUS43 KICT 150649
CLISLN


CLIMATE REPORT
NATIONAL WEATHER SERVICE WICHITA KS
149 AM CDT WED JUL 15 2015


...................................

...THE SALINA KS CLIMATE SUMMARY FOR JULY 14 2015...

CLIMATE NORMAL PERIOD 1981 TO 2010
CLIMATE RECORD PERIOD 1894 TO 2015


WEATHER ITEM   OBSERVED TIME   RECORD YEAR NORMAL DEPARTURE LAST
                VALUE   (LST)  VALUE       VALUE  FROM      YEAR
                                                  NORMAL
..................................................................
TEMPERATURE (F)
 YESTERDAY
  MAXIMUM         96    501 PM 113    1954  93      3       86
  MINIMUM         72    514 AM  51    1987  69      3       65
  AVERAGE         84                        81      3       76

PRECIPITATION (IN)
  YESTERDAY        0.29          1.53 1962   0.15   0.14     0.06
  MONTH TO DATE    2.08                      2.09  -0.01     0.64
  SINCE JUN 1      6.58                      6.20   0.38     8.83
  SINCE JAN 1     18.18                     18.19  -0.01    16.22

DEGREE DAYS
 HEATING
  YESTERDAY        0                         0      0        0
  MONTH TO DATE    0                         0      0        0
  SINCE JUN 1      0                         7     -7        1
  SINCE JUL 1      0                         0      0        0

 COOLING
  YESTERDAY       19                        16      3       11
  MONTH TO DATE  218                       220     -2      206
  SINCE JUN 1    658                       545    113      563
  SINCE JAN 1    748                       673     75      795
..................................................................


WIND (MPH)
  HIGHEST WIND SPEED    43   HIGHEST WIND DIRECTION    SW (240)
  HIGHEST GUST SPEED    50   HIGHEST GUST DIRECTION    SW (240)
  AVERAGE WIND SPEED    10.4


SKY COVER
  POSSIBLE SUNSHINE  MM
  AVERAGE SKY COVER 0.0


WEATHER CONDITIONS
 THE FOLLOWING WEATHER WAS RECORDED YESTERDAY.
  THUNDERSTORM
  HEAVY RAIN
  RAIN
  LIGHT RAIN


RELATIVE HUMIDITY (PERCENT)
 HIGHEST    79          1100 PM
 LOWEST     35           500 PM
 AVERAGE    57

..........................................................


THE SALINA KS CLIMATE NORMALS FOR TODAY
                         NORMAL    RECORD    YEAR
 MAXIMUM TEMPERATURE (F)   93       112      1934
 MINIMUM TEMPERATURE (F)   70        53      1967


SUNRISE AND SUNSET
JULY 15 2015..........SUNRISE   618 AM CDT   SUNSET   855 PM CDT
JULY 16 2015..........SUNRISE   618 AM CDT   SUNSET   854 PM CDT


-  INDICATES NEGATIVE NUMBERS.
R  INDICATES RECORD WAS SET OR TIED.
MM INDICATES DATA IS MISSING.
T  INDICATES TRACE AMOUNT.




$$
