000
CDUS43 KICT 080634
CLISLN

CLIMATE REPORT
NATIONAL WEATHER SERVICE WICHITA KS
1233 AM CST SAT NOV 8 2014


...................................

...THE SALINA KS CLIMATE SUMMARY FOR NOVEMBER 7 2014...

CLIMATE NORMAL PERIOD 1981 TO 2010
CLIMATE RECORD PERIOD 1894 TO 2014


WEATHER ITEM   OBSERVED TIME   RECORD YEAR NORMAL DEPARTURE LAST
                VALUE   (LST)  VALUE       VALUE  FROM      YEAR
                                                  NORMAL
..................................................................
TEMPERATURE (F)
 YESTERDAY
  MAXIMUM         73    359 PM  81    1931  60     13       59
  MINIMUM         35   1251 AM  15    1991  37     -2       29
  AVERAGE         54                        48      6       44

PRECIPITATION (IN)
  YESTERDAY        0.00          0.82 2011   0.05  -0.05     0.00
  MONTH TO DATE    T                         0.35  -0.35     0.35
  SINCE SEP 1      5.70                      5.32   0.38     3.17
  SINCE JAN 1     26.98                     29.66  -2.68    29.41

DEGREE DAYS
 HEATING
  YESTERDAY       11                        17     -6       21
  MONTH TO DATE   93                       107    -14      108
  SINCE SEP 1    327                       424    -97      410
  SINCE JUL 1    327                       425    -98      413

 COOLING
  YESTERDAY        0                         0      0        0
  MONTH TO DATE    0                         0      0        0
  SINCE SEP 1    243                       239      4      356
  SINCE JAN 1   1801                      1646    155     1750
..................................................................


WIND (MPH)
  HIGHEST WIND SPEED    29   HIGHEST WIND DIRECTION     S (200)
  HIGHEST GUST SPEED    36   HIGHEST GUST DIRECTION     S (190)
  AVERAGE WIND SPEED    14.5


SKY COVER
  POSSIBLE SUNSHINE  MM
  AVERAGE SKY COVER 0.0


WEATHER CONDITIONS
 THE FOLLOWING WEATHER WAS RECORDED YESTERDAY.
  NO SIGNIFICANT WEATHER WAS OBSERVED.


RELATIVE HUMIDITY (PERCENT)
 HIGHEST    70           100 AM
 LOWEST     25           400 PM
 AVERAGE    48

..........................................................


THE SALINA KS CLIMATE NORMALS FOR TODAY
                         NORMAL    RECORD    YEAR
 MAXIMUM TEMPERATURE (F)   59        89      2006
 MINIMUM TEMPERATURE (F)   37         2      1925


SUNRISE AND SUNSET
NOVEMBER  8 2014......SUNRISE   705 AM CST   SUNSET   523 PM CST
NOVEMBER  9 2014......SUNRISE   706 AM CST   SUNSET   522 PM CST


-  INDICATES NEGATIVE NUMBERS.
R  INDICATES RECORD WAS SET OR TIED.
MM INDICATES DATA IS MISSING.
T  INDICATES TRACE AMOUNT.

$$

ES
