000
CDUS43 KICT 290639
CLISLN


CLIMATE REPORT
NATIONAL WEATHER SERVICE WICHITA KS
139 AM CDT WED JUN 29 2016


...................................

...THE SALINA KS CLIMATE SUMMARY FOR JUNE 28 2016...

CLIMATE NORMAL PERIOD 1981 TO 2010
CLIMATE RECORD PERIOD 1894 TO 2016


WEATHER ITEM   OBSERVED TIME   RECORD YEAR NORMAL DEPARTURE LAST
                VALUE   (LST)  VALUE       VALUE  FROM      YEAR
                                                  NORMAL
..................................................................
TEMPERATURE (F)
 YESTERDAY
  MAXIMUM         88    608 PM 109    1936  91     -3       99
  MINIMUM         72   1159 PM  53    1985  67      5       66
  AVERAGE         80                        79      1       83

PRECIPITATION (IN)
  YESTERDAY        0.11          2.02 1998   0.13  -0.02     0.00
  MONTH TO DATE    0.45                      3.86  -3.41     4.50
  SINCE JUN 1      0.45                      3.86  -3.41     4.50
  SINCE JAN 1     12.27                     15.85  -3.58    16.10

DEGREE DAYS
 HEATING
  YESTERDAY        0                         0      0        0
  MONTH TO DATE    0                         5     -5        0
  SINCE JUN 1      0                         5     -5        0
  SINCE JUL 1   3718                      4869  -1151     4660

 COOLING
  YESTERDAY       15                        14      1       18
  MONTH TO DATE  458                       296    162      408
  SINCE JUN 1    458                       296    162      408
  SINCE JAN 1    583                       424    159      498
..................................................................


WIND (MPH)
  HIGHEST WIND SPEED    20   HIGHEST WIND DIRECTION     N (20)
  HIGHEST GUST SPEED    41   HIGHEST GUST DIRECTION     N (350)
  AVERAGE WIND SPEED     7.2


SKY COVER
  POSSIBLE SUNSHINE   0 PERCENT
  AVERAGE SKY COVER 0.0


WEATHER CONDITIONS
 THE FOLLOWING WEATHER WAS RECORDED YESTERDAY.
  NO SIGNIFICANT WEATHER WAS OBSERVED.


RELATIVE HUMIDITY (PERCENT)
 HIGHEST     0          1200 AM
 LOWEST      0          1200 AM
 AVERAGE     0

..........................................................


THE SALINA KS CLIMATE NORMALS FOR TODAY
                         NORMAL    RECORD    YEAR
 MAXIMUM TEMPERATURE (F)   92       110      1933
 MINIMUM TEMPERATURE (F)   68        48      1923


SUNRISE AND SUNSET
JUNE 29 2016..........SUNRISE   609 AM CDT   SUNSET   900 PM CDT
JUNE 30 2016..........SUNRISE   609 AM CDT   SUNSET   900 PM CDT


-  INDICATES NEGATIVE NUMBERS.
R  INDICATES RECORD WAS SET OR TIED.
MM INDICATES DATA IS MISSING.
T  INDICATES TRACE AMOUNT.




$$
