000
CDUS43 KICT 130626
CLISLN


CLIMATE REPORT
NATIONAL WEATHER SERVICE WICHITA KS
126 AM CDT SUN JUL 13 2014


...................................

...THE SALINA KS CLIMATE SUMMARY FOR JULY 12 2014...

CLIMATE NORMAL PERIOD 1981 TO 2010
CLIMATE RECORD PERIOD 1894 TO 2014


WEATHER ITEM   OBSERVED TIME   RECORD YEAR NORMAL DEPARTURE LAST
                VALUE   (LST)  VALUE       VALUE  FROM      YEAR
                                                  NORMAL
..................................................................
TEMPERATURE (F)
 YESTERDAY
  MAXIMUM         99    322 PM 111    1995  93      6      100
  MINIMUM         71    449 AM  53    1907  69      2       71
  AVERAGE         85                        81      4       86

PRECIPITATION (IN)
  YESTERDAY        0.00          1.65 1987   0.15  -0.15     0.00
  MONTH TO DATE    0.58                      1.78  -1.20     1.41
  SINCE JUN 1      8.77                      5.89   2.88     3.65
  SINCE JAN 1     16.16                     17.88  -1.72    16.89

DEGREE DAYS
 HEATING
  YESTERDAY        0                         0      0        0
  MONTH TO DATE    0                         0      0        0
  SINCE JUN 1      1                         7     -6        7
  SINCE JUL 1      0                         0      0        0

 COOLING
  YESTERDAY       20                        16      4       21
  MONTH TO DATE  179                       188     -9      200
  SINCE JUN 1    536                       513     23      587
  SINCE JAN 1    768                       641    127      728
..................................................................


WIND (MPH)
  HIGHEST WIND SPEED    25   HIGHEST WIND DIRECTION    SW (210)
  HIGHEST GUST SPEED    30   HIGHEST GUST DIRECTION     S (200)
  AVERAGE WIND SPEED    13.0


SKY COVER
  POSSIBLE SUNSHINE  MM
  AVERAGE SKY COVER 0.1


WEATHER CONDITIONS
 THE FOLLOWING WEATHER WAS RECORDED YESTERDAY.
  THUNDERSTORM


RELATIVE HUMIDITY (PERCENT)
 HIGHEST    73           500 AM
 LOWEST     33           300 PM
 AVERAGE    53

..........................................................


THE SALINA KS CLIMATE NORMALS FOR TODAY
                         NORMAL    RECORD    YEAR
 MAXIMUM TEMPERATURE (F)   93       113      1954
 MINIMUM TEMPERATURE (F)   69        51      1975


SUNRISE AND SUNSET
JULY 13 2014..........SUNRISE   616 AM CDT   SUNSET   856 PM CDT
JULY 14 2014..........SUNRISE   617 AM CDT   SUNSET   855 PM CDT


-  INDICATES NEGATIVE NUMBERS.
R  INDICATES RECORD WAS SET OR TIED.
MM INDICATES DATA IS MISSING.
T  INDICATES TRACE AMOUNT.




$$
