000
CDUS43 KICT 020637
CLISLN

CLIMATE REPORT
NATIONAL WEATHER SERVICE WICHITA KS
136 AM CDT SUN AUG 2 2015

...................................

...THE SALINA KS CLIMATE SUMMARY FOR AUGUST 1 2015...

CLIMATE NORMAL PERIOD 1981 TO 2010
CLIMATE RECORD PERIOD 1894 TO 2015


WEATHER ITEM   OBSERVED TIME   RECORD YEAR NORMAL DEPARTURE LAST
                VALUE   (LST)  VALUE       VALUE  FROM      YEAR
                                                  NORMAL
..................................................................
TEMPERATURE (F)
 YESTERDAY
  MAXIMUM         95    421 PM 110    2011  93      2       95
  MINIMUM         69    551 AM  50    1898  70     -1       61
  AVERAGE         82                        81      1       78

PRECIPITATION (IN)
  YESTERDAY        0.00          1.40 1999   0.15  -0.15     0.00
  MONTH TO DATE    0.00                      0.15  -0.15     0.00
  SINCE JUN 1      8.36                      8.55  -0.19     8.92
  SINCE JAN 1     19.96                     20.54  -0.58    16.31

DEGREE DAYS
 HEATING
  YESTERDAY        0                         0      0        0
  MONTH TO DATE    0                         0      0        0
  SINCE JUN 1      0                         7     -7        1
  SINCE JUL 1      0                         0      0        0

 COOLING
  YESTERDAY       17                        16      1       13
  MONTH TO DATE   17                        16      1       13
  SINCE JUN 1   1007                       842    165      813
  SINCE JAN 1   1097                       970    127     1045
..................................................................


WIND (MPH)
  HIGHEST WIND SPEED    15   HIGHEST WIND DIRECTION     S (200)
  HIGHEST GUST SPEED    18   HIGHEST GUST DIRECTION    SE (150)
  AVERAGE WIND SPEED     6.1


SKY COVER
  POSSIBLE SUNSHINE  MM
  AVERAGE SKY COVER 0.1


WEATHER CONDITIONS
 THE FOLLOWING WEATHER WAS RECORDED YESTERDAY.
  FOG


RELATIVE HUMIDITY (PERCENT)
 HIGHEST    90           200 AM
 LOWEST     34           400 PM
 AVERAGE    62

..........................................................


THE SALINA KS CLIMATE NORMALS FOR TODAY
                         NORMAL    RECORD    YEAR
 MAXIMUM TEMPERATURE (F)   93       109      2011
                                             1918
 MINIMUM TEMPERATURE (F)   70        53      1925


SUNRISE AND SUNSET
AUGUST  2 2015........SUNRISE   632 AM CDT   SUNSET   841 PM CDT
AUGUST  3 2015........SUNRISE   633 AM CDT   SUNSET   840 PM CDT


-  INDICATES NEGATIVE NUMBERS.
R  INDICATES RECORD WAS SET OR TIED.
MM INDICATES DATA IS MISSING.
T  INDICATES TRACE AMOUNT.

$$
