000
CDUS43 KICT 010634
CLISLN


CLIMATE REPORT
NATIONAL WEATHER SERVICE WICHITA KS
1233 AM CST SUN MAR 1 2015


...................................

...THE SALINA KS CLIMATE SUMMARY FOR FEBRUARY 28 2015...

CLIMATE NORMAL PERIOD 1981 TO 2010
CLIMATE RECORD PERIOD 1894 TO 2015


WEATHER ITEM   OBSERVED TIME   RECORD YEAR NORMAL DEPARTURE LAST
                VALUE   (LST)  VALUE       VALUE  FROM      YEAR
                                                  NORMAL
..................................................................
TEMPERATURE (F)
 YESTERDAY
  MAXIMUM         23    722 PM  84    2006  51    -28       55
  MINIMUM          9    202 AM  -2    1960  29    -20       27
  AVERAGE         16                        40    -24       41

PRECIPITATION (IN)
  YESTERDAY        T             0.87 1987   0.05  -0.05     0.00
  MONTH TO DATE    0.12                      1.17  -1.05     1.32
  SINCE DEC 1      3.22                      2.74   0.48     3.03
  SINCE JAN 1      1.32                      1.80  -0.48     1.81

DEGREE DAYS
 HEATING
  YESTERDAY       49                        25     24       24
  MONTH TO DATE  937                       824    113     1017
  SINCE DEC 1   2832                      2889    -57     3262
  SINCE JUL 1   3829                      3841    -12     4250

 COOLING
  YESTERDAY        0                         0      0        0
  MONTH TO DATE    0                         0      0        0
  SINCE DEC 1      0                         0      0        0
  SINCE JAN 1      0                         0      0        0
..................................................................


WIND (MPH)
  HIGHEST WIND SPEED    12   HIGHEST WIND DIRECTION    SE (150)
  HIGHEST GUST SPEED    13   HIGHEST GUST DIRECTION    SE (140)
  AVERAGE WIND SPEED     6.4


SKY COVER
  POSSIBLE SUNSHINE  MM
  AVERAGE SKY COVER 0.9


WEATHER CONDITIONS
 THE FOLLOWING WEATHER WAS RECORDED YESTERDAY.
  SNOW
  LIGHT SNOW
  FOG
  HAZE


RELATIVE HUMIDITY (PERCENT)
 HIGHEST    84           300 AM
 LOWEST     74           500 PM
 AVERAGE    79

..........................................................


THE SALINA KS CLIMATE NORMALS FOR TODAY
                         NORMAL    RECORD    YEAR
 MAXIMUM TEMPERATURE (F)   51        83      1992
 MINIMUM TEMPERATURE (F)   29        -5      1913


SUNRISE AND SUNSET
MARCH  1 2015.........SUNRISE   703 AM CST   SUNSET   623 PM CST
MARCH  2 2015.........SUNRISE   702 AM CST   SUNSET   624 PM CST


-  INDICATES NEGATIVE NUMBERS.
R  INDICATES RECORD WAS SET OR TIED.
MM INDICATES DATA IS MISSING.
T  INDICATES TRACE AMOUNT.




$$
