000
CDUS43 KICT 190648
CLISLN


CLIMATE REPORT
NATIONAL WEATHER SERVICE WICHITA KS
1248 AM CST THU JAN 19 2017


...................................

...THE SALINA KS CLIMATE SUMMARY FOR JANUARY 18 2017...

CLIMATE NORMAL PERIOD 1981 TO 2010
CLIMATE RECORD PERIOD 1894 TO 2017


WEATHER ITEM   OBSERVED TIME   RECORD YEAR NORMAL DEPARTURE LAST
                VALUE   (LST)  VALUE       VALUE  FROM      YEAR
                                                  NORMAL
..................................................................
TEMPERATURE (F)
 YESTERDAY
  MAXIMUM         55    400 PM  72    1951  42     13       33
  MINIMUM         30    900 AM -11    1984  20     10       15
  AVERAGE         43                        31     12       24

PRECIPITATION (IN)
  YESTERDAY        0.00          0.79 1979   0.02  -0.02     0.00
  MONTH TO DATE    0.20                      0.31  -0.11     0.42
  SINCE DEC 1      1.05                      1.25  -0.20     4.08
  SINCE JAN 1      0.20                      0.31  -0.11     0.42

DEGREE DAYS
 HEATING
  YESTERDAY       22                        34    -12       41
  MONTH TO DATE  230                       612   -382      603
  SINCE DEC 1   1256                      1624   -368     1402
  SINCE JUL 1   1799                      2576   -777     2034

 COOLING
  YESTERDAY        0                         0      0        0
  MONTH TO DATE    0                         0      0        0
  SINCE DEC 1      0                         0      0        0
  SINCE JAN 1      0                         0      0        0
..................................................................


WIND (MPH)
  HIGHEST WIND SPEED   165   HIGHEST WIND DIRECTION     S (170)
  HIGHEST GUST SPEED    28   HIGHEST GUST DIRECTION     S (180)
  AVERAGE WIND SPEED    21.4


SKY COVER
  POSSIBLE SUNSHINE  MM
  AVERAGE SKY COVER 0.1


WEATHER CONDITIONS
 THE FOLLOWING WEATHER WAS RECORDED YESTERDAY.
  NO SIGNIFICANT WEATHER WAS OBSERVED.


RELATIVE HUMIDITY (PERCENT)
 HIGHEST    92           800 AM
 LOWEST     51           400 PM
 AVERAGE    72

..........................................................


THE SALINA KS CLIMATE NORMALS FOR TODAY
                         NORMAL    RECORD    YEAR
 MAXIMUM TEMPERATURE (F)   42        68      2014
                                             2003
 MINIMUM TEMPERATURE (F)   20       -14      1943


SUNRISE AND SUNSET
JANUARY 19 2017.......SUNRISE   746 AM CST   SUNSET   538 PM CST
JANUARY 20 2017.......SUNRISE   745 AM CST   SUNSET   539 PM CST


-  INDICATES NEGATIVE NUMBERS.
R  INDICATES RECORD WAS SET OR TIED.
MM INDICATES DATA IS MISSING.
T  INDICATES TRACE AMOUNT.




$$
