000
CDUS43 KICT 150641
CLISLN


CLIMATE REPORT
NATIONAL WEATHER SERVICE WICHITA KS
141 AM CDT TUE APR 15 2014


...................................

...THE SALINA KS CLIMATE SUMMARY FOR APRIL 14 2014...

CLIMATE NORMAL PERIOD 1981 TO 2010
CLIMATE RECORD PERIOD 1894 TO 2014


WEATHER ITEM   OBSERVED TIME   RECORD YEAR NORMAL DEPARTURE LAST
                VALUE   (LST)  VALUE       VALUE  FROM      YEAR
                                                  NORMAL
..................................................................
TEMPERATURE (F)
 YESTERDAY
  MAXIMUM         50    551 PM  93    2002  67    -17       72
  MINIMUM         31   1159 PM  22    1928  43    -12       47
  AVERAGE         41                        55    -14       60

PRECIPITATION (IN)
  YESTERDAY        T             1.96 1999   0.10  -0.10     0.00
  MONTH TO DATE    0.22                      1.31  -1.09     1.01
  SINCE MAR 1      0.52                      3.70  -3.18     1.63
  SINCE JAN 1      2.33                      5.50  -3.17     4.90

DEGREE DAYS
 HEATING
  YESTERDAY       24                        11     13        5
  MONTH TO DATE  189                       181      8      215
  SINCE MAR 1    924                       790    134      937
  SINCE JUL 1   5174                      4631    543     4559

 COOLING
  YESTERDAY        0                         1     -1        0
  MONTH TO DATE   11                         6      5        2
  SINCE MAR 1     11                         8      3        2
  SINCE JAN 1     11                         8      3        2
..................................................................


WIND (MPH)
  HIGHEST WIND SPEED    37   HIGHEST WIND DIRECTION     N (340)
  HIGHEST GUST SPEED    44   HIGHEST GUST DIRECTION     N (350)
  AVERAGE WIND SPEED    18.5


SKY COVER
  POSSIBLE SUNSHINE  MM
  AVERAGE SKY COVER 0.5


WEATHER CONDITIONS
 THE FOLLOWING WEATHER WAS RECORDED YESTERDAY.
  LIGHT RAIN
  LIGHT SNOW
  FOG


RELATIVE HUMIDITY (PERCENT)
 HIGHEST    82           300 AM
 LOWEST     21           300 PM
 AVERAGE    52

..........................................................


THE SALINA KS CLIMATE NORMALS FOR TODAY
                         NORMAL    RECORD    YEAR
 MAXIMUM TEMPERATURE (F)   67        94      2006
 MINIMUM TEMPERATURE (F)   43        23      1936


SUNRISE AND SUNSET
APRIL 15 2014.........SUNRISE   654 AM CDT   SUNSET   808 PM CDT
APRIL 16 2014.........SUNRISE   653 AM CDT   SUNSET   809 PM CDT


-  INDICATES NEGATIVE NUMBERS.
R  INDICATES RECORD WAS SET OR TIED.
MM INDICATES DATA IS MISSING.
T  INDICATES TRACE AMOUNT.




$$

JMBW
