000
CDUS43 KICT 040644
CLISLN


CLIMATE REPORT
NATIONAL WEATHER SERVICE WICHITA KS
1243 AM CST THU DEC 4 2014


...................................

...THE SALINA KS CLIMATE SUMMARY FOR DECEMBER 3 2014...

CLIMATE NORMAL PERIOD 1981 TO 2010
CLIMATE RECORD PERIOD 1894 TO 2014


WEATHER ITEM   OBSERVED TIME   RECORD YEAR NORMAL DEPARTURE LAST
                VALUE   (LST)  VALUE       VALUE  FROM      YEAR
                                                  NORMAL
..................................................................
TEMPERATURE (F)
 YESTERDAY
  MAXIMUM         46    338 PM  70    2013  46      0       70
  MINIMUM         23    235 AM   0    1919  25     -2       31
  AVERAGE         35                        35      0       51

PRECIPITATION (IN)
  YESTERDAY        0.00          1.02 1973   0.03  -0.03     0.00
  MONTH TO DATE    0.00                      0.11  -0.11     0.00
  SINCE DEC 1      0.00                      0.11  -0.11     0.00
  SINCE JAN 1     27.11                     30.67  -3.56    29.41

DEGREE DAYS
 HEATING
  YESTERDAY       30                        30      0       14
  MONTH TO DATE  108                        88     20       55
  SINCE DEC 1    108                        88     20       55
  SINCE JUL 1   1105                      1040     65     1043

 COOLING
  YESTERDAY        0                         0      0        0
  MONTH TO DATE    0                         0      0        0
  SINCE DEC 1      0                         0      0        0
  SINCE JAN 1   1801                      1647    154     1750
..................................................................


WIND (MPH)
  HIGHEST WIND SPEED    17   HIGHEST WIND DIRECTION    NE (50)
  HIGHEST GUST SPEED    26   HIGHEST GUST DIRECTION     E (70)
  AVERAGE WIND SPEED     6.6


SKY COVER
  POSSIBLE SUNSHINE  MM
  AVERAGE SKY COVER 0.0


WEATHER CONDITIONS
 THE FOLLOWING WEATHER WAS RECORDED YESTERDAY.
  NO SIGNIFICANT WEATHER WAS OBSERVED.


RELATIVE HUMIDITY (PERCENT)
 HIGHEST    63           500 AM
 LOWEST     25           300 PM
 AVERAGE    44

..........................................................


THE SALINA KS CLIMATE NORMALS FOR TODAY
                         NORMAL    RECORD    YEAR
 MAXIMUM TEMPERATURE (F)   45        75      1916
 MINIMUM TEMPERATURE (F)   25        -2      1921


SUNRISE AND SUNSET
DECEMBER  4 2014......SUNRISE   733 AM CST   SUNSET   509 PM CST
DECEMBER  5 2014......SUNRISE   734 AM CST   SUNSET   509 PM CST


-  INDICATES NEGATIVE NUMBERS.
R  INDICATES RECORD WAS SET OR TIED.
MM INDICATES DATA IS MISSING.
T  INDICATES TRACE AMOUNT.




$$

JMBW
