000
CDUS43 KICT 140624
CLISLN


CLIMATE REPORT
NATIONAL WEATHER SERVICE WICHITA KS
124 AM CDT SAT MAR 14 2015


...................................

...THE SALINA KS CLIMATE SUMMARY FOR MARCH 13 2015...

CLIMATE NORMAL PERIOD 1981 TO 2010
CLIMATE RECORD PERIOD 1894 TO 2015


WEATHER ITEM   OBSERVED TIME   RECORD YEAR NORMAL DEPARTURE LAST
                VALUE   (LST)  VALUE       VALUE  FROM      YEAR
                                                  NORMAL
..................................................................
TEMPERATURE (F)
 YESTERDAY
  MAXIMUM         79    353 PM  87    1918  56     23       73
  MINIMUM         34    718 AM   7    1950  33      1       28
  AVERAGE         57                        45     12       51

PRECIPITATION (IN)
  YESTERDAY        0.00          0.61 1953   0.08  -0.08     0.00
  MONTH TO DATE    0.00                      0.86  -0.86     0.18
  SINCE MAR 1      0.00                      0.86  -0.86     0.18
  SINCE JAN 1      1.44                      2.66  -1.22     1.99

DEGREE DAYS
 HEATING
  YESTERDAY        8                        20    -12       14
  MONTH TO DATE  270                       293    -23      390
  SINCE MAR 1    270                       293    -23      390
  SINCE JUL 1   4099                      4134    -35     4640

 COOLING
  YESTERDAY        0                         0      0        0
  MONTH TO DATE    0                         0      0        0
  SINCE MAR 1      0                         0      0        0
  SINCE JAN 1      0                         0      0        0
..................................................................


WIND (MPH)
  HIGHEST WIND SPEED    30   HIGHEST WIND DIRECTION     N (10)
  HIGHEST GUST SPEED    34   HIGHEST GUST DIRECTION     N (20)
  AVERAGE WIND SPEED     8.8


SKY COVER
  POSSIBLE SUNSHINE  MM
  AVERAGE SKY COVER 0.0


WEATHER CONDITIONS
 THE FOLLOWING WEATHER WAS RECORDED YESTERDAY.
  NO SIGNIFICANT WEATHER WAS OBSERVED.


RELATIVE HUMIDITY (PERCENT)
 HIGHEST    82           700 AM
 LOWEST     19           300 PM
 AVERAGE    51

..........................................................


THE SALINA KS CLIMATE NORMALS FOR TODAY
                         NORMAL    RECORD    YEAR
 MAXIMUM TEMPERATURE (F)   56        85      2012
                                             1935
 MINIMUM TEMPERATURE (F)   33         3      1975


SUNRISE AND SUNSET
MARCH 14 2015.........SUNRISE   744 AM CDT   SUNSET   736 PM CDT
MARCH 15 2015.........SUNRISE   742 AM CDT   SUNSET   737 PM CDT


-  INDICATES NEGATIVE NUMBERS.
R  INDICATES RECORD WAS SET OR TIED.
MM INDICATES DATA IS MISSING.
T  INDICATES TRACE AMOUNT.




$$

JMBW
