000
CDUS43 KICT 200649
CLISLN


CLIMATE REPORT
NATIONAL WEATHER SERVICE WICHITA KS
1249 AM CST WED DEC 20 2017


...................................

...THE SALINA KS CLIMATE SUMMARY FOR DECEMBER 19 2017...

CLIMATE NORMAL PERIOD 1981 TO 2010
CLIMATE RECORD PERIOD 1894 TO 2017


WEATHER ITEM   OBSERVED TIME   RECORD YEAR NORMAL DEPARTURE LAST
                VALUE   (LST)  VALUE       VALUE  FROM      YEAR
                                                  NORMAL
..................................................................
TEMPERATURE (F)
 YESTERDAY
  MAXIMUM         55    329 PM  63    1979  41     14       32
                                      1966
  MINIMUM         30    824 AM -10    1983  21      9       -1
  AVERAGE         43                        31     12       16

PRECIPITATION (IN)
  YESTERDAY        0.00          0.68 2011   0.03  -0.03     0.00
  MONTH TO DATE    0.02                      0.63  -0.61     0.65
  SINCE DEC 1      0.02                      0.63  -0.61     0.65
  SINCE JAN 1     25.40                     31.19  -5.79    27.17

DEGREE DAYS
 HEATING
  YESTERDAY       22                        34    -12       49
  MONTH TO DATE  429                       602   -173      711
  SINCE DEC 1    429                       602   -173      711
  SINCE JUL 1   1185                      1554   -369     1254

 COOLING
  YESTERDAY        0                         0      0        0
  MONTH TO DATE    0                         0      0        0
  SINCE DEC 1      0                         0      0        0
  SINCE JAN 1   1965                      1647    318     2009
..................................................................


WIND (MPH)
  HIGHEST WIND SPEED    20   HIGHEST WIND DIRECTION    NE (50)
  HIGHEST GUST SPEED    26   HIGHEST GUST DIRECTION     E (70)
  AVERAGE WIND SPEED     7.0


SKY COVER
  POSSIBLE SUNSHINE  MM
  AVERAGE SKY COVER 0.1


WEATHER CONDITIONS
 THE FOLLOWING WEATHER WAS RECORDED YESTERDAY.
  FOG


RELATIVE HUMIDITY (PERCENT)
 HIGHEST   100           200 AM
 LOWEST     46           200 PM
 AVERAGE    73

..........................................................


THE SALINA KS CLIMATE NORMALS FOR TODAY
                         NORMAL    RECORD    YEAR
 MAXIMUM TEMPERATURE (F)   41        69      2004
 MINIMUM TEMPERATURE (F)   21       -10      1983


SUNRISE AND SUNSET
DECEMBER 20 2017......SUNRISE   745 AM CST   SUNSET   512 PM CST
DECEMBER 21 2017......SUNRISE   745 AM CST   SUNSET   512 PM CST


-  INDICATES NEGATIVE NUMBERS.
R  INDICATES RECORD WAS SET OR TIED.
MM INDICATES DATA IS MISSING.
T  INDICATES TRACE AMOUNT.




$$
