000
CDUS43 KICT 280628
CLISLN

CLIMATE REPORT
NATIONAL WEATHER SERVICE WICHITA KS
128 AM CDT THU APR 28 2016


...................................

...THE SALINA KS CLIMATE SUMMARY FOR APRIL 27 2016...

CLIMATE NORMAL PERIOD 1981 TO 2010
CLIMATE RECORD PERIOD 1894 TO 2016


WEATHER ITEM   OBSERVED TIME   RECORD YEAR NORMAL DEPARTURE LAST
                VALUE   (LST)  VALUE       VALUE  FROM      YEAR
                                                  NORMAL
..................................................................
TEMPERATURE (F)
 YESTERDAY
  MAXIMUM         62    537 PM  94    1989  71     -9       67
  MINIMUM         47   1159 PM  29    1910  47      0       45
  AVERAGE         55                        59     -4       56

PRECIPITATION (IN)
  YESTERDAY        0.01          2.04 1986   0.11  -0.10     0.00
  MONTH TO DATE    2.73                      2.70   0.03     1.83
  SINCE MAR 1      3.43                      5.09  -1.66     1.88
  SINCE JAN 1      4.67                      6.89  -2.22     3.32

DEGREE DAYS
 HEATING
  YESTERDAY       10                         7      3        9
  MONTH TO DATE  176                       298   -122      201
  SINCE MAR 1    594                       907   -313      716
  SINCE JUL 1   3580                      4748  -1168     4545

 COOLING
  YESTERDAY        0                         1     -1        0
  MONTH TO DATE   28                        19      9       11
  SINCE MAR 1     34                        21     13       12
  SINCE JAN 1     34                        21     13       12
..................................................................


WIND (MPH)
  HIGHEST WIND SPEED    25   HIGHEST WIND DIRECTION     W (290)
  HIGHEST GUST SPEED    33   HIGHEST GUST DIRECTION     W (290)
  AVERAGE WIND SPEED    13.4


SKY COVER
  POSSIBLE SUNSHINE  MM
  AVERAGE SKY COVER 0.5


WEATHER CONDITIONS
 THE FOLLOWING WEATHER WAS RECORDED YESTERDAY.
  LIGHT RAIN


RELATIVE HUMIDITY (PERCENT)
 HIGHEST    86           200 AM
 LOWEST     46           600 PM
 AVERAGE    66

..........................................................


THE SALINA KS CLIMATE NORMALS FOR TODAY
                         NORMAL    RECORD    YEAR
 MAXIMUM TEMPERATURE (F)   71        95      1909
 MINIMUM TEMPERATURE (F)   48        28      1965


SUNRISE AND SUNSET
APRIL 28 2016.........SUNRISE   636 AM CDT   SUNSET   821 PM CDT
APRIL 29 2016.........SUNRISE   635 AM CDT   SUNSET   822 PM CDT


-  INDICATES NEGATIVE NUMBERS.
R  INDICATES RECORD WAS SET OR TIED.
MM INDICATES DATA IS MISSING.
T  INDICATES TRACE AMOUNT.




$$
