000
CDUS43 KICT 260636
CLISLN


CLIMATE REPORT
NATIONAL WEATHER SERVICE WICHITA KS
135 AM CDT THU JUN 26 2014


...................................

...THE SALINA KS CLIMATE SUMMARY FOR JUNE 25 2014...

CLIMATE NORMAL PERIOD 1981 TO 2010
CLIMATE RECORD PERIOD 1894 TO 2014


WEATHER ITEM   OBSERVED TIME   RECORD YEAR NORMAL DEPARTURE LAST
                VALUE   (LST)  VALUE       VALUE  FROM      YEAR
                                                  NORMAL
..................................................................
TEMPERATURE (F)
 YESTERDAY
  MAXIMUM         88    527 PM 114    1911  91     -3      102
  MINIMUM         61    516 AM  50    1958  67     -6       76
  AVERAGE         75                        79     -4       89

PRECIPITATION (IN)
  YESTERDAY        0.00          1.71 2009   0.14  -0.14     0.05
  MONTH TO DATE    7.29                      3.48   3.81     2.24
  SINCE JUN 1      7.29                      3.48   3.81     2.24
  SINCE JAN 1     14.68                     15.47  -0.79    15.48

DEGREE DAYS
 HEATING
  YESTERDAY        0                         0      0        0
  MONTH TO DATE    1                         5     -4        7
  SINCE JUN 1      1                         5     -4        7
  SINCE JUL 1   5398                      4869    529     4924

 COOLING
  YESTERDAY       10                        14     -4       24
  MONTH TO DATE  288                       254     34      305
  SINCE JUN 1    288                       254     34      305
  SINCE JAN 1    520                       382    138      446
..................................................................


WIND (MPH)
  HIGHEST WIND SPEED    17   HIGHEST WIND DIRECTION    SE (140)
  HIGHEST GUST SPEED    22   HIGHEST GUST DIRECTION     S (160)
  AVERAGE WIND SPEED     7.6


SKY COVER
  POSSIBLE SUNSHINE  MM
  AVERAGE SKY COVER 0.0


WEATHER CONDITIONS
 THE FOLLOWING WEATHER WAS RECORDED YESTERDAY.
  NO SIGNIFICANT WEATHER WAS OBSERVED.


RELATIVE HUMIDITY (PERCENT)
 HIGHEST    97           500 AM
 LOWEST     48           600 PM
 AVERAGE    73

..........................................................


THE SALINA KS CLIMATE NORMALS FOR TODAY
                         NORMAL    RECORD    YEAR
 MAXIMUM TEMPERATURE (F)   91       109      1936
 MINIMUM TEMPERATURE (F)   67        45      1958


SUNRISE AND SUNSET
JUNE 26 2014..........SUNRISE   607 AM CDT   SUNSET   900 PM CDT
JUNE 27 2014..........SUNRISE   608 AM CDT   SUNSET   900 PM CDT


-  INDICATES NEGATIVE NUMBERS.
R  INDICATES RECORD WAS SET OR TIED.
MM INDICATES DATA IS MISSING.
T  INDICATES TRACE AMOUNT.




$$
