000
CDUS43 KICT 110640
CLISLN


CLIMATE REPORT
NATIONAL WEATHER SERVICE WICHITA KS
139 AM CDT MON MAY 11 2015


...................................

...THE SALINA KS CLIMATE SUMMARY FOR MAY 10 2015...

CLIMATE NORMAL PERIOD 1981 TO 2010
CLIMATE RECORD PERIOD 1894 TO 2015


WEATHER ITEM   OBSERVED TIME   RECORD YEAR NORMAL DEPARTURE LAST
                VALUE   (LST)  VALUE       VALUE  FROM      YEAR
                                                  NORMAL
..................................................................
TEMPERATURE (F)
 YESTERDAY
  MAXIMUM         70    316 PM  96    1967  75     -5       90
  MINIMUM         47   1159 PM  29    1909  52     -5       58
  AVERAGE         59                        63     -4       74

PRECIPITATION (IN)
  YESTERDAY        0.23          2.14 1974   0.15   0.08      T
  MONTH TO DATE    2.92                      1.32   1.60      T
  SINCE MAR 1      4.80                      6.76  -1.96     1.63
  SINCE JAN 1      6.24                      8.56  -2.32     3.44

DEGREE DAYS
 HEATING
  YESTERDAY        6                         4      2        0
  MONTH TO DATE   10                        50    -40       27
  SINCE MAR 1    742                       977   -235     1075
  SINCE JUL 1   4571                      4818   -247     5325

 COOLING
  YESTERDAY        0                         2     -2        9
  MONTH TO DATE   39                        17     22       51
  SINCE MAR 1     51                        42      9       87
  SINCE JAN 1     51                        42      9       87
..................................................................


WIND (MPH)
  HIGHEST WIND SPEED    25   HIGHEST WIND DIRECTION    SE (140)
  HIGHEST GUST SPEED    34   HIGHEST GUST DIRECTION    SE (140)
  AVERAGE WIND SPEED    12.9


SKY COVER
  POSSIBLE SUNSHINE  MM
  AVERAGE SKY COVER 0.4


WEATHER CONDITIONS
 THE FOLLOWING WEATHER WAS RECORDED YESTERDAY.
  THUNDERSTORM
  HEAVY RAIN
  RAIN
  LIGHT RAIN
  FOG
  HAZE


RELATIVE HUMIDITY (PERCENT)
 HIGHEST    93           500 AM
 LOWEST     42           500 PM
 AVERAGE    68

..........................................................


THE SALINA KS CLIMATE NORMALS FOR TODAY
                         NORMAL    RECORD    YEAR
 MAXIMUM TEMPERATURE (F)   75        98      2000
 MINIMUM TEMPERATURE (F)   52        30      1924


SUNRISE AND SUNSET
MAY 11 2015...........SUNRISE   622 AM CDT   SUNSET   832 PM CDT
MAY 12 2015...........SUNRISE   621 AM CDT   SUNSET   833 PM CDT


-  INDICATES NEGATIVE NUMBERS.
R  INDICATES RECORD WAS SET OR TIED.
MM INDICATES DATA IS MISSING.
T  INDICATES TRACE AMOUNT.




$$
