718
CDUS43 KICT 230620
CLISLN

CLIMATE REPORT
NATIONAL WEATHER SERVICE WICHITA KS
1219 AM CST WED NOV 23 2016


...................................

...THE SALINA KS CLIMATE SUMMARY FOR NOVEMBER 22 2016...

CLIMATE NORMAL PERIOD 1981 TO 2010
CLIMATE RECORD PERIOD 1894 TO 2016


WEATHER ITEM   OBSERVED TIME   RECORD YEAR NORMAL DEPARTURE LAST
                VALUE   (LST)  VALUE       VALUE  FROM      YEAR
                                                  NORMAL
..................................................................
TEMPERATURE (F)
 YESTERDAY
  MAXIMUM         66    206 PM  78    1924  51     15       58
  MINIMUM         46   1159 PM  -2    1929  30     16       24
  AVERAGE         56                        40     16       41

PRECIPITATION (IN)
  YESTERDAY        0.12          0.72 1999   0.04   0.08     0.00
  MONTH TO DATE    0.58                      0.96  -0.38     1.00
  SINCE SEP 1      4.06                      5.93  -1.87     3.32
  SINCE JAN 1     26.50                     30.27  -3.77    27.17

DEGREE DAYS
 HEATING
  YESTERDAY        9                        25    -16       24
  MONTH TO DATE  247                       420   -173      280
  SINCE SEP 1    378                       737   -359      438
  SINCE JUL 1    378                       738   -360      438

 COOLING
  YESTERDAY        0                         0      0        0
  MONTH TO DATE    4                         0      4        4
  SINCE SEP 1    339                       239    100      415
  SINCE JAN 1   2009                      1646    363     1869
..................................................................


WIND (MPH)
  HIGHEST WIND SPEED    26   HIGHEST WIND DIRECTION     S (170)
  HIGHEST GUST SPEED    35   HIGHEST GUST DIRECTION    SE (150)
  AVERAGE WIND SPEED    16.3


SKY COVER
  POSSIBLE SUNSHINE  MM
  AVERAGE SKY COVER 0.7


WEATHER CONDITIONS
 THE FOLLOWING WEATHER WAS RECORDED YESTERDAY.
  RAIN
  LIGHT RAIN
  FOG


RELATIVE HUMIDITY (PERCENT)
 HIGHEST    93          1000 PM
 LOWEST     51          1200 AM
 AVERAGE    72

..........................................................


THE SALINA KS CLIMATE NORMALS FOR TODAY
                         NORMAL    RECORD    YEAR
 MAXIMUM TEMPERATURE (F)   51        73      2005
 MINIMUM TEMPERATURE (F)   29        -4      1898


SUNRISE AND SUNSET
NOVEMBER 23 2016......SUNRISE   722 AM CST   SUNSET   512 PM CST
NOVEMBER 24 2016......SUNRISE   723 AM CST   SUNSET   511 PM CST


-  INDICATES NEGATIVE NUMBERS.
R  INDICATES RECORD WAS SET OR TIED.
MM INDICATES DATA IS MISSING.
T  INDICATES TRACE AMOUNT.




$$
