146
CDUS43 KICT 040710
CLISLN

CLIMATE REPORT
NATIONAL WEATHER SERVICE WICHITA KS
208 AM CDT WED OCT 4 2017

...................................

...THE SALINA KS CLIMATE SUMMARY FOR OCTOBER 3 2017...

CLIMATE NORMAL PERIOD 1981 TO 2010
CLIMATE RECORD PERIOD 1894 TO 2017


WEATHER ITEM   OBSERVED TIME   RECORD YEAR NORMAL DEPARTURE LAST
                VALUE   (LST)  VALUE       VALUE  FROM      YEAR
                                                  NORMAL
..................................................................
TEMPERATURE (F)
 YESTERDAY
  MAXIMUM         77   1112 AM 100    1954  74      3       84
  MINIMUM         62   1159 PM  32    1987  51     11       60
  AVERAGE         70                        62      8       72

PRECIPITATION (IN)
  YESTERDAY        0.03          2.90 1942   0.09  -0.06      T
  MONTH TO DATE    0.03                      0.27  -0.24      T
  SINCE SEP 1      1.86                      2.97  -1.11     1.20
  SINCE JAN 1     19.57                     27.31  -7.74    23.64

DEGREE DAYS
 HEATING
  YESTERDAY        0                         5     -5        0
  MONTH TO DATE    0                        15    -15        1
  SINCE SEP 1      8                        66    -58       17
  SINCE JUL 1      8                        67    -59       17

 COOLING
  YESTERDAY        5                         2      3        7
  MONTH TO DATE   29                         8     21       11
  SINCE SEP 1    347                       213    134      277
  SINCE JAN 1   1928                      1620    308     1947
..................................................................


WIND (MPH)
  HIGHEST WIND SPEED    28   HIGHEST WIND DIRECTION     S (170)
  HIGHEST GUST SPEED    39   HIGHEST GUST DIRECTION     S (170)
  AVERAGE WIND SPEED    14.3


SKY COVER
  AVERAGE SKY COVER 0.8


WEATHER CONDITIONS
 THE FOLLOWING WEATHER WAS RECORDED YESTERDAY.
  LIGHT RAIN
  FOG


RELATIVE HUMIDITY (PERCENT)
 HIGHEST    90           900 PM
 LOWEST     69          1200 AM
 AVERAGE    80

..........................................................


THE SALINA KS CLIMATE NORMALS FOR TODAY
                         NORMAL    RECORD    YEAR
 MAXIMUM TEMPERATURE (F)   74        98      1938
 MINIMUM TEMPERATURE (F)   50        30      1999


SUNRISE AND SUNSET
OCTOBER  4 2017.......SUNRISE   730 AM CDT   SUNSET   708 PM CDT
OCTOBER  5 2017.......SUNRISE   730 AM CDT   SUNSET   707 PM CDT


-  INDICATES NEGATIVE NUMBERS.
R  INDICATES RECORD WAS SET OR TIED.
MM INDICATES DATA IS MISSING.
T  INDICATES TRACE AMOUNT.

$$
