000
CDUS43 KICT 190628
CLISLN


CLIMATE REPORT
NATIONAL WEATHER SERVICE WICHITA KS
127 AM CDT WED MAR 19 2014


...................................

...THE SALINA KS CLIMATE SUMMARY FOR MARCH 18 2014...

CLIMATE NORMAL PERIOD 1981 TO 2010
CLIMATE RECORD PERIOD 1894 TO 2014


WEATHER ITEM   OBSERVED TIME   RECORD YEAR NORMAL DEPARTURE LAST
                VALUE   (LST)  VALUE       VALUE  FROM      YEAR
                                                  NORMAL
..................................................................
TEMPERATURE (F)
 YESTERDAY
  MAXIMUM         62    330 PM  90    1921  58      4       58
  MINIMUM         35   1124 PM  -1    1923  35      0       35
  AVERAGE         49                        46      3       47

PRECIPITATION (IN)
  YESTERDAY        T             1.20 1984   0.08  -0.08     0.00
  MONTH TO DATE    0.05                      1.25  -1.20     0.40
  SINCE MAR 1      0.05                      1.25  -1.20     0.40
  SINCE JAN 1      1.86                      3.05  -1.19     3.67

DEGREE DAYS
 HEATING
  YESTERDAY       16                        19     -3       18
  MONTH TO DATE  481                       390     91      423
  SINCE MAR 1    481                       390     91      423
  SINCE JUL 1   4731                      4231    500     4045

 COOLING
  YESTERDAY        0                         0      0        0
  MONTH TO DATE    0                         0      0        0
  SINCE MAR 1      0                         0      0        0
  SINCE JAN 1      0                         0      0        0
..................................................................


WIND (MPH)
  HIGHEST WIND SPEED    33   HIGHEST WIND DIRECTION    NW (330)
  HIGHEST GUST SPEED    39   HIGHEST GUST DIRECTION    NW (320)
  AVERAGE WIND SPEED    19.7


SKY COVER
  POSSIBLE SUNSHINE  MM
  AVERAGE SKY COVER 0.2


WEATHER CONDITIONS
 THE FOLLOWING WEATHER WAS RECORDED YESTERDAY.
  LIGHT RAIN
  LIGHT SNOW
  FOG


RELATIVE HUMIDITY (PERCENT)
 HIGHEST    82          1100 PM
 LOWEST     32           300 PM
 AVERAGE    57

..........................................................


THE SALINA KS CLIMATE NORMALS FOR TODAY
                         NORMAL    RECORD    YEAR
 MAXIMUM TEMPERATURE (F)   58        86      1907
 MINIMUM TEMPERATURE (F)   35        -7      1923


SUNRISE AND SUNSET
MARCH 19 2014.........SUNRISE   736 AM CDT   SUNSET   742 PM CDT
MARCH 20 2014.........SUNRISE   734 AM CDT   SUNSET   743 PM CDT


-  INDICATES NEGATIVE NUMBERS.
R  INDICATES RECORD WAS SET OR TIED.
MM INDICATES DATA IS MISSING.
T  INDICATES TRACE AMOUNT.




$$
