124
CDUS43 KICT 120633
CLISLN


CLIMATE REPORT
NATIONAL WEATHER SERVICE WICHITA KS
131 AM CDT FRI MAY 12 2017


...................................

...THE SALINA KS CLIMATE SUMMARY FOR MAY 11 2017...

CLIMATE NORMAL PERIOD 1981 TO 2010
CLIMATE RECORD PERIOD 1894 TO 2017


WEATHER ITEM   OBSERVED TIME   RECORD YEAR NORMAL DEPARTURE LAST
                VALUE   (LST)  VALUE       VALUE  FROM      YEAR
                                                  NORMAL
..................................................................
TEMPERATURE (F)
 YESTERDAY
  MAXIMUM         74    349 PM  98    2000  75     -1       75
  MINIMUM         58   1159 PM  34    1981  52      6       56
  AVERAGE         66                        64      2       66

PRECIPITATION (IN)
  YESTERDAY        0.55          0.78 1951   0.14   0.41     0.38
  MONTH TO DATE    0.86                      1.46  -0.60     0.38
  SINCE MAR 1      8.13                      6.90   1.23     5.45
  SINCE JAN 1     10.23                      8.70   1.53     6.69

DEGREE DAYS
 HEATING
  YESTERDAY        0                         4     -4        0
  MONTH TO DATE   32                        54    -22       38
  SINCE MAR 1    741                       981   -240      670
  SINCE JUL 1   3409                      4822  -1413     3656

 COOLING
  YESTERDAY        1                         2     -1        1
  MONTH TO DATE   30                        19     11       14
  SINCE MAR 1     81                        44     37       48
  SINCE JAN 1     81                        44     37       48
..................................................................


WIND (MPH)
  HIGHEST WIND SPEED    30   HIGHEST WIND DIRECTION     N (20)
  HIGHEST GUST SPEED    36   HIGHEST GUST DIRECTION     N (10)
  AVERAGE WIND SPEED    14.6


SKY COVER
  POSSIBLE SUNSHINE  MM
  AVERAGE SKY COVER 0.8


WEATHER CONDITIONS
 THE FOLLOWING WEATHER WAS RECORDED YESTERDAY.
  THUNDERSTORM
  HEAVY RAIN
  RAIN
  LIGHT RAIN
  FOG


RELATIVE HUMIDITY (PERCENT)
 HIGHEST    93           300 AM
 LOWEST     49           400 PM
 AVERAGE    71

..........................................................


THE SALINA KS CLIMATE NORMALS FOR TODAY
                         NORMAL    RECORD    YEAR
 MAXIMUM TEMPERATURE (F)   75        95      1956
 MINIMUM TEMPERATURE (F)   53        34      1960
                                             1952


SUNRISE AND SUNSET
MAY 12 2017...........SUNRISE   621 AM CDT   SUNSET   834 PM CDT
MAY 13 2017...........SUNRISE   620 AM CDT   SUNSET   835 PM CDT


-  INDICATES NEGATIVE NUMBERS.
R  INDICATES RECORD WAS SET OR TIED.
MM INDICATES DATA IS MISSING.
T  INDICATES TRACE AMOUNT.




$$
