000
CDUS43 KICT 240622
CLISLN


CLIMATE REPORT
NATIONAL WEATHER SERVICE WICHITA KS
122 AM CDT FRI JUN 24 2016


...................................

...THE SALINA KS CLIMATE SUMMARY FOR JUNE 23 2016...

CLIMATE NORMAL PERIOD 1981 TO 2010
CLIMATE RECORD PERIOD 1894 TO 2016


WEATHER ITEM   OBSERVED TIME   RECORD YEAR NORMAL DEPARTURE LAST
                VALUE   (LST)  VALUE       VALUE  FROM      YEAR
                                                  NORMAL
..................................................................
TEMPERATURE (F)
 YESTERDAY
  MAXIMUM         91   1252 PM 107    1897  90      1       95
  MINIMUM         71   1120 PM  45    1926  66      5       74
  AVERAGE         81                        78      3       85

PRECIPITATION (IN)
  YESTERDAY        0.00          3.57 1993   0.14  -0.14     0.00
  MONTH TO DATE    0.12                      3.21  -3.09     4.50
  SINCE JUN 1      0.12                      3.21  -3.09     4.50
  SINCE JAN 1     11.94                     15.20  -3.26    16.10

DEGREE DAYS
 HEATING
  YESTERDAY        0                         0      0        0
  MONTH TO DATE    0                         5     -5        0
  SINCE JUN 1      0                         5     -5        0
  SINCE JUL 1   3718                      4869  -1151     4660

 COOLING
  YESTERDAY       16                        13      3       20
  MONTH TO DATE  373                       227    146      314
  SINCE JUN 1    373                       227    146      314
  SINCE JAN 1    498                       355    143      404
..................................................................


WIND (MPH)
  HIGHEST WIND SPEED    21   HIGHEST WIND DIRECTION    SW (220)
  HIGHEST GUST SPEED    25   HIGHEST GUST DIRECTION    SW (220)
  AVERAGE WIND SPEED     8.7


SKY COVER
  POSSIBLE SUNSHINE  MM
  AVERAGE SKY COVER 0.2


WEATHER CONDITIONS
 THE FOLLOWING WEATHER WAS RECORDED YESTERDAY.
  NO SIGNIFICANT WEATHER WAS OBSERVED.


RELATIVE HUMIDITY (PERCENT)
 HIGHEST    79           200 AM
 LOWEST     36          1000 AM
 AVERAGE    58

..........................................................


THE SALINA KS CLIMATE NORMALS FOR TODAY
                         NORMAL    RECORD    YEAR
 MAXIMUM TEMPERATURE (F)   90       107      1937
 MINIMUM TEMPERATURE (F)   67        50      1908


SUNRISE AND SUNSET
JUNE 24 2016..........SUNRISE   607 AM CDT   SUNSET   900 PM CDT
JUNE 25 2016..........SUNRISE   607 AM CDT   SUNSET   900 PM CDT


-  INDICATES NEGATIVE NUMBERS.
R  INDICATES RECORD WAS SET OR TIED.
MM INDICATES DATA IS MISSING.
T  INDICATES TRACE AMOUNT.




$$
