000
CDUS43 KICT 190711
CLISLN


CLIMATE REPORT
NATIONAL WEATHER SERVICE WICHITA KS
211 AM CDT MON JUN 19 2017


...................................

...THE SALINA KS CLIMATE SUMMARY FOR JUNE 18 2017...

CLIMATE NORMAL PERIOD 1981 TO 2010
CLIMATE RECORD PERIOD 1894 TO 2017


WEATHER ITEM   OBSERVED TIME   RECORD YEAR NORMAL DEPARTURE LAST
                VALUE   (LST)  VALUE       VALUE  FROM      YEAR
                                                  NORMAL
..................................................................
TEMPERATURE (F)
 YESTERDAY
  MAXIMUM         88    501 PM 104    1953  88      0       93
  MINIMUM         62   1057 PM  51    2000  65     -3       72
  AVERAGE         75                        77     -2       83

PRECIPITATION (IN)
  YESTERDAY        0.08          1.62 1952   0.13  -0.05     0.03
  MONTH TO DATE    0.89                      2.53  -1.64     0.12
  SINCE JUN 1      0.89                      2.53  -1.64     0.12
  SINCE JAN 1     14.13                     14.52  -0.39    11.94

DEGREE DAYS
 HEATING
  YESTERDAY        0                         0      0        0
  MONTH TO DATE    0                         5     -5        0
  SINCE JUN 1      0                         5     -5        0
  SINCE JUL 1   3453                      4869  -1416     3718

 COOLING
  YESTERDAY       10                        12     -2       18
  MONTH TO DATE  273                       164    109      264
  SINCE JUN 1    273                       164    109      264
  SINCE JAN 1    433                       292    141      389
..................................................................


WIND (MPH)
  HIGHEST WIND SPEED    22   HIGHEST WIND DIRECTION    NW (330)
  HIGHEST GUST SPEED    28   HIGHEST GUST DIRECTION    NW (330)
  AVERAGE WIND SPEED     8.9


SKY COVER
  POSSIBLE SUNSHINE  MM
  AVERAGE SKY COVER 0.2


WEATHER CONDITIONS
 THE FOLLOWING WEATHER WAS RECORDED YESTERDAY.
  THUNDERSTORM
  RAIN
  LIGHT RAIN


RELATIVE HUMIDITY (PERCENT)
 HIGHEST    87           300 AM
 LOWEST     21           500 PM
 AVERAGE    54

..........................................................


THE SALINA KS CLIMATE NORMALS FOR TODAY
                         NORMAL    RECORD    YEAR
 MAXIMUM TEMPERATURE (F)   89       102      1988
                                             1956
 MINIMUM TEMPERATURE (F)   65        51      1976


SUNRISE AND SUNSET
JUNE 19 2017..........SUNRISE   605 AM CDT   SUNSET   859 PM CDT
JUNE 20 2017..........SUNRISE   606 AM CDT   SUNSET   859 PM CDT


-  INDICATES NEGATIVE NUMBERS.
R  INDICATES RECORD WAS SET OR TIED.
MM INDICATES DATA IS MISSING.
T  INDICATES TRACE AMOUNT.




$$
