000
CDUS43 KICT 260627
CLISLN


CLIMATE REPORT
NATIONAL WEATHER SERVICE WICHITA KS
1224 AM CST THU JAN 26 2017


...................................

...THE SALINA KS CLIMATE SUMMARY FOR JANUARY 25 2017...

CLIMATE NORMAL PERIOD 1981 TO 2010
CLIMATE RECORD PERIOD 1894 TO 2017


WEATHER ITEM   OBSERVED TIME   RECORD YEAR NORMAL DEPARTURE LAST
                VALUE   (LST)  VALUE       VALUE  FROM      YEAR
                                                  NORMAL
..................................................................
TEMPERATURE (F)
 YESTERDAY
  MAXIMUM         37    400 PM  69    1944  42     -5       38
  MINIMUM         25   1100 PM -11    1905  21      4       27
  AVERAGE         31                        31      0       33

PRECIPITATION (IN)
  YESTERDAY        0.00          0.27 2004   0.02  -0.02     0.00
  MONTH TO DATE    0.20                      0.47  -0.27     0.72
  SINCE DEC 1      1.05                      1.41  -0.36     4.38
  SINCE JAN 1      0.20                      0.47  -0.27     0.72

DEGREE DAYS
 HEATING
  YESTERDAY       34                        34      0       32
  MONTH TO DATE  390                       850   -460      779
  SINCE DEC 1   1416                      1862   -446     1578
  SINCE JUL 1   1959                      2814   -855     2210

 COOLING
  YESTERDAY        0                         0      0        0
  MONTH TO DATE    0                         0      0        0
  SINCE DEC 1      0                         0      0        0
  SINCE JAN 1      0                         0      0        0
..................................................................


WIND (MPH)
  HIGHEST WIND SPEED    18   HIGHEST WIND DIRECTION    NW (330)
  HIGHEST GUST SPEED    28   HIGHEST GUST DIRECTION    NW (310)
  AVERAGE WIND SPEED    14.2


SKY COVER
  POSSIBLE SUNSHINE  MM
  AVERAGE SKY COVER 0.2


WEATHER CONDITIONS
 THE FOLLOWING WEATHER WAS RECORDED YESTERDAY.
  NO SIGNIFICANT WEATHER WAS OBSERVED.


RELATIVE HUMIDITY (PERCENT)
 HIGHEST    89          1200 AM
 LOWEST     52           300 PM
 AVERAGE    71

..........................................................


THE SALINA KS CLIMATE NORMALS FOR TODAY
                         NORMAL    RECORD    YEAR
 MAXIMUM TEMPERATURE (F)   42        71      2015
 MINIMUM TEMPERATURE (F)   21       -13      1904


SUNRISE AND SUNSET
JANUARY 26 2017.......SUNRISE   741 AM CST   SUNSET   546 PM CST
JANUARY 27 2017.......SUNRISE   740 AM CST   SUNSET   547 PM CST


-  INDICATES NEGATIVE NUMBERS.
R  INDICATES RECORD WAS SET OR TIED.
MM INDICATES DATA IS MISSING.
T  INDICATES TRACE AMOUNT.




$$
