000
CDUS43 KICT 300641
CLISLN


CLIMATE REPORT
NATIONAL WEATHER SERVICE WICHITA KS
139 AM CDT WED MAR 30 2016


...................................

...THE SALINA KS CLIMATE SUMMARY FOR MARCH 29 2016...

CLIMATE NORMAL PERIOD 1981 TO 2010
CLIMATE RECORD PERIOD 1894 TO 2016


WEATHER ITEM   OBSERVED TIME   RECORD YEAR NORMAL DEPARTURE LAST
                VALUE   (LST)  VALUE       VALUE  FROM      YEAR
                                                  NORMAL
..................................................................
TEMPERATURE (F)
 YESTERDAY
  MAXIMUM         71    428 PM  89    1967  62      9       74
  MINIMUM         49    651 AM  18    2009  38     11       38
                                      1969
  AVERAGE         60                        50     10       56

PRECIPITATION (IN)
  YESTERDAY        0.00          1.04 1993   0.09  -0.09     0.00
  MONTH TO DATE    0.70                      2.20  -1.50     0.05
  SINCE MAR 1      0.70                      2.20  -1.50     0.05
  SINCE JAN 1      1.94                      4.00  -2.06     1.49

DEGREE DAYS
 HEATING
  YESTERDAY        5                        16    -11        9
  MONTH TO DATE  405                       578   -173      501
  SINCE MAR 1    405                       578   -173      501
  SINCE JUL 1   3391                      4419  -1028     4330

 COOLING
  YESTERDAY        0                         0      0        0
  MONTH TO DATE    5                         0      5        1
  SINCE MAR 1      5                         0      5        1
  SINCE JAN 1      5                         0      5        1
..................................................................


WIND (MPH)
  HIGHEST WIND SPEED    31   HIGHEST WIND DIRECTION    SE (150)
  HIGHEST GUST SPEED    39   HIGHEST GUST DIRECTION     S (160)
  AVERAGE WIND SPEED    21.2


SKY COVER
  POSSIBLE SUNSHINE  MM
  AVERAGE SKY COVER 0.5


WEATHER CONDITIONS
 THE FOLLOWING WEATHER WAS RECORDED YESTERDAY.
  NO SIGNIFICANT WEATHER WAS OBSERVED.


RELATIVE HUMIDITY (PERCENT)
 HIGHEST    48          1100 PM
 LOWEST     32           200 AM
 AVERAGE    40

..........................................................


THE SALINA KS CLIMATE NORMALS FOR TODAY
                         NORMAL    RECORD    YEAR
 MAXIMUM TEMPERATURE (F)   62        91      1917
 MINIMUM TEMPERATURE (F)   38        14      1899


SUNRISE AND SUNSET
MARCH 30 2016.........SUNRISE   718 AM CDT   SUNSET   753 PM CDT
MARCH 31 2016.........SUNRISE   716 AM CDT   SUNSET   754 PM CDT


-  INDICATES NEGATIVE NUMBERS.
R  INDICATES RECORD WAS SET OR TIED.
MM INDICATES DATA IS MISSING.
T  INDICATES TRACE AMOUNT.




$$
