775
CDUS43 KICT 020632
CLISLN


CLIMATE REPORT
NATIONAL WEATHER SERVICE WICHITA KS
1231 AM CST MON JAN 2 2017


...................................

...THE SALINA KS CLIMATE SUMMARY FOR JANUARY 1 2017...

CLIMATE NORMAL PERIOD 1981 TO 2010
CLIMATE RECORD PERIOD 1894 TO 2017


WEATHER ITEM   OBSERVED TIME   RECORD YEAR NORMAL DEPARTURE LAST
                VALUE   (LST)  VALUE       VALUE  FROM      YEAR
                                                  NORMAL
..................................................................
TEMPERATURE (F)
 YESTERDAY
  MAXIMUM         53    404 PM  71    1939  41     12       46
  MINIMUM         20    403 AM -12    1924  21     -1       14
  AVERAGE         37                        31      6       30

PRECIPITATION (IN)
  YESTERDAY        0.00          1.06 1965   0.02  -0.02     0.00
  MONTH TO DATE    0.00                      0.02  -0.02     0.00
  SINCE DEC 1      0.85                      0.96  -0.11     3.66
  SINCE JAN 1      0.00                      0.02  -0.02     0.00

DEGREE DAYS
 HEATING
  YESTERDAY       28                        34     -6       35
  MONTH TO DATE   28                        34     -6       35
  SINCE DEC 1   1054                      1046      8      834
  SINCE JUL 1   1597                      1998   -401     1466

 COOLING
  YESTERDAY        0                         0      0        0
  MONTH TO DATE    0                         0      0        0
  SINCE DEC 1      0                         0      0        0
  SINCE JAN 1      0                         0      0        0
..................................................................


WIND (MPH)
  HIGHEST WIND SPEED    18   HIGHEST WIND DIRECTION    SE (120)
  HIGHEST GUST SPEED    21   HIGHEST GUST DIRECTION    SE (130)
  AVERAGE WIND SPEED     7.1


SKY COVER
  POSSIBLE SUNSHINE  MM
  AVERAGE SKY COVER 0.3


WEATHER CONDITIONS
 THE FOLLOWING WEATHER WAS RECORDED YESTERDAY.
  NO SIGNIFICANT WEATHER WAS OBSERVED.


RELATIVE HUMIDITY (PERCENT)
 HIGHEST    85          1000 PM
 LOWEST     42           100 PM
 AVERAGE    64

..........................................................


THE SALINA KS CLIMATE NORMALS FOR TODAY
                         NORMAL    RECORD    YEAR
 MAXIMUM TEMPERATURE (F)   41        72      1939
 MINIMUM TEMPERATURE (F)   21       -20      1919


SUNRISE AND SUNSET
JANUARY  2 2017.......SUNRISE   749 AM CST   SUNSET   521 PM CST
JANUARY  3 2017.......SUNRISE   749 AM CST   SUNSET   522 PM CST


-  INDICATES NEGATIVE NUMBERS.
R  INDICATES RECORD WAS SET OR TIED.
MM INDICATES DATA IS MISSING.
T  INDICATES TRACE AMOUNT.




$$
