000
CDUS43 KICT 060631
CLISLN


CLIMATE REPORT
NATIONAL WEATHER SERVICE WICHITA KS
130 AM CDT SAT SEP 6 2014


...................................

...THE SALINA KS CLIMATE SUMMARY FOR SEPTEMBER 5 2014...

CLIMATE NORMAL PERIOD 1981 TO 2010
CLIMATE RECORD PERIOD 1894 TO 2014


WEATHER ITEM   OBSERVED TIME   RECORD YEAR NORMAL DEPARTURE LAST
                VALUE   (LST)  VALUE       VALUE  FROM      YEAR
                                                  NORMAL
..................................................................
TEMPERATURE (F)
 YESTERDAY
  MAXIMUM         79   1230 AM 106    1922  87     -8       95
  MINIMUM         61   1159 PM  45    1974  63     -2       64
  AVERAGE         70                        75     -5       80

PRECIPITATION (IN)
  YESTERDAY        T             2.00 1989   0.09  -0.09     0.00
  MONTH TO DATE    0.07                      0.49  -0.42      T
  SINCE SEP 1      0.07                      0.49  -0.42      T
  SINCE JAN 1     21.35                     24.83  -3.48    26.24

DEGREE DAYS
 HEATING
  YESTERDAY        0                         0      0        0
  MONTH TO DATE    0                         0      0        0
  SINCE SEP 1      0                         0      0        0
  SINCE JUL 1      0                         1     -1        3

 COOLING
  YESTERDAY        5                        10     -5       15
  MONTH TO DATE   62                        53      9       57
  SINCE SEP 1     62                        53      9       57
  SINCE JAN 1   1620                      1460    160     1451
..................................................................


WIND (MPH)
  HIGHEST WIND SPEED    30   HIGHEST WIND DIRECTION    NW (330)
  HIGHEST GUST SPEED    35   HIGHEST GUST DIRECTION    NW (330)
  AVERAGE WIND SPEED    13.4


SKY COVER
  POSSIBLE SUNSHINE  MM
  AVERAGE SKY COVER 0.6


WEATHER CONDITIONS
 THE FOLLOWING WEATHER WAS RECORDED YESTERDAY.
  NO SIGNIFICANT WEATHER WAS OBSERVED.


RELATIVE HUMIDITY (PERCENT)
 HIGHEST    90           900 PM
 LOWEST     59           500 AM
 AVERAGE    75

..........................................................


THE SALINA KS CLIMATE NORMALS FOR TODAY
                         NORMAL    RECORD    YEAR
 MAXIMUM TEMPERATURE (F)   86       104      1922
 MINIMUM TEMPERATURE (F)   63        42      1896


SUNRISE AND SUNSET
SEPTEMBER  6 2014.....SUNRISE   704 AM CDT   SUNSET   753 PM CDT
SEPTEMBER  7 2014.....SUNRISE   705 AM CDT   SUNSET   751 PM CDT


-  INDICATES NEGATIVE NUMBERS.
R  INDICATES RECORD WAS SET OR TIED.
MM INDICATES DATA IS MISSING.
T  INDICATES TRACE AMOUNT.




$$
