647
CDUS43 KICT 070630
CLISLN


CLIMATE REPORT
NATIONAL WEATHER SERVICE WICHITA KS
130 AM CDT FRI APR 7 2017


...................................

...THE SALINA KS CLIMATE SUMMARY FOR APRIL 6 2017...

CLIMATE NORMAL PERIOD 1981 TO 2010
CLIMATE RECORD PERIOD 1894 TO 2017


WEATHER ITEM   OBSERVED TIME   RECORD YEAR NORMAL DEPARTURE LAST
                VALUE   (LST)  VALUE       VALUE  FROM      YEAR
                                                  NORMAL
..................................................................
TEMPERATURE (F)
 YESTERDAY
  MAXIMUM         64    416 PM  89    1954  64      0       70
  MINIMUM         37    627 AM  17    1936  40     -3       47
  AVERAGE         51                        52     -1       59

PRECIPITATION (IN)
  YESTERDAY        0.00          1.70 2005   0.10  -0.10     0.02
  MONTH TO DATE    1.64                      0.55   1.09     0.07
  SINCE MAR 1      5.26                      2.94   2.32     0.77
  SINCE JAN 1      7.36                      4.74   2.62     2.01

DEGREE DAYS
 HEATING
  YESTERDAY       14                        13      1        6
  MONTH TO DATE   77                        84     -7       52
  SINCE MAR 1    537                       693   -156      470
  SINCE JUL 1   3205                      4534  -1329     3456

 COOLING
  YESTERDAY        0                         0      0        0
  MONTH TO DATE    0                         0      0        6
  SINCE MAR 1     11                         2      9       12
  SINCE JAN 1     11                         2      9       12
..................................................................


WIND (MPH)
  HIGHEST WIND SPEED    17   HIGHEST WIND DIRECTION     N (360)
  HIGHEST GUST SPEED    22   HIGHEST GUST DIRECTION     N (360)
  AVERAGE WIND SPEED     7.2


SKY COVER
  POSSIBLE SUNSHINE  MM
  AVERAGE SKY COVER 0.0


WEATHER CONDITIONS
 THE FOLLOWING WEATHER WAS RECORDED YESTERDAY.
  NO SIGNIFICANT WEATHER WAS OBSERVED.


RELATIVE HUMIDITY (PERCENT)
 HIGHEST    92           600 AM
 LOWEST     34           400 PM
 AVERAGE    63

..........................................................


THE SALINA KS CLIMATE NORMALS FOR TODAY
                         NORMAL    RECORD    YEAR
 MAXIMUM TEMPERATURE (F)   64        87      1908
 MINIMUM TEMPERATURE (F)   40        17      2009


SUNRISE AND SUNSET
APRIL  7 2017.........SUNRISE   706 AM CDT   SUNSET   800 PM CDT
APRIL  8 2017.........SUNRISE   704 AM CDT   SUNSET   801 PM CDT


-  INDICATES NEGATIVE NUMBERS.
R  INDICATES RECORD WAS SET OR TIED.
MM INDICATES DATA IS MISSING.
T  INDICATES TRACE AMOUNT.




$$
