000
CDUS43 KICT 010657
CLISLN


CLIMATE REPORT
NATIONAL WEATHER SERVICE WICHITA KS
156 AM CDT MON SEP 1 2014


...................................

...THE SALINA KS CLIMATE SUMMARY FOR AUGUST 31 2014...

CLIMATE NORMAL PERIOD 1981 TO 2010
CLIMATE RECORD PERIOD 1894 TO 2014


WEATHER ITEM   OBSERVED TIME   RECORD YEAR NORMAL DEPARTURE LAST
                VALUE   (LST)  VALUE       VALUE  FROM      YEAR
                                                  NORMAL
..................................................................
TEMPERATURE (F)
 YESTERDAY
  MAXIMUM        100    317 PM 108    1922  88     12       99
  MINIMUM         65   1156 PM  43    1915  65      0       73
  AVERAGE         83                        77      6       86

PRECIPITATION (IN)
  YESTERDAY        2.53          5.14 1977   0.12   2.41     0.00
  MONTH TO DATE    4.97                      3.95   1.02     5.00
  SINCE JUN 1     13.89                     12.35   1.54    13.00
  SINCE JAN 1     21.28                     24.34  -3.06    26.24

DEGREE DAYS
 HEATING
  YESTERDAY        0                         0      0        0
  MONTH TO DATE    0                         0      0        0
  SINCE JUN 1      1                         8     -7       10
  SINCE JUL 1      0                         1     -1        3

 COOLING
  YESTERDAY       18                        12      6       21
  MONTH TO DATE  526                       453     73      423
  SINCE JUN 1   1326                      1279     47     1253
  SINCE JAN 1   1558                      1407    151     1394
..................................................................


WIND (MPH)
  HIGHEST WIND SPEED    38   HIGHEST WIND DIRECTION     S (190)
  HIGHEST GUST SPEED    52   HIGHEST GUST DIRECTION     S (170)
  AVERAGE WIND SPEED    15.0


SKY COVER
  POSSIBLE SUNSHINE  MM
  AVERAGE SKY COVER 0.1


WEATHER CONDITIONS
 THE FOLLOWING WEATHER WAS RECORDED YESTERDAY.
  THUNDERSTORM
  HEAVY RAIN
  RAIN
  LIGHT RAIN
  FOG


RELATIVE HUMIDITY (PERCENT)
 HIGHEST    79           500 AM
 LOWEST     29           300 PM
 AVERAGE    54

..........................................................


THE SALINA KS CLIMATE NORMALS FOR TODAY
                         NORMAL    RECORD    YEAR
 MAXIMUM TEMPERATURE (F)   88       109      1922
 MINIMUM TEMPERATURE (F)   65        44      1949


SUNRISE AND SUNSET
SEPTEMBER  1 2014.....SUNRISE   700 AM CDT   SUNSET   801 PM CDT
SEPTEMBER  2 2014.....SUNRISE   701 AM CDT   SUNSET   759 PM CDT


-  INDICATES NEGATIVE NUMBERS.
R  INDICATES RECORD WAS SET OR TIED.
MM INDICATES DATA IS MISSING.
T  INDICATES TRACE AMOUNT.




$$
