000
CDUS43 KICT 090649
CLISLN


CLIMATE REPORT
NATIONAL WEATHER SERVICE WICHITA KS
148 AM CDT TUE MAY 9 2017


...................................

...THE SALINA KS CLIMATE SUMMARY FOR MAY 8 2017...

CLIMATE NORMAL PERIOD 1981 TO 2010
CLIMATE RECORD PERIOD 1894 TO 2017


WEATHER ITEM   OBSERVED TIME   RECORD YEAR NORMAL DEPARTURE LAST
                VALUE   (LST)  VALUE       VALUE  FROM      YEAR
                                                  NORMAL
..................................................................
TEMPERATURE (F)
 YESTERDAY
  MAXIMUM         87    321 PM  96    1895  74     13       MM
  MINIMUM         55    544 AM  32    1917  51      4       MM
  AVERAGE         71                        63      8       MM

PRECIPITATION (IN)
  YESTERDAY        0.00          1.18 1986   0.13  -0.13     0.00
  MONTH TO DATE    0.28                      1.03  -0.75     0.00
  SINCE MAR 1      7.55                      6.47   1.08     5.07
  SINCE JAN 1      9.65                      8.27   1.38     6.31

DEGREE DAYS
 HEATING
  YESTERDAY        0                         4     -4       MM
  MONTH TO DATE   32                        42    -10       38
  SINCE MAR 1    741                       969   -228      670
  SINCE JUL 1   3409                      4810  -1401     3656

 COOLING
  YESTERDAY        6                         2      4       MM
  MONTH TO DATE   13                        13      0        6
  SINCE MAR 1     64                        38     26       40
  SINCE JAN 1     64                        38     26       40
..................................................................


WIND (MPH)
  HIGHEST WIND SPEED    22   HIGHEST WIND DIRECTION     S (190)
  HIGHEST GUST SPEED    28   HIGHEST GUST DIRECTION     S (170)
  AVERAGE WIND SPEED    11.5


SKY COVER
  POSSIBLE SUNSHINE  MM
  AVERAGE SKY COVER 0.0


WEATHER CONDITIONS
 THE FOLLOWING WEATHER WAS RECORDED YESTERDAY.
  NO SIGNIFICANT WEATHER WAS OBSERVED.


RELATIVE HUMIDITY (PERCENT)
 HIGHEST    86           600 AM
 LOWEST     34           200 PM
 AVERAGE    60

..........................................................


THE SALINA KS CLIMATE NORMALS FOR TODAY
                         NORMAL    RECORD    YEAR
 MAXIMUM TEMPERATURE (F)   74       101      2011
 MINIMUM TEMPERATURE (F)   52        28      1923


SUNRISE AND SUNSET
MAY  9 2017...........SUNRISE   624 AM CDT   SUNSET   831 PM CDT
MAY 10 2017...........SUNRISE   623 AM CDT   SUNSET   832 PM CDT


-  INDICATES NEGATIVE NUMBERS.
R  INDICATES RECORD WAS SET OR TIED.
MM INDICATES DATA IS MISSING.
T  INDICATES TRACE AMOUNT.




$$
