000
CDUS43 KICT 140659
CLISLN


CLIMATE REPORT
NATIONAL WEATHER SERVICE WICHITA KS
158 AM CDT TUE JUL 14 2015


...................................

...THE SALINA KS CLIMATE SUMMARY FOR JULY 13 2015...

CLIMATE NORMAL PERIOD 1981 TO 2010
CLIMATE RECORD PERIOD 1894 TO 2015


WEATHER ITEM   OBSERVED TIME   RECORD YEAR NORMAL DEPARTURE LAST
                VALUE   (LST)  VALUE       VALUE  FROM      YEAR
                                                  NORMAL
..................................................................
TEMPERATURE (F)
 YESTERDAY
  MAXIMUM        105    336 PM 113    1954  93     12       91
  MINIMUM         75    558 AM  51    1975  69      6       70
  AVERAGE         90                        81      9       81

PRECIPITATION (IN)
  YESTERDAY        0.00          4.20 1993   0.16  -0.16      T
  MONTH TO DATE    1.79                      1.94  -0.15     0.58
  SINCE JUN 1      6.29                      6.05   0.24     8.77
  SINCE JAN 1     17.89                     18.04  -0.15    16.16

DEGREE DAYS
 HEATING
  YESTERDAY        0                         0      0        0
  MONTH TO DATE    0                         0      0        0
  SINCE JUN 1      0                         7     -7        1
  SINCE JUL 1      0                         0      0        0

 COOLING
  YESTERDAY       25                        16      9       16
  MONTH TO DATE  199                       204     -5      195
  SINCE JUN 1    639                       529    110      552
  SINCE JAN 1    729                       657     72      784
..................................................................


WIND (MPH)
  HIGHEST WIND SPEED    21   HIGHEST WIND DIRECTION     N (20)
  HIGHEST GUST SPEED    26   HIGHEST GUST DIRECTION     N (10)
  AVERAGE WIND SPEED     8.4


SKY COVER
  POSSIBLE SUNSHINE  MM
  AVERAGE SKY COVER 0.0


WEATHER CONDITIONS
 THE FOLLOWING WEATHER WAS RECORDED YESTERDAY.
  NO SIGNIFICANT WEATHER WAS OBSERVED.


RELATIVE HUMIDITY (PERCENT)
 HIGHEST    82           300 AM
 LOWEST     34           300 PM
 AVERAGE    58

..........................................................


THE SALINA KS CLIMATE NORMALS FOR TODAY
                         NORMAL    RECORD    YEAR
 MAXIMUM TEMPERATURE (F)   93       113      1954
 MINIMUM TEMPERATURE (F)   69        51      1987


SUNRISE AND SUNSET
JULY 14 2015..........SUNRISE   617 AM CDT   SUNSET   856 PM CDT
JULY 15 2015..........SUNRISE   618 AM CDT   SUNSET   855 PM CDT


-  INDICATES NEGATIVE NUMBERS.
R  INDICATES RECORD WAS SET OR TIED.
MM INDICATES DATA IS MISSING.
T  INDICATES TRACE AMOUNT.




$$

JMBW
