030
CDUS43 KICT 090630
CLISLN


CLIMATE REPORT
NATIONAL WEATHER SERVICE WICHITA KS
130 AM CDT SUN APR 9 2017


...................................

...THE SALINA KS CLIMATE SUMMARY FOR APRIL 8 2017...

CLIMATE NORMAL PERIOD 1981 TO 2010
CLIMATE RECORD PERIOD 1894 TO 2017


WEATHER ITEM   OBSERVED TIME   RECORD YEAR NORMAL DEPARTURE LAST
                VALUE   (LST)  VALUE       VALUE  FROM      YEAR
                                                  NORMAL
..................................................................
TEMPERATURE (F)
 YESTERDAY
  MAXIMUM         81    347 PM  91    1905  65     16       72
  MINIMUM         56    652 AM  20    1909  41     15       31
  AVERAGE         69                        53     16       52

PRECIPITATION (IN)
  YESTERDAY        0.00          0.80 1961   0.09  -0.09     0.00
  MONTH TO DATE    1.64                      0.73   0.91     0.07
  SINCE MAR 1      5.26                      3.12   2.14     0.77
  SINCE JAN 1      7.36                      4.92   2.44     2.01

DEGREE DAYS
 HEATING
  YESTERDAY        0                        13    -13       13
  MONTH TO DATE   89                       110    -21       73
  SINCE MAR 1    549                       719   -170      491
  SINCE JUL 1   3217                      4560  -1343     3477

 COOLING
  YESTERDAY        4                         0      4        0
  MONTH TO DATE    4                         0      4        6
  SINCE MAR 1     15                         2     13       12
  SINCE JAN 1     15                         2     13       12
..................................................................


WIND (MPH)
  HIGHEST WIND SPEED    23   HIGHEST WIND DIRECTION     S (200)
  HIGHEST GUST SPEED    29   HIGHEST GUST DIRECTION     S (170)
  AVERAGE WIND SPEED    15.3


SKY COVER
  POSSIBLE SUNSHINE  MM
  AVERAGE SKY COVER 0.0


WEATHER CONDITIONS
 THE FOLLOWING WEATHER WAS RECORDED YESTERDAY.
  NO SIGNIFICANT WEATHER WAS OBSERVED.


RELATIVE HUMIDITY (PERCENT)
 HIGHEST    72           600 AM
 LOWEST     49           400 PM
 AVERAGE    61

..........................................................


THE SALINA KS CLIMATE NORMALS FOR TODAY
                         NORMAL    RECORD    YEAR
 MAXIMUM TEMPERATURE (F)   65        95      1930
 MINIMUM TEMPERATURE (F)   41        21      1916


SUNRISE AND SUNSET
APRIL  9 2017.........SUNRISE   703 AM CDT   SUNSET   802 PM CDT
APRIL 10 2017.........SUNRISE   701 AM CDT   SUNSET   803 PM CDT


-  INDICATES NEGATIVE NUMBERS.
R  INDICATES RECORD WAS SET OR TIED.
MM INDICATES DATA IS MISSING.
T  INDICATES TRACE AMOUNT.




$$
