000
CDUS43 KICT 170620
CLISLN


CLIMATE REPORT
NATIONAL WEATHER SERVICE WICHITA KS
118 AM CDT WED MAY 17 2017


...................................

...THE SALINA KS CLIMATE SUMMARY FOR MAY 16 2017...

CLIMATE NORMAL PERIOD 1981 TO 2010
CLIMATE RECORD PERIOD 1894 TO 2017


WEATHER ITEM   OBSERVED TIME   RECORD YEAR NORMAL DEPARTURE LAST
                VALUE   (LST)  VALUE       VALUE  FROM      YEAR
                                                  NORMAL
..................................................................
TEMPERATURE (F)
 YESTERDAY
  MAXIMUM         88    127 PM  96    2001  76     12       57
  MINIMUM         70    615 AM  37    2011  54     16       50
  AVERAGE         79                        65     14       54

PRECIPITATION (IN)
  YESTERDAY        0.01          2.21 1995   0.16  -0.15     0.69
  MONTH TO DATE    0.87                      2.21  -1.34     1.07
  SINCE MAR 1      8.14                      7.65   0.49     6.14
  SINCE JAN 1     10.24                      9.45   0.79     7.38

DEGREE DAYS
 HEATING
  YESTERDAY        0                         3     -3       11
  MONTH TO DATE   39                        70    -31       74
  SINCE MAR 1    748                       997   -249      706
  SINCE JUL 1   3416                      4838  -1422     3692

 COOLING
  YESTERDAY       14                         3     11        0
  MONTH TO DATE   69                        34     35       17
  SINCE MAR 1    120                        59     61       51
  SINCE JAN 1    120                        59     61       51
..................................................................


WIND (MPH)
  HIGHEST WIND SPEED    32   HIGHEST WIND DIRECTION     S (200)
  HIGHEST GUST SPEED    40   HIGHEST GUST DIRECTION     S (190)
  AVERAGE WIND SPEED    20.2


SKY COVER
  POSSIBLE SUNSHINE  MM
  AVERAGE SKY COVER 0.5


WEATHER CONDITIONS
 THE FOLLOWING WEATHER WAS RECORDED YESTERDAY.
  LIGHT RAIN


RELATIVE HUMIDITY (PERCENT)
 HIGHEST    79           800 PM
 LOWEST     51          1200 PM
 AVERAGE    65

..........................................................


THE SALINA KS CLIMATE NORMALS FOR TODAY
                         NORMAL    RECORD    YEAR
 MAXIMUM TEMPERATURE (F)   77        93      2012
 MINIMUM TEMPERATURE (F)   54        37      2014


SUNRISE AND SUNSET
MAY 17 2017...........SUNRISE   616 AM CDT   SUNSET   838 PM CDT
MAY 18 2017...........SUNRISE   616 AM CDT   SUNSET   839 PM CDT


-  INDICATES NEGATIVE NUMBERS.
R  INDICATES RECORD WAS SET OR TIED.
MM INDICATES DATA IS MISSING.
T  INDICATES TRACE AMOUNT.




$$
