000
CDUS43 KICT 100642
CLISLN


CLIMATE REPORT
NATIONAL WEATHER SERVICE WICHITA KS
1241 AM CST TUE FEB 10 2015


...................................

...THE SALINA KS CLIMATE SUMMARY FOR FEBRUARY 9 2015...

CLIMATE NORMAL PERIOD 1981 TO 2010
CLIMATE RECORD PERIOD 1894 TO 2015


WEATHER ITEM   OBSERVED TIME   RECORD YEAR NORMAL DEPARTURE LAST
                VALUE   (LST)  VALUE       VALUE  FROM      YEAR
                                                  NORMAL
..................................................................
TEMPERATURE (F)
 YESTERDAY
  MAXIMUM         47   1224 AM  82    1976  45      2       26
  MINIMUM         32   1159 PM -13    2011  23      9       13
  AVERAGE         40                        34      6       20

PRECIPITATION (IN)
  YESTERDAY        0.00          0.44 1959   0.05  -0.05      T
  MONTH TO DATE    0.09                      0.33  -0.24     1.14
  SINCE DEC 1      3.19                      1.90   1.29     2.85
  SINCE JAN 1      1.29                      0.96   0.33     1.63

DEGREE DAYS
 HEATING
  YESTERDAY       25                        31     -6       45
  MONTH TO DATE  251                       288    -37      447
  SINCE DEC 1   2146                      2352   -206     2692
  SINCE JUL 1   3143                      3304   -161     3680

 COOLING
  YESTERDAY        0                         0      0        0
  MONTH TO DATE    0                         0      0        0
  SINCE DEC 1      0                         0      0        0
  SINCE JAN 1      0                         0      0        0
..................................................................


WIND (MPH)
  HIGHEST WIND SPEED    14   HIGHEST WIND DIRECTION     E (110)
  HIGHEST GUST SPEED    19   HIGHEST GUST DIRECTION    SE (130)
  AVERAGE WIND SPEED     6.9


SKY COVER
  POSSIBLE SUNSHINE  MM
  AVERAGE SKY COVER 0.6


WEATHER CONDITIONS
 THE FOLLOWING WEATHER WAS RECORDED YESTERDAY.
  FOG
  FOG W/VISIBILITY <= 1/4 MILE
  HAZE


RELATIVE HUMIDITY (PERCENT)
 HIGHEST   100           900 AM
 LOWEST     70          1200 AM
 AVERAGE    85

..........................................................


THE SALINA KS CLIMATE NORMALS FOR TODAY
                         NORMAL    RECORD    YEAR
 MAXIMUM TEMPERATURE (F)   45        76      1951
 MINIMUM TEMPERATURE (F)   23       -15      2011


SUNRISE AND SUNSET
FEBRUARY 10 2015......SUNRISE   728 AM CST   SUNSET   602 PM CST
FEBRUARY 11 2015......SUNRISE   727 AM CST   SUNSET   603 PM CST


-  INDICATES NEGATIVE NUMBERS.
R  INDICATES RECORD WAS SET OR TIED.
MM INDICATES DATA IS MISSING.
T  INDICATES TRACE AMOUNT.




$$

JMBW
